{"text_format":"1","workbook":"xlsx","n_sheets":4,"sheets":["FY17","FY18","Reports 2.0","LEA List"],"not_rendered":{"charts":0,"images":0,"macros":1,"external_links":2,"defined_names":8,"comments":2,"pivot_tables":0},"unopened":[],"bounds":{"document_bytes":16777216,"sheet_cells":100000,"rows_first":2000,"rows_last":500,"rows_between":2000,"halvings":0,"cell_chars":16384,"cell_head_chars":4096},"cells_cut":0,"cells_raw":0,"read":"whole","date_system":"1900"}

{"sheet":"FY17","index":0,"n_rows":444,"n_cols":41,"rows_kept":444,"cut":false,"hidden":true,"merged":[]}
[]
[]
[]
[]
[null,"Order","Lea","District","Lea","Op.","Curriculum Directors  (Supervisory) (2110) (line 3409, col 6)","Department Heads  (Non-Supervisory) (2120) (line 3419, col 6)","Instructional Technology Leadership and Training (2130) (line 3427, col 6) *","School Leadership-Building (2210) (line 3429, col 6)","Curriculum Leaders/Department Heads-Building Level (2220) (line 3439, col 6)","Building Technology (2250) (line 3449, col 6)","Teachers, Classroom (2305) (line 3450, col 6)","Teachers, Specialists  (2310) (line 3451, col 6)","Instructional Coordinators and Team Leaders (2315) (line 3464, col 6)","Medical/ Therapeutic Services (2320) (line 3469, col 6)","Substitutes, Long Term (2324) (line 3465, col 6)","Substitutes, Short Term (2325) (line 3469, col 6)","Non-Clerical Paraprofs./Instructional Assistants (2330) (line 3475, col 6)","Librarians and Media Center Directors (2340) (line 3479, col 6)","Distance Learning and Online Coursework (2345) (line 3486, col 6) *","Professional Development Leadership (2351) (line 3489, col 6)","Instructional Coaches (2352) (line 3495, col 6)","Teacher/Instructional Staff-Professional Days (2353) (line 3493, col 6)","Stipends for Teachers Providing Instructional Coaching (2354) (line 3497, col 6)","Substitutes for Instructional Staff at Prof. Development (2355) (line 3494, col 6)","Costs for Instructional Staff to Attend Prof. Dev. (2356) (line 3505, col 6)","Prof. Development Stipends, Providers and Expenses (2357) (line 3499, col 6)","Outside Professional Development for Instructional Staff (2358) (line 3509, col 6)","Textbooks and Related Software/Media/Materials (2410) (line 3509, col 6)","Other Instructional Materials (2415) (line 3519, col 6)","Instructional Equipment (2420) (line 3529, col 6)","General Supplies (2430) (line 3535, col 6)","Other Instructional Services (2440) (line 3544, col 6)","Classroom Instructional Technology (2451) (line 3548, col 6)","Other Instructional Hardware  (2453) (line 3552, col 6)","Instructional Software (2455) (line 3556, col 6)","Guidance Counselors and Adjustment Counselors (2710) (line 3569, col 6)","Testing and Assessment (2720) (line 3579, col 6)","Psychological Services (2800) (line 3589, col 6)","Total Instruction (2000) (line 3599, col 6)"]
[null,1,"0001","ABINGTON                     ","001",1,286416.76,0,0,1053683.03,0,8246.92,8937658.6099999994,509795,0,320139.61,0,118895.93999999999,1373048.59,83635.44,0,243435.89000000004,0,78590.33,0,0,0,92618.53,0,226402.47999999995,47673.45,24224.47,224430.72,877919.48,183572.57,22536.400000000001,21441.079999999998,366422.38999999996,0,366395.61,15467183.300000001]
[null,{"$f":"B6+1","v":2},"0002","ACTON                        ","002",0,0,0,0,0,0,0,0,0,0,0,0,0,0,0,0,0,0,0,0,0,0,0,0,0,0,0,0,0,0,0,0,0,0,0,0]
[null,3,"0003","ACUSHNET                     ","003",1,151304.63999999998,0,0,461855.55000000005,0,120186.5,4892512.2100000009,1027.5,16240.5,378130.47,0,105449.65000000001,465803.14,30178.76,0,0,0,37000,0,0,0,45062.5,0,115654.62,179.98,17567.890000000003,64361.420000000006,21055.050000000003,261527.72999999998,0,0,249674.49,0,123635.59,7558408.1900000013]
[null,4,"0004","ADAMS                        ","004",0,0,0,0,0,0,0,0,0,0,0,0,0,0,0,0,0,0,0,0,0,0,0,0,0,0,0,0,0,0,0,0,0,0,0,0]
[null,5,"0005","AGAWAM                       ","005",1,369808,0,0,1949101,140911,0,22129770,14544,565060,1217465,0,417613,3190244,574877,0,0,0,0,0,0,0,95368,0,338880,75822,16736,213399,9256,407400,3753,0,1483205,23648,574279,33811139]
[null,6,"0006","ALFORD                       ","006",0,0,0,0,0,0,0,0,0,0,0,0,0,0,0,0,0,0,0,0,0,0,0,0,0,0,0,0,0,0,0,0,0,0,0,0]
[null,7,"0007","AMESBURY                     ","007",1,389933.51,0,0,1392348.8000000003,0,0,12253197.619999999,0,0,278991.35999999999,0,234044.24000000002,1927260.17,318347.69,0,0,0,13500,0,0,0,79936.990000000005,0,125928.22,29544.07,87280.37999999999,168197.44,5818.12,10096.81,0,24876.78,827089.65,17225,161999,18345615.849999998]
[null,8,"0008","AMHERST                      ","008",1,282671,0,0,941117,0,9712,5794264,2560982,15389,540901,0,181975,2015545,305831,0,752,0,105147,0,37291,0,483887,0,1724,178118,16363,69654,51608,77536,0,4196,240752,0,451517,14366932]
[null,9,"0009","ANDOVER                      ","009",1,1635266,0,0,3514562,541885,355196,28436891,9724610,31193,2502269,0,351356,5818133,1162016,0,0,0,74659,0,75875,0,326380,0,393820,121890,172141,510097,63885,135656,2413,22731,2092516,0,1374883,59440323]
[null,10,"0010","ARLINGTON                    ","010",1,1532544.83,2999.88,0,2577079.94,16525.02,0,22181475.477049176,4535995.7336065564,744128.05,1449045.76,0,699463.15,2436978.9400000004,268887.21000000002,0,7454.75,0,483429.70901639346,0,0,0,265291.48,0,108389.10999999999,381456.22,28330.14,180756.78,45100.420000000006,90630.430000000008,0,50690,2187114.31,145020.85999999999,641587.41999999993,41060375.61967212]
[null,11,"0011","ASHBURNHAM                   ","011",0,0,0,0,0,0,0,0,0,0,0,0,0,0,0,0,0,0,0,0,0,0,0,0,0,0,0,0,0,0,0,0,0,0,0,0]
[null,12,"0012","ASHBY                        ","012",0,0,0,0,0,0,0,0,0,0,0,0,0,0,0,0,0,0,0,0,0,0,0,0,0,0,0,0,0,0,0,0,0,0,0,0]
[null,13,"0013","ASHFIELD                     ","013",0,0,0,0,0,0,0,0,0,0,0,0,0,0,0,0,0,0,0,0,0,0,0,0,0,0,0,0,0,0,0,0,0,0,0,0]
[null,14,"0014","ASHLAND                      ","014",1,248414.37,0,0,1254478,3555,23981.08,10624146.109999999,3457241.08,211797.62,784875.77,0,289497.65000000002,1109824.1200000001,91735.08,0,29781.25,0,6630,0,16247.5,0,207389.84,0,80072.77,4012.68,91163.39,218098.52000000002,188017.88000000003,16586.669999999998,0,0,1196473.92,0,390687.78,20544708.079999998]
[null,15,"0015","ATHOL                        ","015",0,0,0,0,0,0,0,0,0,0,0,0,0,0,0,0,0,0,0,0,0,0,0,0,0,0,0,0,0,0,0,0,0,0,0,0]
[null,16,"0016","ATTLEBORO                    ","016",1,401841.23000000004,8666.57,0,2866081.52,8100.75,65689.429999999993,28413769.349999994,229099.21999999997,0,1847247.31,0,661950.27600000007,3027859.2100000004,114892.69,0,438133.7,0,0,0,40293.699999999997,0,147972.97999999998,0,50889.4,15682.59,137210.47,107116.16000000002,900.98,149061.41999999998,178481.11,10947.9,1549041.8199999998,19426,473093.57000000007,40963449.355999991]
[null,17,"0017","AUBURN                       ","017",1,284919.21999999997,0,0,1313921.8999999999,71236.399999999994,113212.02000000002,10300901.470000001,1822745.14,344280.16000000003,607172.61,0,136955.74,1904795.6400000001,169058.24,0,166.44,0,296629,0,19855.21,0,166500.10999999999,0,168225.4,61735.89,21214,109235,63787,92164.08,0,152367.51,913835.72,0,159668.31,19294582.209999997]
[null,18,"0018","AVON                         ","018",1,132914,0,0,555754,0,92882,3622103,72746,8024,0,0,43000,178247,87976,0,0,0,20000,0,6800,0,44687,0,93712,4282,51797,69459,6517,75007,18554,70830,135997,1889,135381,5528558]
[null,19,"0019","AYER                         ","019",0,0,0,0,0,0,0,0,0,0,0,0,0,0,0,0,0,0,0,0,0,0,0,0,0,0,0,0,0,0,0,0,0,0,0,0]
[null,20,"0020","BARNSTABLE                   ","020",1,1227035.3400000001,180087.72,0,3302519.2500000005,1253166.8499999999,181422.61,21845158.25,5935532.79,0,2230095.35,0,1057744.04,2866675.4600000004,335730.68,0,0,0,0,0,0,0,265731.44,0,411299.71000000008,38637.24,360649.41,484087.69999999995,0,39900.44,163550.67000000001,9307,1697057.9000000001,81185.19,742116.11,44708691.149999999]
[null,21,"0021","BARRE                        ","021",0,0,0,0,0,0,0,0,0,0,0,0,0,0,0,0,0,0,0,0,0,0,0,0,0,0,0,0,0,0,0,0,0,0,0,0]
[null,22,"0022","BECKET                       ","022",0,0,0,0,0,0,0,0,0,0,0,0,0,0,0,0,0,0,0,0,0,0,0,0,0,0,0,0,0,0,0,0,0,0,0,0]
[null,23,"0023","BEDFORD                      ","023",1,376428.78999999992,0,0,2071785.5000000002,89743.62,774447.92000000016,13326151.850000001,5534981.8100000005,0,0,0,150942.16,1242155.6200000001,443405.46,0,53559.7,0,298351.83,0,100628,0,165355.74,0,134437.24000000002,43504.899999999994,30864.129999999997,286823.78999999992,307661.23,92530.12,0,0,1286810.54,13567.54,129083.79000000001,26953221.279999994]
[null,24,"0024","BELCHERTOWN                  ","024",1,583813,0,0,1223942,0,0,8472125,2282961,57099,638879,0,299433,1445232,262564,0,0,0,188478,0,0,0,131153,0,37878,23920,75037,203433,186186,87052,355,2853,923225,13429,175835,17314882]
[null,25,"0025","BELLINGHAM                   ","025",1,202897,0,0,1092587,38723,60087,9631928,2238355,289937,916675,0,243110,1174199,114308,0,136717,0,0,0,27224,0,105135,0,165254,32292,47125,64852,7193,35019,663,67240,601316,29558,200653,17523047]
[null,26,"0026","BELMONT                      ","026",1,1048424,0,0,2064654,0,629840,17178896,4752035,0,1321302,0,630287,1669843,266019,0,69773,0,145438,0,0,0,151539,0,120720,201353,55295,190477,474502,477093,103986,49105,1033617,19210,588687,33242095]
[null,27,"0027","BERKLEY                      ","027",1,149565,0,0,486084,0,85220,3706260,317199,0,144809,0,114051,370687,90077,0,0,0,126305,0,3230,0,35332,0,33814,0,25436,65651,26266,13027,43344,1189,39391,3184,42307,5922428]
[null,28,"0028","BERLIN                       ","028",1,72866,0,0,139660,0,30237,925256,324206,45600,58337,0,18570,176329,59477,0,653,0,0,0,0,0,16139,0,10660,949,30226,60082,0,52736,0,3950,0,0,75599,2101532]
[null,29,"0029","BERNARDSTON                  ","029",0,0,0,0,0,0,0,0,0,0,0,0,0,0,0,0,0,0,0,0,0,0,0,0,0,0,0,0,0,0,0,0,0,0,0,0]
[null,30,"0030","BEVERLY                      ","030",1,519387,0,0,1736587,42025,0,20069411,1564004,375013,1473904,0,644676,1631075,463109,0,55201,0,0,0,101635.17,0,89786,0,85151,5345,21221,118018.92,541875,11816,4224,0,1410937.53,103025,394328,31461754.620000005]
[null,31,"0031","BILLERICA                    ","031",1,1141457,0,0,2732299,41389,0,24013254,5344759,0,2414868,0,370097,3013260,434267,0,80188,0,539521,0,0,0,252471,0,226517,37050,187602,462746,74447,390093,0,111145,868746,17695,2192590,44946461]
[null,32,"0032","BLACKSTONE                   ","032",0,0,0,0,0,0,0,0,0,0,0,0,0,0,0,0,0,0,0,0,0,0,0,0,0,0,0,0,0,0,0,0,0,0,0,0]
[null,33,"0033","BLANDFORD                    ","033",0,0,0,0,0,0,0,0,0,0,0,0,0,0,0,0,0,0,0,0,0,0,0,0,0,0,0,0,0,0,0,0,0,0,0,0]
[null,34,"0034","BOLTON                       ","034",0,0,0,0,0,0,0,0,0,0,0,0,0,0,0,0,0,0,0,0,0,0,0,0,0,0,0,0,0,0,0,0,0,0,0,0]
[null,35,"0035","BOSTON                       ","035",1,10276609.49,760984.76,0,38631379.751373321,17556796.654222537,0,349031883.70748383,18085899.750440314,18074586.470000003,25046991.461251564,0,15271848.260000004,52690193.203723267,2557299.5300000003,0,233049.06,0,13960086.706930298,0,0,0,3059107.6,0,6515926.5898000002,78631.209999999992,96906.560000000012,0,11125283.260000002,2190820.96,0,0,8624451.9800000004,1417926.39,6181220.8845746918,601467884.23979974]
[null,36,"0036","BOURNE                       ","036",1,207584,343157.93,0,1251389,0,0,9063192,2404972,0,498435,0,183431,721327,205048,0,0,0,184405,0,13125,0,32461,0,53648,53386,4195,1074,117833,17875,0,18350,409169,30442,304631,16119129.93]
[null,37,"0037","BOXBOROUGH                   ","037",0,0,0,0,0,0,0,0,0,0,0,0,0,0,0,0,0,0,0,0,0,0,0,0,0,0,0,0,0,0,0,0,0,0,0,0]
[null,38,"0038","BOXFORD                      ","038",1,36382,1055,0,416423,284553,0,3705269,1209658,70112,295200,0,159983,624615,92421,0,0,0,0,0,0,0,118593,0,24706,98557,33301,31176,51056,95084,0,0,14600,0,95578,7458322]
[null,39,"0039","BOYLSTON                     ","039",1,71542,0,0,134915,0,32530,1100971,208135,45100,44559,0,75149,200556,43511,0,818,0,0,0,0,0,19438,0,14819,947,14760,10659,0,17301,0,1684,0,274,79185,2116853]
[null,40,"0040","BRAINTREE                    ","040",1,1436794.57,0,0,2636971.5500000003,0,0,23749902.790000003,8584668.5300000012,0,2104760.5399999996,0,744369.74,2353812.0099999998,453432.00000000006,0,164428.07999999999,0,0,0,0,0,48191.07,0,107034.57,13319.52,313059.18000000005,237291.34,34092,421357.15,0,92026.19,1101373.47,2613,1922423.5899999999,46521920.890000001]
[null,41,"0041","BREWSTER                     ","041",1,73893,0,0,431531,0,22556,3376764,29418,21338,301916,0,73618,991983.81,25590,0,9893,0,0,0,0,0,0,0,6971,21228,19124,25646,1538,28788,120,0,185519,3283,7315,5658032.8100000005]
[null,42,"0042","BRIDGEWATER                  ","042",0,0,0,0,0,0,0,0,0,0,0,0,0,0,0,0,0,0,0,0,0,0,0,0,0,0,0,0,0,0,0,0,0,0,0,0]
[null,43,"0043","BRIMFIELD                    ","043",1,0,0,0,146688,0,35719,1745414,0,0,149335,0,37906,201178,36019,0,0,0,29090,0,0,0,14042,0,22105,0,0,18357,266,0,19891,3960,130792,0,172,2590934]
[null,44,"0044","BROCKTON                     ","044",1,2585672.2299999995,653982.4,0,8234788.870000002,2163953.5099999998,1071146,87697768.330000013,0,856464.09,3058639.9999999995,0,1096806.81,10048469.280000003,303087.35999999999,0,367003.95000000007,0,0,0,0,0,353212.70999999996,0,123133.35,706442.87,59013,0,30177.35,0,2324947.87,769781.8,5997316.8399999999,182060.75999999998,2025941.99,130709811.37000002]
[null,45,"0045","BROOKFIELD                   ","045",1,0,0,0,178151,0,41793,1438647,0,0,118929,0,11471,244668,41793,0,0,0,23977,0,3547,0,14440,0,28107,0,1804,29644,0,0,0,8581,51469,3158,0,2240179]
[null,46,"0046","BROOKLINE                    ","046",1,2711093,0,0,5228459,26801,225397,48162041,10031713,153197,1093754,0,1611911,5224267,1137944,0,1017452,0,368507,0,5642,0,480802,0,511389,1089587,32714,37583,367910,1157605,0,187804,3692348,0,1334569,85890489]
[null,47,"0047","BUCKLAND                     ","047",0,0,0,0,0,0,0,0,0,0,0,0,0,0,0,0,0,0,0,0,0,0,0,0,0,0,0,0,0,0,0,0,0,0,0,0]
[null,48,"0048","BURLINGTON                   ","048",1,1979183.9100000001,0,0,2151389.58,696117.68,206165.34,21440337.010000002,7030785.8899999997,940308.92,322908.61000000004,0,571680.18999999994,2236213.23,554602.11,0,161086.56,0,574538.79999999993,0,39414.5,0,278604.16000000003,0,157019.73000000001,497177.63999999996,37686.730000000003,148444.9,35373.78,0,0,0,1205784.7800000003,0,304770.14999999997,41569594.199999988]
[null,49,"0049","CAMBRIDGE                    ","049",1,3291289.72,0,0,6312383.4299999997,941277.14,711514.21999999986,45311759.770000003,11542758.170000002,1299380.8999999999,4072407.38,0,2134070.17,7539111.6600000001,1585204.4699999997,0,0,0,0,0,115244.32,0,4438865.9799999995,0,172086.11,1722355.5299999998,45605.68,21063.07,2776281.7399999998,579962.43999999994,4427.34,249301.59999999998,3724476.8100000005,0,2026477.27,100617304.91999999]
[null,50,"0050","CANTON                       ","050",1,842835,0,0,1427221.38,143757,485029,19271518,0,0,1445108,0,445512,786772.22,284363,0,0,0,0,0,16356,0,289433,0,14901,12679,174027.84000000003,285266,25163,308761,2160,0,1241081,0,1015121,28517064.439999998]
[null,51,"0051","CARLISLE                     ","051",1,164882.43,0,0,374253.25000000006,0,44028.11,5011157.24,183698.23,0,549381.17000000004,0,75471.710000000006,441527.65,146904.21000000002,0,0,0,246010.59,0,25650,0,70182.52,0,0,76665.649999999994,39838.39,69501.210000000006,0,18677.439999999999,0,27479.86,0,23850.95,291677.12,7880837.7300000014]
[null,52,"0052","CARVER                       ","052",1,571237,0,0,888343,89036,9508,6864976,1682352,0,549489.91,0,176874,170562,201616,0,0,0,189940,0,0,0,90979,0,70123,15977,61613,112130.2,21939,0,0,72059,629327.89,29233,155685,12653000]
[null,53,"0053","CHARLEMONT                   ","053",0,0,0,0,0,0,0,0,0,0,0,0,0,0,0,0,0,0,0,0,0,0,0,0,0,0,0,0,0,0,0,0,0,0,0,0]
[null,54,"0054","CHARLTON                     ","054",0,0,0,0,0,0,0,0,0,0,0,0,0,0,0,0,0,0,0,0,0,0,0,0,0,0,0,0,0,0,0,0,0,0,0,0]
[null,55,"0055","CHATHAM                      ","055",0,0,0,0,0,0,0,0,0,0,0,0,0,0,0,0,0,0,0,0,0,0,0,0,0,0,0,0,0,0,0,0,0,0,0,0]
[null,56,"0056","CHELMSFORD                   ","056",1,1463560.6099999999,0,0,1913553,0,0,20737390.039999999,6463935,0,324485,0,538056,3730054,416525,0,0,0,0,0,0,0,121355,0,325275.53999999998,97283,307585.36999999994,476748.06000000006,244411.05,223306.53999999998,0,238203,1168360.54,0,499119,39289205.749999993]
[null,57,"0057","CHELSEA                      ","057",1,1236186.2899999998,15682.91,0,4352629.2500000009,0,37833.51,21752289.208234411,4069940.8341515716,0,1006245.3173770496,0,627883.77,3628591.13,345591.68,0,92093.010000000009,0,235070.97065573774,0,0,0,2309299.2295812252,0,323854.76999999996,55877.860000000015,147389.35,464853.99,616324.02,753239.55,0,230601.77,2058892.91,231102.3,341948.21,44933421.839999996]
[null,58,"0058","CHESHIRE                     ","058",0,0,0,0,0,0,0,0,0,0,0,0,0,0,0,0,0,0,0,0,0,0,0,0,0,0,0,0,0,0,0,0,0,0,0,0]
[null,59,"0059","CHESTER                      ","059",0,0,0,0,0,0,0,0,0,0,0,0,0,0,0,0,0,0,0,0,0,0,0,0,0,0,0,0,0,0,0,0,0,0,0,0]
[null,60,"0060","CHESTERFIELD                 ","060",0,0,0,0,0,0,0,0,0,0,0,0,0,0,0,0,0,0,0,0,0,0,0,0,0,0,0,0,0,0,0,0,0,0,0,0]
[null,61,"0061","CHICOPEE                     ","061",1,333327,1352628,0,5593443,6158,432692,40800394,0,156371,1628912,0,736571,6503786,327627,0,70901,0,1003426.28,0,287,0,18213,0,58929,5081,126045,416188,364082,71728,0,0,1192697,50858,697157,61947501.280000001]
[null,62,"0062","CHILMARK                     ","062",0,0,0,0,0,0,0,0,0,0,0,0,0,0,0,0,0,0,0,0,0,0,0,0,0,0,0,0,0,0,0,0,0,0,0,0]
[null,63,"0063","CLARKSBURG                   ","063",1,48661,0,0,123848,0,3728,826588,54816,0,55468,0,11474,154011,0,0,0,0,0,0,0,0,14719,0,7319,0,0,15642,14676,16985,0,0,16984,0,14800,1379719]
[null,64,"0064","CLINTON                      ","064",1,160078.72,42809.4,0,838345.19000000006,0,0,8646500.1899999995,432874,169984.04,760034.25,0,150627.07,580169.65,127317.73999999999,0,0,0,0,0,0,0,69367.430000000008,0,89328.58,73861.700000000012,18447.84,21792.3,14854.64,39713.21,0,12949.29,585131.65999999992,10712,161965.05000000002,13006863.950000001]
[null,65,"0065","COHASSET                     ","065",1,276480.52,185165.36,0,836108.69000000006,70584.759999999995,0,9103587.7699999996,518797.12,1530,483702.66,0,142394.07,599172.84,196381.33000000002,0,650,0,0,0,0,0,114809.5,0,62136.39,31124.690000000002,37235.350000000006,173201.49,50409.1,16635.79,5033.8,14464.05,605753.64,29520.79,141108.34,13695988.049999999]
[null,{"$f":"B70+1","v":66},"0066","COLRAIN                      ","066",0,0,0,0,0,0,0,0,0,0,0,0,0,0,0,0,0,0,0,0,0,0,0,0,0,0,0,0,0,0,0,0,0,0,0,0]
[null,67,"0067","CONCORD                      ","067",1,227951.19,23183.86,0,1448447.32,235982.2,0,15577445.030000001,403067.1,92429.66,1411607.1700000002,0,172856.4,3771819.48,495556.42,0,0,0,92092.67,0,11400,0,358277.24,0,61729.389999999992,29940.42,50886.6,443307.83999999991,143664.86000000002,493034.3,11960.75,0,727859.95000000007,15866.26,286035.74,26586401.850000009]
[null,68,"0068","CONWAY                       ","068",1,44545,0,0,139614,0,3616,575410,127588,0,99928,0,22364,78754,64803,0,0,0,10428,0,0,0,12255,0,2059,7347,3128,18215,13951,945,24354,8483,0,3316,71215,1332318]
[null,69,"0069","CUMMINGTON                   ","069",0,0,0,0,0,0,0,0,0,0,0,0,0,0,0,0,0,0,0,0,0,0,0,0,0,0,0,0,0,0,0,0,0,0,0,0]
[null,70,"0070","DALTON                       ","070",0,0,0,0,0,0,0,0,0,0,0,0,0,0,0,0,0,0,0,0,0,0,0,0,0,0,0,0,0,0,0,0,0,0,0,0]
[null,71,"0071","DANVERS                      ","071",1,1023852.11,0,0,1829242.5399999996,8079.01,0,20429789.199999999,4950,26314.2,640886,0,368517.63999999996,2086523.19,282797.25,0,302.64999999999998,0,928626.78,0,75907.87,0,122379.81,0,307422.66000000009,86487.44,462152.37,260336.02,0,0,0,203314.4,1340279.6399999999,24066.11,417958.94,30930185.830000002]
[null,72,"0072","DARTMOUTH                    ","072",1,536146,0,0,2125131,0,1751,20469246.18,229986,36410,813697.00000000012,0,300410,1786236,303204,0,0,0,0,0,0,0,230851,0,255785,40294,0,347685,79340,343918,0,0,1477830,26931,379320,29784171.18]
[null,73,"0073","DEDHAM                       ","073",1,524635.15,0,0,1567881.95,0,0,12939282.940000001,5489973.04,463207.69999999995,1359829.3099999998,0,532986.49000000011,1848702.3900000001,442542.92,0,5415.11,0,360449.97000000009,0,18287.5,0,470557.87000000005,0,169987.85000000003,38161.490000000005,69281.19,391864.54999999993,14686.86,83426.720000000001,0,162655.07999999999,1254964.79,20900.75,420661.22,28650342.839999996]
[null,74,"0074","DEERFIELD                    ","074",1,119915,0,0,266988,0,12227,1442387,517758,0,259724,0,55268,255017,45165,0,0,0,26335,0,0,0,40215,0,8523,9232,9109,34300,64220,72,20973,16891,35004,8654,71693,3319670]
[null,75,"0075","DENNIS                       ","075",0,0,0,0,0,0,0,0,0,0,0,0,0,0,0,0,0,0,0,0,0,0,0,0,0,0,0,0,0,0,0,0,0,0,0,0]
[null,76,"0076","DIGHTON                      ","076",0,0,0,0,0,0,0,0,0,0,0,0,0,0,0,0,0,0,0,0,0,0,0,0,0,0,0,0,0,0,0,0,0,0,0,0]
[null,77,"0077","DOUGLAS                      ","077",1,228376,0,0,720413.06,51276.23,0,5582732.0999999996,0,0,368144.24,0,87293,903845.72000000009,35428.54,0,0,0,0,0,0,0,30271.98,0,112333.07999999999,86613.33,37956.18,2050.08,0,127272.03,0,18847.32,355844.88,14831.830000000002,136026,8899555.6000000015]
[null,78,"0078","DOVER                        ","078",1,172636.72,0,0,350742.59,20717.669999999998,0,2737116.28,770711,0,257841,0,43701.96,609921.5,108861.4,0,0,0,35595.53,0,0,0,12667.17,0,37302.120000000003,5285.89,11537.54,71697.709999999992,23017.460000000003,5224.6100000000006,0,0,96335.96,0,104941,5475855.1100000003]
[null,79,"0079","DRACUT                       ","079",1,324033,0,0,1417619,0,0,12088535.58,2671850,37417,417498,0,296172,1696735,43475,0,1292,0,346524.13,0,13911,0,126388,0,48563,11746,13392,220426,16645,0,75512,18979,473511,0,328630,20688853.709999997]
[null,80,"0080","DUDLEY                       ","080",0,0,0,0,0,0,0,0,0,0,0,0,0,0,0,0,0,0,0,0,0,0,0,0,0,0,0,0,0,0,0,0,0,0,0,0]
[null,81,"0081","DUNSTABLE                    ","081",0,0,0,0,0,0,0,0,0,0,0,0,0,0,0,0,0,0,0,0,0,0,0,0,0,0,0,0,0,0,0,0,0,0,0,0]
[null,82,"0082","DUXBURY                      ","082",1,191234.08999999997,0,0,1655560.85,648206.18000000005,0,14164712.650000002,3796888.39,0,562507.17000000004,0,316127.43,976347.49,317899.40000000002,0,0,0,0,0,0,0,201340.41,0,52621.520000000004,434792.37,23600.68,3748.26,4154.54,382681.5,36132.199999999997,358643.39,1119993.71,0,407824.73000000004,25655016.960000005]
[null,83,"0083","EAST BRIDGEWATER             ","083",1,115436,0,0,915916,94500,0,9834913,0,82000,653731,0,164211,354388,140356,0,150,0,0,0,0,0,38639,0,95408,75045,27358,57689,99306,127287,0,22885,782460,21575,448333,14151586]
[null,84,"0084","EAST BROOKFIELD              ","084",0,0,0,0,0,0,0,0,0,0,0,0,0,0,0,0,0,0,0,0,0,0,0,0,0,0,0,0,0,0,0,0,0,0,0,0]
[null,85,"0085","EASTHAM                      ","085",1,18717,0,0,212082,0,16432,1777672,20796,10920,130560,0,53395,283588,37897,0,4738,0,0,0,0,0,5227,0,9916,11069,8998,17110,7093,20411,40721,1044,76709,2660,4985,2772740]
[null,86,"0086","EASTHAMPTON                  ","086",1,223235.51,0,0,861844.88,14287,0,6287877.5599999987,22305.629999999997,0,129402.64,0,123966.97,992085.72,69644.100000000006,0,0,0,266.08000000000004,0,0,0,22854.19,0,64393.090000000004,37417.090000000004,2263.0299999999997,71545.699999999983,39661.35,80826.850000000006,0,0,413738.92000000004,2495.5,234836.77999999997,9694948.5899999943]
[null,87,"0087","EAST LONGMEADOW              ","087",1,330029.95,75550.710000000006,0,1292049.8600000001,60837,1145.1600000000001,12109640.85,2683347.92,0,1449153.28,0,213356.16,1549362.1400000001,246381.66999999998,0,449137.27,0,275038.99999999994,0,16624,0,42447.45,0,206533.75999999998,56920.14,73167.710000000006,243925.12000000002,296745.8,43331.38,1626.51,61344.04,1044129.8499999999,0,268347.21999999997,23090173.950000007]
[null,88,"0088","EASTON                       ","088",1,265705.47000000003,0,0,1819645.4999999998,296955.02999999997,220095.11,18712736.399999999,835723.24,0,1418246.34,0,376261.64,1395525.82,304632.56000000006,0,9031.2599999999984,0,0,0,30076.5,0,255962.06,0,339750.49000000005,22441.949999999997,120547.72999999998,328922.83999999997,89760.599999999991,327724.76,0,0,1135819.93,0,632779.31999999995,28938344.549999997]
[null,89,"0089","EDGARTOWN                    ","089",1,107001,0,0,456000,0,75913,3224478,258713,77268,56233,0,58607,1018589,113907,0,0,0,37860,0,90,0,43864,0,38552,10662,13526,67837,78329,33884,10472,8374,215733,0,55804,6061696]
[null,90,"0090","EGREMONT                     ","090",0,0,0,0,0,0,0,0,0,0,0,0,0,0,0,0,0,0,0,0,0,0,0,0,0,0,0,0,0,0,0,0,0,0,0,0]
[null,91,"0091","ERVING                       ","091",1,25242.16,0,0,158349,0,0,802142,369378,34543,184920,0,22001,360463,68054,0,0,0,0,0,1495,0,18341,0,18929,7362,4602,13329,31984,0,0,9229,0,316,74177,2204856.16]
[null,92,"0092","ESSEX                        ","092",0,0,0,0,0,0,0,0,0,0,0,0,0,0,0,0,0,0,0,0,0,0,0,0,0,0,0,0,0,0,0,0,0,0,0,0]
[null,93,"0093","EVERETT                      ","093",1,852005,1540871,0,3586022,7875,434000,38540640,0,0,2600454,0,1144261,2216346,621174,0,0,0,1215570,0,0,0,209816,0,258755,16388,214188,2381596,0,0,49764,0,1394584,0,188654,57472963]
[null,94,"0094","FAIRHAVEN                    ","094",1,245799.19999999998,6705.5,0,1257654.76,0,14093.779999999999,8472624.1799999997,1084806.1499999999,0,0,0,230979.37,815625.32000000007,46794.53,0,13854.05,0,0,0,0,0,66425.45,0,24537.82,2194.9900000000002,9029.39,163531.42000000001,168196.85,20060.27,298047.33,90677.13,647544.32999999996,6390.53,138048.5,13823620.85]
[null,95,"0095","FALL RIVER                   ","095",1,0,705402,0,5167632,727736,34539,44340717,0,0,2157255,0,919696,5140363,0,0,32000,0,0,0,0,0,554166,0,462820,0,0,331325,1250973,0,0,0,3221610,0,841661,65887895]
[null,96,"0096","FALMOUTH                     ","096",1,531835,0,0,2127107.75,1168170,0,21750862,0,0,354395,0,366979,2253867,469671,0,0,0,219707,0,50042,0,57030,0,166601,74795,132581,349214,391750.75,128615,6416,32006,1493801,9501,462250,32597196.5]
[null,97,"0097","FITCHBURG                    ","097",1,524408.19999999995,0,0,2579997,780774.74,0,23399242.310000006,54371,0,982450.11,0,522820.94,2463142.4100000006,74133.490000000005,0,22013,0,546062.20000000019,0,83475,0,10854,0,0,574.85,3367,0,7721,0,0,0,1268837.3810000003,6371,657164.37,33987780.001000009]
[null,98,"0098","FLORIDA                      ","098",1,23560,0,0,110748,0,2429,485838,49870,0,38982,0,3049,106493,0,0,0,0,0,0,2144,0,5922,0,2037,0,10,24769,172,12130,0,0,1018,0,3333,872504]
[null,99,"0099","FOXBOROUGH                   ","099",1,653711.1399999999,0,0,1607209.68,381698.43,7304.43,13211749.49,3553128.17,74533.959999999992,348283.31,0,187467.75999999998,1175125.02,224940.74,0,0,0,459597,0,8767.5,0,157815.55000000002,0,208959.50999999998,43719.020000000004,71502.98,264428.12,17413.73,36786.299999999996,0,1544.88,1159956.6100000003,27199.13,277305.39,24160147.850000001]
[null,100,"0100","FRAMINGHAM                   ",100,1,1884669,211338,0,5717321,988118,33294,35224725,19694097,120801,3852065,0,995679,7590440,346684,0,200903,0,0,0,66340,0,432444,0,65307,106328,478547,730131,20744,108208,0,41757,3338543,38778,973420,83260681]
[null,101,"0101","FRANKLIN                     ",101,1,601595.01,0,0,3390626.13,0,764,22996690,6887620,0,2722739,0,494742,1138286,203148,0,0,0,584149,0,70300,0,674984,0,182627,25886,109849,415477,8369,275882,0,13698,1215810,8179,846131,42867551.140000001]
[null,102,"0102","FREETOWN","102",0,0,0,0,0,0,0,0,0,0,0,0,0,0,0,0,0,0,0,0,0,0,0,0,0,0,0,0,0,0,0,0,0,0,0,0]
[null,103,"0103","GARDNER                      ",103,1,184950,0,0,1285608,0,8518,10734284,0,0,552890,0,240556,1114854,0,0,0,0,330932,0,0,0,43476,0,13765,238351,12021,51747,53643,33449,0,220505,900030,38771,166495,16224845]
[null,104,"0104","GAY HEAD                     ",104,0,0,0,0,0,0,0,0,0,0,0,0,0,0,0,0,0,0,0,0,0,0,0,0,0,0,0,0,0,0,0,0,0,0,0,0]
[null,105,"0105","GEORGETOWN                   ",105,1,322116.51999999996,0,0,679082.43,0,159395.22,5868120.8300000001,1202419.72,0,530013.57000000007,0,218946.07,640366.42999999993,123958.89,0,82410,0,0,0,0,0,72147.91,0,89594.95,95299.62000000001,4477.54,73045.05,105237.18,167101.19,0,899,447439.88,17638.8,0,10899710.799999999]
[null,106,"0106","GILL                         ",106,0,0,0,0,0,0,0,0,0,0,0,0,0,0,0,0,0,0,0,0,0,0,0,0,0,0,0,0,0,0,0,0,0,0,0,0]
[null,107,"0107","GLOUCESTER                   ",107,1,253493.96,0,0,1888234.65,0,332886.7,14560853.010000002,4302576.3900000006,119548.34,996966.1399999999,0,388268.17000000004,2337763.38,51976.91,0,766.96,0,73210.240000000005,0,0,0,344150.94,0,230827.56,0,42912.009999999995,214036.54000000004,10248.5,44002.37,0,14630.869999999999,505625.79000000004,21300.659999999996,407223.54999999993,27141503.640000004]
[null,108,"0108","GOSHEN                       ",108,0,0,0,0,0,0,0,0,0,0,0,0,0,0,0,0,0,0,0,0,0,0,0,0,0,0,0,0,0,0,0,0,0,0,0,0]
[null,109,"0109","GOSNOLD                      ","109",1,0,0,0,0,0,0,42230,0,0,2394,0,0,0,0,0,0,0,0,0,0,0,0,0,521,204,0,941,8747,0,0,0,1540,0,0,56577]
[null,110,"0110","GRAFTON                      ",110,1,274413.06,0,0,1643010.3299999998,52926.239999999998,659895.48,12912284.34771171,3802911.5005315319,242848.93999999994,517761.12,0,423458.95000000013,2503998.2400000002,164173.20000000001,0,0,0,269986.96962162165,0,725,0,79077.17,0,79768.620000000024,5467.77,44008.24,171661.52999999997,8262.380000000001,0,0,0,419688.75000000006,0,372363.83999999991,24648691.677864864]
[null,111,"0111","GRANBY                       ",111,1,154002.62,0,0,450455.25999999995,0,0,3754430.06,0,0,426260.6,0,44614.07,411083.92000000004,115279.61,0,0,0,125,0,3432.5,0,1251.9000000000001,0,2607.4,427.77,76840.950000000012,13941.15,164326.57,7045.44,0,1700,349487.32,0,255058.91,6232371.0500000017]
[null,112,"0112","GRANVILLE                    ",112,0,0,0,0,0,0,0,0,0,0,0,0,0,0,0,0,0,0,0,0,0,0,0,0,0,0,0,0,0,0,0,0,0,0,0,0]
[null,113,"0113","GREAT BARRINGTON             ",113,0,0,0,0,0,0,0,0,0,0,0,0,0,0,0,0,0,0,0,0,0,0,0,0,0,0,0,0,0,0,0,0,0,0,0,0]
[null,114,"0114","GREENFIELD                   ",114,1,263485.85000000003,0,0,1147125.92,0,0,7165838.3000000007,254315.12,0,54316.19,0,89062.87,1354778.93,0,0,36833.39,0,45897.07,0,0,0,52147.65,0,1418.78,110467.22,985,72187.260000000009,134502.06,3935.91,0,3468.61,848842,5759.77,0,11645367.899999999]
[null,115,"0115","GROTON                       ",115,0,0,0,0,0,0,0,0,0,0,0,0,0,0,0,0,0,0,0,0,0,0,0,0,0,0,0,0,0,0,0,0,0,0,0,0]
[null,116,"0116","GROVELAND                    ",116,0,0,0,0,0,0,0,0,0,0,0,0,0,0,0,0,0,0,0,0,0,0,0,0,0,0,0,0,0,0,0,0,0,0,0,0]
[null,117,"0117","HADLEY                       ",117,1,160358.21000000002,0,0,322279.45,0,158449.10999999999,2636207.19,0,0,0,0,64842.5,349844.97,98060.26,0,0,0,0,0,0,0,119463.67999999999,0,21667.750000000004,0,0,32122.649999999998,107850.68999999999,0,0,0,69542.27,6167.25,64329.4,4211185.38]
[null,118,"0118","HALIFAX                      ",118,1,48910.409999999996,0,0,265971.78000000003,0,0,3046035.66,0,0,81408.990000000005,0,22078.03,188086.37,50554.18,0,0,0,68181.42,0,0,0,20298.55,0,94140.23,56503.7,0,0,1360,0,0,0,0,0,125736.59000000001,4069265.91]
[null,119,"0119","HAMILTON                     ",119,0,0,0,0,0,0,0,0,0,0,0,0,0,0,0,0,0,0,0,0,0,0,0,0,0,0,0,0,0,0,0,0,0,0,0,0]
[null,120,"0120","HAMPDEN                      ",120,0,0,0,0,0,0,0,0,0,0,0,0,0,0,0,0,0,0,0,0,0,0,0,0,0,0,0,0,0,0,0,0,0,0,0,0]
[null,121,"0121","HANCOCK                      ",121,1,30008.46,0,0,69667.86,0,0,352504.11,25164.959999999999,0,0,0,2467.5,76996.87,0,0,0,0,0,0,0,0,988,0,4627.1400000000003,0,0,6935.48,0,1791,0,0,0,0,0,571151.38]
[null,122,"0122","HANOVER                      ",122,1,259997.08,0,0,1419153.5,406624.28,0,15056621.609999999,270559.01,0,0,0,586405.31999999995,1583038.66,220701.26,0,0,0,0,0,0,0,111736.9,0,82612.23000000001,13300.62,7401.02,213741.91000000003,116728.37999999999,0,0,63134.41,811731.51,0,258236,21481723.700000003]
[null,123,"0123","HANSON                       ",123,0,0,0,0,0,0,0,0,0,0,0,0,0,0,0,0,0,0,0,0,0,0,0,0,0,0,0,0,0,0,0,0,0,0,0,0]
[null,124,"0124","HARDWICK                     ",124,0,0,0,0,0,0,0,0,0,0,0,0,0,0,0,0,0,0,0,0,0,0,0,0,0,0,0,0,0,0,0,0,0,0,0,0]
[null,125,"0125","HARVARD                      ",125,1,156762.93,4200,0,692435.7100000002,97924.76999999999,278323.51,5715367,264659,0,52162.94,0,159903.97999999998,648033.70000000007,116480.86,0,0,0,235170,0,0,0,124018.57,0,130420.54,110334.5,33504.879999999997,0,17250,0,0,8253.84,357581.65,0,0,9202788.3800000008]
[null,126,"0126","HARWICH                      ",126,0,0,0,0,0,0,0,0,0,0,0,0,0,0,0,0,0,0,0,0,0,0,0,0,0,0,0,0,0,0,0,0,0,0,0,0]
[null,127,"0127","HATFIELD                     ",127,1,63309,0,0,310075,0,0,2176273,102484,22377,151141,0,43016,179176,72756,0,0,0,50358,0,0,0,3067,0,55061,3624,0,19764,34493,0,0,0,196667,695,26000,3510336]
[null,128,"0128","HAVERHILL                    ",128,1,855442,34709,0,3651849,54939,0,30776396,1242622,157162,2195821,0,469130,3800579,269946,0,76258,0,0,0,0,0,69085,0,82920,308941,172014,372901,74898,65181,219391,0,1849077,924957,876156,48600374]
[null,129,"0129","HAWLEY                       ",129,0,0,0,0,0,0,0,0,0,0,0,0,0,0,0,0,0,0,0,0,0,0,0,0,0,0,0,0,0,0,0,0,0,0,0,0]
[null,{"$f":"B134+1","v":130},"0130","HEATH                        ",130,0,0,0,0,0,0,0,0,0,0,0,0,0,0,0,0,0,0,0,0,0,0,0,0,0,0,0,0,0,0,0,0,0,0,0,0]
[null,131,"0131","HINGHAM                      ",131,1,746208,0,0,2248072,0,868201.55,23075127.530000001,528520,40908,1228366,0,515923,2657055,647740,0,0,0,0,0,40948,0,202005,0,548095,42564,39616,270243,13528,0,0,0,1885103,19791,414398,36032412.079999998]
[null,132,"0132","HINSDALE                     ",132,0,0,0,0,0,0,0,0,0,0,0,0,0,0,0,0,0,0,0,0,0,0,0,0,0,0,0,0,0,0,0,0,0,0,0,0]
[null,133,"0133","HOLBROOK                     ",133,1,159108.31,25000,0,618092.15,74426.42,0,5447943.79,19835.620000000003,25463.96,399060.8,0,168866.81,67883.989999999991,73616.7,0,0,0,0,0,0,0,29372.26,0,87547.67,2088.17,0,38081.510000000009,150369.54,212.38,0,0,432132.79000000004,0,129591.37,7948694.2399999993]
[null,134,"0134","HOLDEN                       ",134,0,0,0,0,0,0,0,0,0,0,0,0,0,0,0,0,0,0,0,0,0,0,0,0,0,0,0,0,0,0,0,0,0,0,0,0]
[null,135,"0135","HOLLAND                      ",135,1,0,0,0,153214,0,12738,952382,0,0,98471,0,105431,85640,9888,0,0,0,19133,0,0,0,10059,0,14127,1492,1304,12058,0,0,0,4174,54542,0,11853,1546506]
[null,136,"0136","HOLLISTON                    ",136,1,707349.35000000009,508157.21,0,1382603.4900000002,67094.060000000012,305628.34999999998,11713737.799999999,3493666.5,84832.52,662777.10000000009,0,449191.61999999994,1868168.5799999998,128294.58,0,20100,0,391963.12,0,0,0,91372.48000000001,0,92196.5,183135.47999999998,34131.430000000008,56665.43,24643.32,210892.42000000004,0,4987.8100000000004,1280373.73,114322.31000000003,121650.23000000001,23997935.419999998]
[null,137,"0137","HOLYOKE                      ",137,1,786278.29000000015,0,0,3979391.7400000007,97906.389999999985,0,22165542.699999999,2512004.04,821768.4,1980463.6,0,789861.12,5045836.87,0,0,0,0,0,0,0,0,51179.020000000004,0,17132.5,412465.94,61831.259999999995,0,1309666.4100000001,120157.15,43875.42,20925,1527979.57,46848.480000000003,361715.84,42152829.740000002]
[null,138,"0138","HOPEDALE                     ",138,1,147626,0,0,539064,0,4751,4718198,1292384,197607,399934,0,87816,729927,134404,0,0,0,0,0,0,0,44405,0,20955,5023,25966,91000,14877,10930,220,11573,302627,0,177730,8957017]
[null,139,"0139","HOPKINTON                    ",139,1,171454.35,0,0,1700375.6599999997,0,0,18209976.609999999,4363193.4499999993,0,1224882.31,0,232088.9,1334801.27,362137.54000000004,0,0,0,0,0,18962.66,0,251570.59999999995,0,146404.56999999998,171193.66000000003,23422.520000000004,178059.38,21077.15,481547.23,21558.31,97611,1495712.69,12140,311492.23,30829662.089999992]
[null,140,"0140","HUBBARDSTON                  ",140,0,0,0,0,0,0,0,0,0,0,0,0,0,0,0,0,0,0,0,0,0,0,0,0,0,0,0,0,0,0,0,0,0,0,0,0]
[null,141,"0141","HUDSON                       ",141,1,413762,324896.39000000007,0,1437795,102500,11230.43,13663724,3611768.1399999997,45377,1908505.57,0,352266,1783254,287720.2,0,594115.09000000008,0,288041,0,12168,0,163559,0,27950,144158.42000000001,30772,77826,1445.9,42992.800000000003,1002,34288.130000000005,790830,36855,708666,26897468.07]
[null,142,"0142","HULL                         ",142,1,162018,0,0,952304,0,263279,5075589,1449150,16033,0,0,111516,316577,74127,0,40921,0,71917,0,0,0,0,0,89528,48180,0,47868,60460,221859,0,0,397384,10817,171696,9581223]
[null,143,"0143","HUNTINGTON                   ",143,0,0,0,0,0,0,0,0,0,0,0,0,0,0,0,0,0,0,0,0,0,0,0,0,0,0,0,0,0,0,0,0,0,0,0,0]
[null,144,"0144","IPSWICH                      ",144,1,224291,81645,0,1194570,34300,44457.93,10683308.200000001,225184,302433,1312414.17,0,220700,837238,229246,0,58169.93,0,0,0,22371,0,126909.12,0,86181,111878.09,58969.26,170935.21,203505.75,288406.15999999997,8196,41833,609139.72,21665,256377,17454323.539999999]
[null,145,"0145","KINGSTON                     ",145,1,96991.840000000011,0,0,504911.37,0,0,4770230.2300000004,0,0,124181,0,71130.819999999992,303740.11,192122.71,0,0,0,106005.11,0,0,0,22255.55,0,208726.74,91912.58,0,0,3344.81,0,0,0,0,0,427013.81,6922566.6800000006]
[null,146,"0146","LAKEVILLE","146",0,0,0,0,0,0,0,0,0,0,0,0,0,0,0,0,0,0,0,0,0,0,0,0,0,0,0,0,0,0,0,0,0,0,0,0]
[null,147,"0147","LANCASTER                    ",147,0,0,0,0,0,0,0,0,0,0,0,0,0,0,0,0,0,0,0,0,0,0,0,0,0,0,0,0,0,0,0,0,0,0,0,0]
[null,148,"0148","LANESBOROUGH                 ",148,1,38283.46,13583.6,0,136955.08000000002,0,39288.18,1018746,165681.01,0,129369,0,22281,166665,32239.24,0,1149.95,0,0,0,0,0,5309.48,0,0,69069.61,0,0,31774.81,0,0,0,25280.2,0,34473,1930148.62]
[null,149,"0149","LAWRENCE                     ",149,1,2723104,0,0,15110702.220000001,0,0,66195268.529999994,25713,1317994,1393709,0,1598614,9545874.5000000019,176873,0,124018,0,0,0,0,0,864173.89,0,120657.70999999999,9184.57,0,3699702.8600000003,149712.23499999999,349659,0,0,3609314.5,0,894443,107908718.01499999]
[null,150,"0150","LEE                          ",150,1,134032.84,0,0,351976.22000000003,77595,26154.36,3598487.5500000003,215363.14,0,262235.3,0,125463.85,581114.51,140913.74,0,0,0,99957.999999999985,0,0,0,17072.43,0,14643.08,63930.68,50849.450000000004,11489.01,3197.75,983.03,39487.33,64997.35,268589.28000000003,0,137820.31,6286354.209999999]
[null,151,"0151","LEICESTER                    ",151,1,254459,0,0,943404,66667,0,7439952,232464,56037,124468,0,120422,788366,183707,0,34033,0,297197,0,7726,0,56933,0,110254,39051,65410,28769,6975,106654,0,0,341889,12344,441529,11758710]
[null,152,"0152","LENOX                        ",152,1,140343.78,0,0,476669.85000000003,0,0,4281217.05,114424.58000000002,128295.24,24825.980000000003,0,119610.25,596621.27,93862.040000000008,0,0,0,70959.069999999992,0,5667.5,0,52475.539999999994,0,64628.54,15079.35,93358.459999999992,140735.9,51646.51,175095.19999999998,3786.13,41393.339999999997,238144.04,8698.5,11180.85,6948718.9699999997]
[null,153,"0153","LEOMINSTER                   ",153,1,416947,390584,0,3407421,112668,0,29472278,151182,0,889556,0,507169,4812158,367324,0,26002,0,621768,0,0,0,66083,0,584686,43839,65175,72933,35703,66796,302,8917,1421573,274528,565755,44381347]
[null,154,"0154","LEVERETT                     ",154,1,23718,0,0,135006,0,0,507638,232096,0,88979,0,19611,149289,34940,0,0,0,0,0,100,0,7022,0,6427,2994,0,11922,3736,0,0,18365,0,1183,41913,1284939]
[null,155,"0155","LEXINGTON                    ",155,1,3465397.2299999995,608671.39,0,5669477.870000001,0,0,44664335.000000007,2735222.2600000002,84356.18,4012344.74,0,1741594.5999999999,6416487.0300000012,977660.67,0,87175.96,0,0,0,47605.52,0,1321253.4500000002,0,546175.79999999981,151692.13999999998,570887.06000000017,803002.73999999987,103440.98999999999,317610.68,54026.81,146239.6,4121141.1899999995,0,673887.8,79319686.709999993]
[null,156,"0156","LEYDEN                       ",156,0,0,0,0,0,0,0,0,0,0,0,0,0,0,0,0,0,0,0,0,0,0,0,0,0,0,0,0,0,0,0,0,0,0,0,0]
[null,157,"0157","LINCOLN                      ",157,1,99456,0,0,458659,162861,111542,4078876,1215996,159310,330425,0,47281,292287,128777,0,0,0,135009,0,6798,0,119533,0,39263,37193,27463,68624,102045,137121,0,16535,0,4440,240568,8020062]
[null,158,"0158","LITTLETON                    ",158,1,320057.21999999997,0,0,834774.45999999985,0,109453.37000000001,6189448.6100000003,1701742.3699999999,99573.25,566890.76,0,181139.64999999997,1038945,107660.58,0,0,0,0,0,0,0,214999.37000000002,0,86239.44,194363.61999999997,0,0,35163.440000000002,74943.739999999991,0,0,445121,8138.06,405994.46,12614648.399999999]
[null,159,"0159","LONGMEADOW                   ",159,1,241641.86000000002,2531.38,0,1599020.7700000003,89353.17,88600.26999999999,13054008.490000002,3394953.7100000004,3391.96,1172075.6499999994,0,302168.07,2019238.3600000003,290220.19,0,78629.450000000026,0,459714.90999999992,0,26721.360000000001,0,273293.76,0,75193.069999999992,59753.390000000007,41901.629999999997,148163.57999999999,17837.86,25128.75,127874.73999999999,230100.26,884740.99,130969.11,150510.6,24987737.34]
[null,160,"0160","LOWELL                       ",160,1,1159536.1499999999,0,0,8634353.2489999998,927218.04,191444.25,74846004.941,169291.96000000002,1711651.36,3835643.2199999997,0,2072814.84,9086146.4050000031,741808.48,0,0,0,0,0,0,0,1257272.1800000004,0,152514.77000000002,10800.75,0,1074991.67,1686539.7099999995,794672.12,65964.87,71951.38,3201509.34,15199,1206243.99,112913572.675]
[null,161,"0161","LUDLOW                       ",161,1,720493,276215,0,1422466,67838,0,10170910,3882084,0,1069860,0,364499,1749493,391524,0,3954,0,312290,0,23226,0,19551,0,51162,30910,39721,151781,34229,244555,4939,0,867341,8154,271346,22178541]
[null,162,"0162","LUNENBURG                    ",162,1,436743,0,0,825091,0,0,6528905,1544888,22496,615719,0,244270,697167,154471,0,0,0,0,0,0,0,8698,0,677,45201,26185,42141,1944,25505,0,0,431896,0,143689,11795686]
[null,163,"0163","LYNN                         ",163,1,1344816,0,0,6959202.7199999997,2162534,692728,72534468,0,0,3205393,0,2868038,6513944,387990,0,2697978,0,18851,0,0,0,0,0,1857649,1004714.44,25927,334924,293324,22901,0,0,2955559,1206109,969008,108056058.16]
[null,164,"0164","LYNNFIELD                    ",164,1,381405.9,0,0,1167155.0999999996,375071.05000000005,154664.28,13286387.520000001,590556.61999999988,0,574793.27,0,369393.41000000003,954272.37999999989,320022.69000000006,0,0,0,0,0,0,0,97512.799999999988,0,81936.56,20950.509999999998,47340.31,227099.86,0,30654.27,5778.83,0,450632.86,20318.79,527997.89,19683944.899999995]
[null,165,"0165","MALDEN                       ",165,1,855766.32000000007,0,0,3527351.0700000003,333027.06,399163.26,24342244.57,8230047.3700000001,196483.44,2329544.1199999996,0,673508.32,3899644.9000000008,90350,0,0,0,0,0,0,0,177289.61,0,30970.469999999998,0,73509.789999999994,225127.80999999997,75344.88,1236389.9400000002,0,0,2481163.2999999998,17857.18,497891.44,49692674.849999987]
[null,166,"0166","MANCHESTER                   ",166,0,0,0,0,0,0,0,0,0,0,0,0,0,0,0,0,0,0,0,0,0,0,0,0,0,0,0,0,0,0,0,0,0,0,0,0]
[null,167,"0167","MANSFIELD                    ",167,1,519586.46,0,0,2248568.6599999997,343046.69999999995,187562.28,22867241.48,637526.5,499446.61000000004,1543318.2999999998,0,576250.82000000007,1504611.31,219211.58000000002,0,24449.02,0,490713.78,0,0,0,533239.65,0,185663.57,26092.14,55847.540000000008,429988.22000000003,0,212351.55000000002,0,0,1017597.25,6601.2,840242.14999999991,34969156.769999996]
[null,168,"0168","MARBLEHEAD                   ",168,1,1022506,0,0,1650438,0,301774,15016156,3699674,485167,1263688,0,255244,2617639,360553,0,11032,0,0,0,0,0,87052,0,55447,37860,27306,229536,16903,255305,0,0,1133823,10470,482483,29020056]
[null,169,"0169","MARION                       ",169,1,36802.89,0,0,271506.79000000004,0,47080.36,2804678.0700000003,0,0,0,0,56156.49,400819.67,72149,0,0,0,0,0,0,0,71136.819999999992,0,25817.7,0,0,54238.33,61679.75,38111.21,0,0,45375.01,0,191707.63,4177259.72]
[null,170,"0170","MARLBOROUGH                  ",170,1,2412603.61,189528.74,0,2199523.1399999997,651339.57999999996,0,22021256.149999999,6693349.8700000001,46113.08,2051882.29,0,199027.21,4673376.88,329815.51,0,-0.12,0,67817.52,0,37946.410000000003,0,216717.99,0,505322.41,66397.399999999994,24640.28,181418.43,93430.909999999989,0,0,0,1971563.7999999998,56771.5,481491.88,45171334.469999991]
[null,171,"0171","MARSHFIELD                   ",171,1,641329.94999999995,0,0,2439287.0999999996,336476.04000000004,61848.340000000004,19369248.949999999,2778841.46,28048.799999999999,1381532.68,0,783271.94,2898952.38,162934.16999999998,0,0,0,40538.75,0,330,0,149311.15000000002,0,213951.3,18042.990000000002,162997.38,262724.36,74509.87999999999,53839.76,12286.08,22286.1,1185436.8700000001,17257.22,591095.18999999994,33686378.839999996]
[null,172,"0172","MASHPEE                      ",172,1,251480,0,0,1091574,33243,25645,9655984,0,78602,572478,0,197184,919839,239686,0,22165,0,353646,0,45609,0,127076,0,58714,93023,43181,107315,148528,88856,17632,35387,891601,16304,272620,15387372]
[null,173,"0173","MATTAPOISETT                 ",173,1,45474.85,0,0,367541.81,0,94294.62,3035968.5799999996,0,0,0,0,69895.98000000001,579478.23,85382.6,0,0,0,0,0,0,0,63668.47,0,0,4074.36,0,29684.28,40916.85,20021.099999999999,0,0,82472.929999999993,0,153099.42000000001,4671974.0799999982]
[null,174,"0174","MAYNARD                      ",174,1,125964.61,485038.58,0,873734.77999999991,82796.12,0,6449279.8499999996,1239602.75,39754,457610.79000000004,0,210405.05000000002,840812.94,194212.01,0,29404.620000000003,0,0,0,0,0,15944.2,0,63705.36,2915.23,58622.33,120665.40000000002,13061.300000000001,103340.48999999999,0,6504.82,568188.22,46193.33,201380.81,12229137.590000002]
[null,175,"0175","MEDFIELD                     ",175,1,394808.89,57776.5,0,1465242.21,117770.26,131501.12,14377808,1505457,91898.05,775542.46,0,356631.98,940953.83,496942.02,0,132740.91999999998,0,395659,0,72530,0,45250.2,0,109516.67000000001,72283.759999999995,2509.06,266230.61000000004,20446.689999999999,210407.4,0,52445.07,981267.33000000007,31662.12,366703.43,23471984.580000002]
[null,176,"0176","MEDFORD                      ",176,1,2020164.1999999997,0,0,2299445.23,0,0,26925813.010000013,1976581.8699999999,826290.36,1620226.98,0,413192.13,2141290.7999999998,421022.51,0,96409.919999999998,0,0,0,0,0,2129,0,317565.94999999995,25749.7,298356.65000000002,189494.79,22032.9,0,0,0,1720664.4400000002,0,635485.58000000007,41951916.020000011]
[null,177,"0177","MEDWAY                       ",177,1,747122.79999999993,0,0,1246404.45,0,193366.88,10677125.98,1425121.17,371082,760612.03,0,356411.63,1107590,152811,0,92770,0,324197,0,6102.5,0,128547.15000000001,0,75308.11,7271.5,25860.319999999996,50395.630000000005,42284.729999999996,0,0,179237.13,683305.2,0,424962.93,19077890.139999993]
[null,178,"0178","MELROSE                      ",178,1,848885.17,0,0,1488425.72,375753.75,0,11470070.42,3445818.02,0,1317452.3899999999,0,252673.93000000002,1292883.3,118762.01999999999,0,0,0,269762.01000000007,0,0,0,51572.61,0,83168.050000000017,82942.44,141105.21999999997,84141.92,0,0,0,0,524384.06000000006,0,592351.5,22440152.530000005]
[null,179,"0179","MENDON                       ",179,0,0,0,0,0,0,0,0,0,0,0,0,0,0,0,0,0,0,0,0,0,0,0,0,0,0,0,0,0,0,0,0,0,0,0,0]
[null,180,"0180","MERRIMAC                     ",180,0,0,0,0,0,0,0,0,0,0,0,0,0,0,0,0,0,0,0,0,0,0,0,0,0,0,0,0,0,0,0,0,0,0,0,0]
[null,181,"0181","METHUEN                      ",181,1,1550222,0,0,3146670,887351,451044,29136876,5450971,0,2298099,0,866488,2538860,572981,0,8093,0,390670,0,4750,0,36371,0,152998,0,261049,120577,67097,270935,0,86900,1980454,65684,937471,51282611]
[null,182,"0182","MIDDLEBOROUGH                ",182,1,560807.35,0,0,1601992.2800000003,44488.82,177963.08,12894327.880000001,2712728.4,367818.62,924813.99,0,252572.75,1603389.2400000002,159126.35999999999,0,0,0,37184.910000000003,0,27590.12,0,134564.43,0,56758.32,13358.12,84641.66,56340.89,82497.420000000013,394786.26999999996,0,192529.68,911615.71,15910.38,478949.41000000003,23786756.09]
[null,183,"0183","MIDDLEFIELD                  ",183,0,0,0,0,0,0,0,0,0,0,0,0,0,0,0,0,0,0,0,0,0,0,0,0,0,0,0,0,0,0,0,0,0,0,0,0]
[null,184,"0184","MIDDLETON                    ",184,1,43822,1249,0,360905,157250,0,3453097,836158,160135,264497,0,167049,568765,107524,0,0,0,0,0,0,0,88955,0,17182,102232,632,35139,23227,100706,0,0,33642,0,159792,6681958]
[null,185,"0185","MILFORD                      ",185,1,672544,0,0,1853696,71342,137049,24199992,895127,565460,9825,0,567832,2160980,246684,0,0,0,0,0,0,0,112521,0,35990,23227,31009,490035.52,62204,16224,13506,0,1526465,0,537313,34229025.519999996]
[null,186,"0186","MILLBURY                     ",186,1,328496,0,0,1008198,0,0,9687990,166719,51360,284710,0,322750,905486,120511,0,0,0,237165,0,0,0,95203,0,36140,0,0,198996,45439,423705,1659,0,550127,20511,205993,14691158]
[null,187,"0187","MILLIS                       ",187,1,272610,0,0,668679,0,74627,6010667,997977,158438,679698,0,104110,405853,217863,0,62686,0,29879,0,0,0,46687,0,28086,147014,32247,28421,0,89955,0,57746,379083,24671,58734,10575731]
[null,188,"0188","MILLVILLE                    ",188,0,0,0,0,0,0,0,0,0,0,0,0,0,0,0,0,0,0,0,0,0,0,0,0,0,0,0,0,0,0,0,0,0,0,0,0]
[null,189,"0189","MILTON                       ",189,1,1471199.0400000003,254914.63000000003,0,1662711.6299999997,0,129.99,19100512.600000001,4230721.66,637792.77,656099.02,0,506896.15800000005,1172078.46,277587.90999999997,0,0,0,450525.37,0,0,0,142830.03000000003,0,286056.05,17435.34,74932.62000000001,161548.93000000002,79611.460000000006,37543.479999999996,0,23869.02,1345479.48,0,200509.72,32790985.368000004]
[null,190,"0190","MONROE                       ",190,0,9769,0,0,0,0,0,0,0,0,0,0,0,0,0,0,0,0,0,0,0,0,492,0,0,0,0,0,0,0,0,0,0,0,0,10261]
[null,191,"0191","MONSON                       ",191,1,210736,0,0,746719,0,105243,4739501,0,34998,337290,0,209965,811663,91896,0,0,0,221410,0,0,0,40695,0,2878,8660,0,88159,10344,5822,0,0,477990,4190,96538,8244697]
[null,192,"0192","MONTAGUE                     ",192,0,0,0,0,0,0,0,0,0,0,0,0,0,0,0,0,0,0,0,0,0,0,0,0,0,0,0,0,0,0,0,0,0,0,0,0]
[null,193,"0193","MONTEREY                     ",193,0,0,0,0,0,0,0,0,0,0,0,0,0,0,0,0,0,0,0,0,0,0,0,0,0,0,0,0,0,0,0,0,0,0,0,0]
[null,{"$f":"B198+1","v":194},"0194","MONTGOMERY                   ",194,0,0,0,0,0,0,0,0,0,0,0,0,0,0,0,0,0,0,0,0,0,0,0,0,0,0,0,0,0,0,0,0,0,0,0,0]
[null,195,"0195","MOUNT WASHINGTON             ",195,0,0,0,0,0,0,0,0,0,0,0,0,0,0,0,0,0,0,0,0,0,0,0,0,0,0,0,0,0,0,0,0,0,0,0,0]
[null,196,"0196","NAHANT                       ",196,1,2250,0,0,136897,0,6000,683090,0,0,0,0,14764,86100,4583,0,0,0,0,0,0,0,7315,0,5689,7926,7908,36432,16896,0,17348,14887,18703,0,76482,1143270]
[null,197,"0197","NANTUCKET                    ",197,1,428936,22566,0,1186845,0,333424,9685125,2038947,30356,740494,0,123181,1255320,243491,0,164268,0,450318,0,3000,0,190225,0,116765,28073,6672,147726,48941,395865,4016,102853,686190,8120,0,18441717]
[null,198,"0198","NATICK                       ",198,1,599005.64,0,0,2944839.2800000003,662273.31000000006,893.63,26140520.690000001,1106848.5000000002,517139.25,1836505.5799999998,0,612954.15,2678343.64,520643.10000000003,0,198432.02000000002,0,0,0,0,0,393366.78000000009,0,433786.04000000004,894673.21,118656.41000000003,288851.83,133932.20000000001,1451.73,0,13014.68,1793645.77,50881.270000000004,828494.04,42769152.750000007]
[null,199,"0199","NEEDHAM                      ",199,1,1192505.1000000001,0,0,3479542,1381954,389748.3,27762869,7646066.2000000002,233354,988853.4,0,332997,3087343.6,976465,0,405081,0,110776,0,29253,0,453700.4,0,26134,147787,185791.9,670460,365439,1089456,51238,82891,2340287,210385,443228,54083604.899999999]
[null,200,"0200","NEW ASHFORD                  ",200,0,0,0,0,0,0,0,0,0,0,0,0,0,0,0,0,0,0,0,0,0,0,0,0,0,0,0,0,0,0,0,0,0,0,0,0]
[null,201,"0201","NEW BEDFORD                  ",201,1,696337,0,0,5843096,98786,63864,60343377,302984,191805,2315421,0,1020430,5300041,206240,0,0,0,965433,0,0,0,76351,0,839083,45463,93426,575816,357693,1408019,123506,101804,4352147,47694,5711434,91080250]
[null,202,"0202","NEW BRAINTREE                ",202,0,0,0,0,0,0,0,0,0,0,0,0,0,0,0,0,0,0,0,0,0,0,0,0,0,0,0,0,0,0,0,0,0,0,0,0]
[null,203,"0203","NEWBURY                      ",203,0,0,0,0,0,0,0,0,0,0,0,0,0,0,0,0,0,0,0,0,0,0,0,0,0,0,0,0,0,0,0,0,0,0,0,0]
[null,204,"0204","NEWBURYPORT                  ",204,1,723323.16999999993,0,0,1362382.6399999997,0,272792.03000000003,13590267.68,341038.99,177686.33,532729.09,0,426400.93,660622.75,208946.91999999998,0,0,0,175419.59,0,0,0,142513.18,0,60217.1,169932.44999999995,215705.91999999998,29411.96,138045.66,18191.96,0,12607.69,842478.21000000008,11415.48,0,20112129.730000008]
[null,205,"0205","NEW MARLBOROUGH              ",205,0,0,0,0,0,0,0,0,0,0,0,0,0,0,0,0,0,0,0,0,0,0,0,0,0,0,0,0,0,0,0,0,0,0,0,0]
[null,206,"0206","NEW SALEM                    ",206,0,0,0,0,0,0,0,0,0,0,0,0,0,0,0,0,0,0,0,0,0,0,0,0,0,0,0,0,0,0,0,0,0,0,0,0]
[null,207,"0207","NEWTON                       ",207,1,1353288,1070860,0,8464927,2107368,314266,75340501,9203506,1030928,4602667,0,2167072,17078727,1775678,0,906734,0,92171,0,66630,0,3078199,0,302453,863276,177669,114396,623101,753860,34104,22501,5731276,85590,2748463,140110211]
[null,208,"0208","NORFOLK                      ",208,1,221981,0,0,593289,0,155541,4364304,1212816,0,337814,0,139277,817591,110858,0,0,0,98027,0,6534,0,163306,0,53739,16241,46164,190575,2382,561,0,129,167380,135,163312,8861956]
[null,209,"0209","NORTH ADAMS                  ",209,1,492375.47,43937.279999999999,0,1092895.48,18509.14,75795.650000000009,5700370.8399999999,1473504.8399999999,129080.12,409244.11,0,193138.18,630886,116596.06999999999,0,18525.05,0,51538.029999999992,0,0,0,48330.92,0,142892.10999999999,33240.15,11606.539999999999,74890.510000000009,4309.2000000000007,0,0,22043.09,468376.93999999994,474.8,18974.919999999998,11271535.439999996]
[null,210,"0210","NORTHAMPTON                  ",210,1,387068,44488,0,1557249,0,370,12925793,382951,66737,1101089,0,172247,1014383,279349,0,80333,0,0,0,7473,0,150338,0,15260,221372,76963,65437,100828,26903,205652,42733,1074993,35310,321368,20356687]
[null,211,"0211","NORTH ANDOVER                ",211,1,416262.79000000004,26354.609999999997,0,1876875.7100000002,203777.55,10370.630000000001,20614386.019999996,2997349.4000000004,392234.81,1045417.8600000002,0,0,2979402.2800000003,283720.12,0,5188.76,0,0,0,0,0,76910.559999999998,0,348890.20999999996,6014.42,99859.23,119569.97,20805.810000000001,4773.04,0,1359.9,1237996.78,16850.7,194502.52000000002,32978873.679999992]
[null,212,"0212","NORTH ATTLEBOROUGH           ",212,1,616942.59,0,0,1854714.7500000002,0,440296.16,20321218.57,112256.26,0,1568614,0,443939.24,2166741.4,166848.87,0,0,0,0,0,0,0,78601.600000000006,0,40800.049999999996,12135.059999999998,84006.13,563386.97999999986,25422.679999999997,99437.67,0,142259.13,672552.37000000011,1384.24,457184.18000000005,29868741.93]
[null,213,"0213","NORTHBOROUGH                 ",213,1,160323.19999999998,0,0,1050441.3500000003,32599.989999999998,125550.56,9523207.9233622998,2019885.7566377018,0,543875.13,0,187498.62,1975289.44,454792.95,0,32475.969999999998,0,17684.78,0,24027.49,0,40367.440000000002,0,131717,14723.429999999998,48203.249999999993,94550.06,1950,80859.45,8982.869999999999,36954.659999999996,187959.74,0,729281.24999999988,17523202.309999999]
[null,214,"0214","NORTHBRIDGE                  ",214,1,274136.27,0,0,1168259,0,131950.46999999997,8521148,2282312.8200000003,347124.94,403185.25,0,311939.38,1203162.03,140688,0,16740.95,0,224065.92000000001,0,2502,0,38225.660000000003,0,6624,130073.60000000001,17269.669999999998,55629.75,170643.71,77058.350000000006,0,0,603361.02,0,173482.14,16299582.93]
[null,215,"0215","NORTH BROOKFIELD             ",215,1,117641.25,0,0,251516.79,60605.03,0,2186156,474097.67,0,195981.61,0,83227.649999999994,268289.02999999997,31243.16,0,7819.74,0,30395.040000000005,0,0,0,10266.800000000001,0,31087.61,1073,37307.020000000004,4150.7299999999996,0,667.96,0,0,203647.45,0,38599.519999999997,4033773.06]
[null,216,"0216","NORTHFIELD                   ",216,0,0,0,0,0,0,0,0,0,0,0,0,0,0,0,0,0,0,0,0,0,0,0,0,0,0,0,0,0,0,0,0,0,0,0,0]
[null,217,"0217","NORTH READING                ",217,1,607290.2100000002,101616,0,1278395.2899999998,14277,0,12849681.4,1915083.5,489680.99,964854.05999999994,0,224450.35000000003,1365040.24,145752,0,58615.97,0,184118.43999999997,0,9482,0,69351.37,0,180333.57,39888.949999999997,84103.33,177466.86999999997,0,55801.539999999994,2221.88,27325.789999999997,462821.58,21756.51,443992.44000000006,21773401.279999997]
[null,218,"0218","NORTON                       ",218,1,482697,0,0,1127674,39087,14030,9804238,3297256,28113,804301,0,198191,222064.65,79308,0,0,0,12780,0,0,0,86058,0,21308,200478,108842,45443,0,19718,0,40137,1390346,19441,289131,18330641.649999999]
[null,219,"0219","NORWELL                      ",219,1,359279.79000000004,700,0,1285844.8300000003,0,0,11544774.100000001,1639136.19,346211.68000000005,751131.21,0,158960.65,750556.62999999989,333338.98,0,0,0,0,0,35032,0,122599.85,0,183690.4,29284.630000000005,73432.47,121095.34000000001,3682.6800000000003,480254.02,0,0,811915.1100000001,4905,160329.09,19196154.649999999]
[null,220,"0220","NORWOOD                      ",220,1,357086.39,495610.81,0,1581940.7400000002,502750.24,87061.94,19503232.450000003,560646.77,0,1115421.98,0,400341.84,1567760.29,486416.95,0,0,0,451527.94,0,0,0,103345.3,0,206594.21,201666.84,17761.920000000002,34037.67,4904.3999999999996,0,0,0,1101789.1499999999,1259.9100000000001,261360.97999999998,29042518.720000006]
[null,221,"0221","OAK BLUFFS                   ",221,1,126571,0,0,407008,0,66733,3478670,306031,26238,53930,0,67238,770724,124163,0,0,0,41316,0,6210,0,34034,0,17110,7592,15184,37363,35344,30468.78,0,0,193194,0,66010,5911131.7800000003]
[null,222,"0222","OAKHAM                       ",222,0,0,0,0,0,0,0,0,0,0,0,0,0,0,0,0,0,0,0,0,0,0,0,0,0,0,0,0,0,0,0,0,0,0,0,0]
[null,223,"0223","ORANGE                       ",223,1,91432,0,0,304107,41549,59712,2169230,81777,33440,317523,0,136722,503002,0,0,0,0,0,0,0,0,18654,0,924,40185,0,21415,0,2352,26857,11198,271202,6009,69106,4206396]
[null,224,"0224","ORLEANS                      ",224,1,17062,0,0,195942,0,17724,1853838,3339,10990,103388,0,96636.29,312995,88308,0,5001,0,0,0,0,0,2707,0,11855,6136,10059,18493,1672,16283,675.52,0,85653,503,8149,2867408.81]
[null,225,"0225","OTIS                         ",225,0,0,0,0,0,0,0,0,0,0,0,0,0,0,0,0,0,0,0,0,0,0,0,0,0,0,0,0,0,0,0,0,0,0,0,0]
[null,226,"0226","OXFORD                       ",226,1,423951.93,0,0,963923.80999999994,0,14693.52,6485557.4100000001,1296308.6400000001,331471.44,419195.15,0,99355.3,516789.85000000003,129329.81,0,0,0,0,0,0,0,60970.880000000005,0,52874.770000000004,47613.100000000006,0,32581.42,93588.1,2134.9899999999998,40225.49,25905.08,603334.15000000014,13190.98,57041.3,11710037.120000003]
[null,227,"0227","PALMER                       ",227,1,175870.2,0,0,815056,0,114241.68,6276957,1069845.32,0,261988,0,152387,421822,63629,0,0,0,0,0,0,0,5984,0,57279.97,14798.48,28365.93,55842.789999999994,261931.86,0,0,0,491029.04,0,54140,10321168.269999998]
[null,228,"0228","PAXTON                       ",228,0,0,0,0,0,0,0,0,0,0,0,0,0,0,0,0,0,0,0,0,0,0,0,0,0,0,0,0,0,0,0,0,0,0,0,0]
[null,229,"0229","PEABODY                      ",229,1,710551,0,0,2442715,0,0,26451627,6575164,568205,510773,0,898550,2878243,234836,0,61160,0,1037178,0,0,0,31306,0,139573,16138,357954,371715,60183,341792,0,0,2172382,68336,575837,46504218]
[null,230,"0230","PELHAM                       ",230,1,23908,0,0,141728,0,513,331471,87641,0,51888,0,7237,180975,22048,0,2763,0,0,0,7010,0,15259,0,2968,1907,1166,12306,941,11551,0,0,57720,2038,9894,972932]
[null,231,"0231","PEMBROKE                     ",231,1,609111.28,0,0,1679119.1700000002,669640.19999999995,126435.2,13189194.600000001,1953192.08,0,440027.52999999997,0,364443,1067864.94,207386.25,0,24867.72,0,391279.51,0,0,0,109334.5,0,133987.31,261398.63999999996,30017.190000000002,62699.37000000001,0,0,55963.51,133353.26,802391.6,16535.510000000002,314772.90999999997,22643015.280000012]
[null,232,"0232","PEPPERELL                    ",232,0,0,0,0,0,0,0,0,0,0,0,0,0,0,0,0,0,0,0,0,0,0,0,0,0,0,0,0,0,0,0,0,0,0,0,0]
[null,233,"0233","PERU                         ",233,0,0,0,0,0,0,0,0,0,0,0,0,0,0,0,0,0,0,0,0,0,0,0,0,0,0,0,0,0,0,0,0,0,0,0,0]
[null,234,"0234","PETERSHAM                    ",234,1,10626,0,0,135968,0,0,478116,2633,3532,65766,0,16640,3356,0,0,0,0,0,0,0,0,9391,0,9116,0,4005,6717,0,4838,8930,0,0,2473,29920,792027]
[null,235,"0235","PHILLIPSTON                  ",235,0,0,0,0,0,0,0,0,0,0,0,0,0,0,0,0,0,0,0,0,0,0,0,0,0,0,0,0,0,0,0,0,0,0,0,0]
[null,236,"0236","PITTSFIELD                   ",236,1,418264,0,0,2547908,237,0,30413380,167497,387021,1389080,0,620872,4228579,370213,0,0,0,385151,0,31576,0,194660,0,1447811,66910,51422,408369,44877,763596,0,70502,2093594,47069,384477,46533065]
[null,237,"0237","PLAINFIELD                   ",237,0,0,0,0,0,0,0,0,0,0,0,0,0,0,0,0,0,0,0,0,0,0,0,0,0,0,0,0,0,0,0,0,0,0,0,0]
[null,238,"0238","PLAINVILLE                   ",238,1,250004.19000000003,0,0,337157.84,0,128519.59000000001,2911366.91,736050.29,217655.88,350641.4,0,66582.98000000001,532370.81000000006,82046.899999999994,0,0,0,0,0,10540,0,103812.98,0,21802.75,19969.379999999997,28381.01,70441.48,6899.2,322088.87,10831.02,71158.040000000008,0,20710.64,158080.81,6457112.9700000007]
[null,239,"0239","PLYMOUTH                     ",239,1,1610529,81553.13,0,4648891,513639,162019,35007217,8142223,0,2374008,0,878258,3976001,830494,0,16824.02,0,17675,0,51565,0,409250,0,564043,98240,188490,650490,44882,421453,366372,529038,2038930,78053,1304953,65005090.150000006]
[null,240,"0240","PLYMPTON                     ",240,1,19895.75,0,0,156829.79,0,0,1255968.42,0,0,49822.29,0,24822.41,94953.34,87487.17,0,0,0,27910.41,0,0,0,4814.1000000000004,0,87442.64,39069.910000000003,0,0,2007.62,0,0,0,0,0,147801.13,1998824.98]
[null,241,"0241","PRINCETON                    ",241,0,0,0,0,0,0,0,0,0,0,0,0,0,0,0,0,0,0,0,0,0,0,0,0,0,0,0,0,0,0,0,0,0,0,0,0]
[null,242,"0242","PROVINCETOWN                 ",242,1,0,52225,0,0,0,0,1514909.49,27989.040000000001,0,1516.32,0,22861.84,147099.29,25700.74,0,0,0,0,0,0,0,20190.22,0,0,43599.22,19327.43,7314.38,38696,15918.060000000001,30888.52,0,43908.54,0,72930.929999999993,2085075.02]
[null,243,"0243","QUINCY                       ",243,1,985454.54999999993,607984.27,0,4698742.3100000005,1045208.75,906318.37,48705645,1657453.03,0,889812.36,0,991403.51,3570394,384882,0,119617.83000000002,0,1579251,0,110341.5,0,0,0,637468.88,1060102.1399999999,416513.63,296415,0,124387.68,0,0,3374803.69,0,851018,73013217.5]
[null,244,"0244","RANDOLPH                     ",244,1,668088.39,0,0,1931428.5999999999,23961.96,437538.75,14698321.899999999,2959417.16,191364.53,1229289.17,0,591152.1399999999,1320522.42,0,0,0,0,120269.40000000001,0,0,0,14939.95,0,349525.72,0,142033.78999999998,240059.81999999998,4323,66012.5,164765.62,21691.4,1521420.96,76036.75,548593.67000000004,27320757.600000001]
[null,245,"0245","RAYNHAM                      ",245,0,0,0,0,0,0,0,0,0,0,0,0,0,0,0,0,0,0,0,0,0,0,0,0,0,0,0,0,0,0,0,0,0,0,0,0]
[null,246,"0246","READING                      ",246,1,219593.43000000002,0,0,1884727.3099999998,447641.00999999995,178781.62,16352603.309999999,3982246.75,663001.89,1176243.78,0,225564.88,2311371.7600000002,562379.24,0,0,0,341967.34,0,81453.649999999994,0,313322.96999999997,0,397584.54,17178.8,143056.45000000001,260694.31,488350.66000000003,347506.96000000008,1670.96,48287.78,433606.37,37026.920000000006,1463915.97,32379778.66]
[null,247,"0247","REHOBOTH                     ",247,0,0,0,0,0,0,0,0,0,0,0,0,0,0,0,0,0,0,0,0,0,0,0,0,0,0,0,0,0,0,0,0,0,0,0,0]
[null,248,"0248","REVERE                       ",248,1,419776,0,0,4713818,0,806280,36747616,1356184,669016,0,0,703416.25,1056971,183628,0,147025,0,325623,0,0,0,60622,0,0,0,61888,0,1317704,265902,0,0,844246,220000,889297,50789012.25]
[null,249,"0249","RICHMOND                     ",249,1,76860.040000000008,0,0,132052.47,0,0,585386.84,130254.77,0,0,0,24022,121263.98000000001,5605,0,0,0,0,0,0,0,6890.46,0,10761.16,0,0,27305.03,0,0,0,0,0,0,0,1120401.75]
[null,250,"0250","ROCHESTER                    ",250,1,53880.520000000004,0,0,283314.81999999995,0,62245.97,3164717.52,0,0,0,0,63335.67,328781.34000000003,77495,0,0,0,0,0,18582.150000000001,0,26137.600000000002,0,2149.9699999999998,3174.49,0,28334.06,66851.58,51671.66,0,0,90153.85,0,215102.43,4535928.63]
[null,251,"0251","ROCKLAND                     ",251,1,0,1113118,0,1436410,0,0,9119249,1534467,0,506438,0,376539,1087131,20021,0,0,0,0,0,0,0,83818,0,13599,148337,37255,74239,1610,1301,0,16514,907121,12596,0,16489763]
[null,252,"0252","ROCKPORT                     ",252,1,234090,0,0,475910,282098,0,4717086,326065,93100,165193,0,110163,663644,0,0,0,0,198319,0,70,0,64722,0,85276,13495,5840,22315,50,13400,568,700,172175,27439,312869,7984587]
[null,253,"0253","ROWE                         ",253,1,17445,0,0,124403,0,5169,457991,49223,0,22162,0,7139,57793,6829,0,420,0,0,0,0,0,4210,0,3174,0,0,8860,23791,2536,0,0,0,0,12960,804105]
[null,254,"0254","ROWLEY                       ",254,0,0,0,0,0,0,0,0,0,0,0,0,0,0,0,0,0,0,0,0,0,0,0,0,0,0,0,0,0,0,0,0,0,0,0,0]
[null,255,"0255","ROYALSTON                    ",255,0,0,0,0,0,0,0,0,0,0,0,0,0,0,0,0,0,0,0,0,0,0,0,0,0,0,0,0,0,0,0,0,0,0,0,0]
[null,256,"0256","RUSSELL                      ",256,0,0,0,0,0,0,0,0,0,0,0,0,0,0,0,0,0,0,0,0,0,0,0,0,0,0,0,0,0,0,0,0,0,0,0,0]
[null,257,"0257","RUTLAND                      ",257,0,0,0,0,0,0,0,0,0,0,0,0,0,0,0,0,0,0,0,0,0,0,0,0,0,0,0,0,0,0,0,0,0,0,0,0]
[null,{"$f":"B262+1","v":258},"0258","SALEM                        ",258,1,519972.52,0,0,2975928.83,1162940.4200000002,0,27145131.859999996,2097026.1799999997,0,0,0,678473.87,2581266.02,186565.37,0,0,0,0,0,585,0,493786.11,0,40270.99,399934.48,29842.989999999998,56316.38,476217.69,6770.7199999999993,0,0,508641.67,36241.85,1764748.6700000002,41160661.619999997]
[null,259,"0259","SALISBURY                    ",259,0,0,0,0,0,0,0,0,0,0,0,0,0,0,0,0,0,0,0,0,0,0,0,0,0,0,0,0,0,0,0,0,0,0,0,0]
[null,260,"0260","SANDISFIELD                  ",260,0,0,0,0,0,0,0,0,0,0,0,0,0,0,0,0,0,0,0,0,0,0,0,0,0,0,0,0,0,0,0,0,0,0,0,0]
[null,261,"0261","SANDWICH                     ",261,1,1098678,45459,0,1596650,169848,484432,13944403,1675707,0,71027,0,178504,1515159,128155,0,0,0,259632,0,20212,0,72478,0,53692,0,152668,301293,0,0,0,0,588199,0,156575,22512771]
[null,262,"0262","SAUGUS                       ",262,1,374126.07999999996,47389.16,0,1617077.8599999999,0,0,11504379.539999999,2655550.1399999997,753522.11,858146.3600000001,0,195409.51,1537933.2599999998,62835,0,4545,0,0,0,0,0,158108.64000000001,0,5804.63,25519.25,154249.74000000002,248562.07,2698.85,251554,0,41927.72,660430.61,4100.1899999999996,162977.79999999999,21326847.519999996]
[null,263,"0263","SAVOY                        ",263,1,13678,0,0,30661,0,3526,203639,2500,0,16331,0,0,78989,0,0,0,0,0,0,0,0,2977,0,1017,0,0,3142,2130,0,0,0,0,0,3450,362040]
[null,264,"0264","SCITUATE                     ",264,1,542337,738139,0,1770884,0,80419,19411226,1211445,0,397800,0,330631,1191237,245440,0,66456,0,0,0,0,0,9441,0,32999,413,13967,182633,15518,4973,0,0,897825,0,503134,27646917]
[null,265,"0265","SEEKONK                      ",265,1,264433,0,0,860065,0,66697,9626603,2106481,0,639154,0,162196,553921,353017,0,69552,0,0,0,0,0,78348,0,91574,19463,0,155737,9301,127484,61889,0,940769,0,334047,16520731]
[null,266,"0266","SHARON                       ",266,1,174850.30000000002,0,0,1771127.23,1154516.6100000001,369803.7,17286847.740000002,4416328.3100000005,13330.54,1479736.8199999998,0,333838.49,2069931.8900000001,398679.86,0,0,0,254444.2,0,23384.1,0,121969.98000000001,0,107.37,504146.27000000008,341282.06999999995,189611.96,26844.639999999999,0,4427.7299999999996,10252.049999999999,949505.89,0,740421.95,32635389.700000003]
[null,267,"0267","SHEFFIELD                    ",267,0,0,0,0,0,0,0,0,0,0,0,0,0,0,0,0,0,0,0,0,0,0,0,0,0,0,0,0,0,0,0,0,0,0,0,0]
[null,268,"0268","SHELBURNE                    ",268,0,0,0,0,0,0,0,0,0,0,0,0,0,0,0,0,0,0,0,0,0,0,0,0,0,0,0,0,0,0,0,0,0,0,0,0]
[null,269,"0269","SHERBORN                     ",269,1,186633.74,0,0,321707.07,19782.53,0,2374074,516265.85,0,298726.59000000003,0,28812.47,340337.41000000003,106851,0,0,0,37405.94,0,0,0,11377.99,0,33669.21,4363.3100000000004,13946.13,38090.03,7964.619999999999,7585.08,0,0,105231,0,55194.09,4508018.0600000005]
[null,270,"0270","SHIRLEY                      ",270,0,0,0,0,0,0,0,0,0,0,0,0,0,0,0,0,0,0,0,0,0,0,0,0,0,0,0,0,0,0,0,0,0,0,0,0]
[null,271,"0271","SHREWSBURY                   ",271,1,1126964.0799999998,0,0,2501630.46,393220.27,12811.41,27683580.949999999,2659275.0099999998,825542.53,1706037.3299999998,0,287897.49999999994,6061482.9900000002,389961.81999999995,0,0,0,433960.85900000017,0,0,0,287765.54000000004,0,344361.45,127976,54045,122386.98,23227.73,797442.35,203,267811.59000000003,710490.73,35605.64,1432194.48,48285875.698999994]
[null,272,"0272","SHUTESBURY                   ",272,1,23038.28,0,0,146135,0,0,530162,194771,15512,79702,0,29133,221470,66134,0,2271,0,0,0,1696,0,10265,0,22811,23466,0,0,9087,39834,1000,0,0,534,37749,1454770.28]
[null,273,"0273","SOMERSET                     ",273,1,169221,0,0,796205,362273,3952,6679472,2241480,280321,226426,0,214233,1030780,204350,0,0,0,39304,0,0,0,50079,0,264646,2156,68885,111813,7797,76046,11152,62265,166706,0,4999,13074561]
[null,274,"0274","SOMERVILLE                   ",274,1,2761181.5,20535.599999999999,0,4178708.6499999994,5882.34,0,23810355.359999992,4447619.0199999996,864172.12,1469595.7400000002,0,578086.49,3041619.8200000003,981402.48,0,147838.70000000001,0,1358178.3599999999,0,7010,0,307221.39999999997,0,99661.47,412382.65,28753.199999999997,1122018.5,118601.87,73214.13,33612,43888.33,2265198.8600000003,639073.30999999982,248296.71,49064108.609999992]
[null,275,"0275","SOUTHAMPTON                  ",275,1,85418,0,0,181905,13564,0,2154783,0,0,0,0,39970,389766,66251,0,0,0,0,0,0,0,4833,0,0,39530,0,24901,0,5985,0,0,81084,0,43077,3131067]
[null,276,"0276","SOUTHBOROUGH                 ",276,1,129132.64,0,0,930792.32,51000.009999999995,98003.36,7596215.5652744472,1845292.6201555924,44178.71592746993,659707.28,0,77515.351999999999,1756080.22,278257.81,0,15682.84,0,9304.08,0,16565.010000000002,0,88210.26,0,121493.95999999999,45260.639999999999,46210.37999999999,63132.83,1200.03,191299.54,43355.839999999997,36026.92,226419,0,453197.12,14823534.343357511]
[null,277,"0277","SOUTHBRIDGE                  ",277,1,128796,369649,0,1543026,38043,0,10417056,67924,279831,1261117,0,367541,2049805,173914,0,0,0,0,0,0,0,55407,0,7518,33512,0,0,0,0,8300,0,593305,0,207806,17602550]
[null,278,"0278","SOUTH HADLEY                 ",278,1,250160.07,34336.92,0,1027049.9800000001,0,0,7223450.2815760849,1455823.439728261,0,832925.12820652174,0,163479.50999999998,1261877.46,145820.84983695654,0,0,0,167387.29244565219,0,19295.940000000002,0,211361.86000000002,0,77811.28,358009.19,59323.24,71274.5,387548.05,15374.289999999999,150631.01,47923.82,630664.94081521744,20963.490000000005,149022.88739130436,14761515.429999994]
[null,279,"0279","SOUTHWICK                    ",279,0,0,0,0,0,0,0,0,0,0,0,0,0,0,0,0,0,0,0,0,0,0,0,0,0,0,0,0,0,0,0,0,0,0,0,0]
[null,280,"0280","SPENCER                      ",280,0,0,0,0,0,0,0,0,0,0,0,0,0,0,0,0,0,0,0,0,0,0,0,0,0,0,0,0,0,0,0,0,0,0,0,0]
[null,281,"0281","SPRINGFIELD                  ",281,1,3064773.95,0,0,17125049.77,465818,3189326,102789452,16619881,6202192,3580517,0,5970224,8888617,1591069,0,2500,0,6431058,0,0,0,1367424,0,307366,3793884.56,60,64815,3246289,615449,119005,155873,7627810,174459,1615225,195008137.28]
[null,282,"0282","STERLING                     ",282,0,0,0,0,0,0,0,0,0,0,0,0,0,0,0,0,0,0,0,0,0,0,0,0,0,0,0,0,0,0,0,0,0,0,0,0]
[null,283,"0283","STOCKBRIDGE                  ",283,0,0,0,0,0,0,0,0,0,0,0,0,0,0,0,0,0,0,0,0,0,0,0,0,0,0,0,0,0,0,0,0,0,0,0,0]
[null,284,"0284","STONEHAM                     ",284,1,327066,0,0,1249088,608778,166655,11800404,1101304,0,832188,0,271805,1349065,164724,0,70307,0,148606,0,0,0,147404,0,26122,21684,120111,292811,0,229586,0,71930,854596,14700,331641,20200575]
[null,285,"0285","STOUGHTON                    ",285,1,1784261,14659,0,2077532,0,381075,21889606,0,0,1181617,0,313888,1054734,59783,0,268699,0,0,0,0,0,0,0,59099,14508,1126129,31227,110745,385383,374,0,1106319,0,496182,32355820]
[null,286,"0286","STOW                         ",286,0,0,0,0,0,0,0,0,0,0,0,0,0,0,0,0,0,0,0,0,0,0,0,0,0,0,0,0,0,0,0,0,0,0,0,0]
[null,287,"0287","STURBRIDGE                   ",287,1,0,0,0,476618,0,118727,4947227,0,0,494036,0,84358,504851,123505,0,0,0,82620,0,10360,0,17813,0,19113,2364,2054,83927,0,0,101431,11519,83343,6859,190812,7361537]
[null,288,"0288","SUDBURY                      ",288,1,585330.52,720330.54,0,1769246.2000000002,0,0,11880462.91,5083906.09,0,846421.66,0,341745.15,3161235.4000000004,402142.61,0,65735.100000000006,0,0,0,19235,0,377938.56999999995,0,773845.09,20281,67876.45,221260.14,453170,148991.29,0,0,786946.2,0,909121.88,28635221.799999997]
[null,289,"0289","SUNDERLAND                   ",289,1,62701,0,0,137300,0,5445,674033,316719,0,81323,0,31518,230412,51074,0,0,0,13250,0,0,0,28069,0,6779,10032,9142,20754,30642,11766,13142,9946,27995,10040,41916,1823998]
[null,290,"0290","SUTTON                       ",290,1,187869.24000000002,0,0,711740.26000000013,170530.28,0,7161301.6899999995,0,0,570919.00000000012,0,126920,1047083.77,124649.01000000001,0,0,0,0,0,0,0,44626.95,0,25114.36,14803.05,57557.740000000005,70485.649999999994,12074.33,2054.81,0,72117.350000000006,572672.01,2181.62,185702.51000000007,11160403.629999999]
[null,291,"0291","SWAMPSCOTT                   ",291,1,256713,0,0,1272440,140662,0,9059012,5321708,130532,816586,0,372032,1202221,218331,0,0,0,0,0,0,0,151671,0,113513,34127,5704,168269,14350,27773,0,0,633814,4247,441085,20384790]
[null,292,"0292","SWANSEA                      ",292,1,292456.64,0,0,1158641.3700000001,0,0,10572639.940000001,85826.090000000011,0,503332.24,0,171979.37,72621.260000000009,106068.06,0,0,0,0,0,0,0,15186.48,0,130208.4,8751.85,9084.4599999999991,25572.13,0,112266.49,0,0,723433.22,0,45500,14033568.000000004]
[null,293,"0293","TAUNTON                      ",293,1,1264413,0,0,3125774,955329,64377,34099789,2685670,133808,453885,0,952965,2562622,494749,0,0,0,865980,0,0,0,496690,0,218795,113199,532834,554882,150243,262975,2132,86411,3074540,169464,495403,53816929]
[null,294,"0294","TEMPLETON                    ",294,0,0,0,0,0,0,0,0,0,0,0,0,0,0,0,0,0,0,0,0,0,0,0,0,0,0,0,0,0,0,0,0,0,0,0,0]
[null,295,"0295","TEWKSBURY                    ",295,1,535970.54,5458.98,0,1778580.4300000002,110478.67000000001,0,16984131.349999998,729567.4800000001,358842.74,1144315.77,0,358106.78000000009,2376570.4200000004,201743.29,0,0,0,380187.26,0,0,0,199480.81,0,226388.86,43221.869999999995,346513.4499999999,311070.72000000003,809153.35,700156.77000000014,0,0,560349.03,51880.53,727655.53999999992,28939824.640000001]
[null,296,"0296","TISBURY                      ",296,1,95554.13,0,0,422999,0,77701,2946041,247066,19628,40344,0,78261,776042,121381,0,0,0,34707,0,8837,0,22506,0,45279,11553,9906,53799,45568,21346,0,7187,206133,0,49382,5341220.13]
[null,297,"0297","TOLLAND                      ",297,0,0,0,0,0,0,0,0,0,0,0,0,0,0,0,0,0,0,0,0,0,0,0,0,0,0,0,0,0,0,0,0,0,0,0,0]
[null,298,"0298","TOPSFIELD                    ",298,1,38569,1635,0,350952,80894,0,2782797,694715,0,570903,0,44540,442150,85696,0,0,0,0,0,0,0,80564,0,13131,248639,39278,15037,59779,124906,0,0,0,0,21506,5695691]
[null,299,"0299","TOWNSEND                     ",299,0,0,0,0,0,0,0,0,0,0,0,0,0,0,0,0,0,0,0,0,0,0,0,0,0,0,0,0,0,0,0,0,0,0,0,0]
[null,300,"0300","TRURO                        ",300,1,143041.47999999998,0,0,200211.58,2000,2750,852164.76,339462,0,141386.20000000001,0,14237.54,349963.17,81304,0,0,0,0,0,2175,0,30903.3,0,23816.43,13192.1,6282.32,26544.780000000002,13435,6579.42,0,5468,83596.600000000006,1502.26,51417.25,2391433.189999999]
[null,301,"0301","TYNGSBOROUGH                 ",301,1,196291,0,0,800318,198000,178677,7355416,1747232,1000,439485,0,269250,1305536,0,0,0,0,0,0,7845,0,107693,0,25055,1860,1238,180924,0,14685,0,0,565547,8352,182343,13586747]
[null,302,"0302","TYRINGHAM                    ",302,0,0,0,0,0,0,0,0,0,0,0,0,0,0,0,0,0,0,0,0,0,0,0,0,0,0,0,0,0,0,0,0,0,0,0,0]
[null,303,"0303","UPTON                        ",303,0,0,0,0,0,0,0,0,0,0,0,0,0,0,0,0,0,0,0,0,0,0,0,0,0,0,0,0,0,0,0,0,0,0,0,0]
[null,304,"0304","UXBRIDGE                     ",304,1,201599,0,0,884396,0,9769,9185297,196288,232968,1019564,0,158839,1127246,132503,0,0,0,0,0,0,0,76046,0,105745,5476,3165,65274,0,2040,0,10455,570650,17389,231912,14236621]
[null,305,"0305","WAKEFIELD                    ",305,1,958263.95000000007,0,0,1864146.1699999997,129978.28,0,13239277.24,5476992.6500000004,0,904138.22000000009,0,340048.22000000003,1123871.8900000001,244626.71,0,22176.66,0,475177.21000000008,0,0,0,136108.32,0,348234.82999999996,257853,7942.95,246076.96000000002,4412.5,200964.05,0,0,667445.30999999994,0,591325.49,27239060.609999996]
[null,306,"0306","WALES                        ",306,1,0,0,0,128775,0,11431,649844,0,0,55973,0,14255,75924,0,0,0,0,10830,0,458,0,6497,0,2201,0,0,10892,500,0,0,2236,50959,637,0,1021412]
[null,307,"0307","WALPOLE                      ",307,1,384642.38,0,0,2183851.85,760776.4,0,19953095.91,939699.96,500303.94,1718894.15,0,499393.95,1934233.9299999997,403786.29,0,0,0,0,0,0,0,1381912.4200000002,0,143615.91999999998,12058.55,310760.19999999995,213479.08,25168.939999999995,16963.07,0,74155,1374093.85,25730.14,482592.2,33339208.130000003]
[null,308,"0308","WALTHAM                      ",308,1,1860743.7367,0,0,3330573,0,60652,36846106,565283,923955,1882593,0,347525,3392579,800136,0,0,0,860437,0,0,0,1054741.08,0,657190,46533.1,88321,105924,71479,515765,0,64928,2455427,277085,419117,56627092.916699998]
[null,309,"0309","WARE                         ",309,1,351078,0,0,613133,0,0,5650980.4500000002,0,19855,281665,0,147311,968508,172964,0,0,0,0,0,0,0,27435,0,22463,30280,5549,32954,180000,9748,71547,11285,337375,4201,82038,9020369.4499999993]
[null,310,"0310","WAREHAM                      ",310,1,416085,319892,0,1734150,268655,69437,12456329,270679,0,716079,0,606177,1199049,72765,0,6580,0,16779,0,13907,0,176114,0,36612,16679,37301,49485,13637,68375,0,57359,473240,2755,419446,19517566]
[null,311,"0311","WARREN                       ",311,0,0,0,0,0,0,0,0,0,0,0,0,0,0,0,0,0,0,0,0,0,0,0,0,0,0,0,0,0,0,0,0,0,0,0,0]
[null,312,"0312","WARWICK                      ",312,0,0,0,0,0,0,0,0,0,0,0,0,0,0,0,0,0,0,0,0,0,0,0,0,0,0,0,0,0,0,0,0,0,0,0,0]
[null,313,"0313","WASHINGTON                   ",313,0,0,0,0,0,0,0,0,0,0,0,0,0,0,0,0,0,0,0,0,0,0,0,0,0,0,0,0,0,0,0,0,0,0,0,0]
[null,314,"0314","WATERTOWN                    ",314,1,835008,1252896,0,1525083,532506,0,13022629,6431297,58316,770704,0,393625,3464985,210243,0,109498,0,553952,0,0,0,166371.5,0,149759,17858,55829,228707,151135,187837,4750,18939,1639711,51158,332233,32165029.5]
[null,315,"0315","WAYLAND                      ",315,1,791304.92000000016,69772.5,0,1550016.05,302021.65000000002,0,15390096.5,3534578,409714.91999999993,1020122,0,242404.68,2088999.79,460771.58999999997,0,73409,0,209559,0,0,0,196044.69999999995,0,72183.47,55384.520000000004,120920.17200000001,374164.35000000003,13120.08,46743.01,0,76542.33,691274,26062.55,938484.32000000007,28753694.101999994]
[null,316,"0316","WEBSTER                      ",316,1,364198,0,0,1048751,18299,28252,8395163,231385,0,1685839,0,142409,694421,116806,0,0,0,241834,0,7734,0,85655,0,22476,0,0,78430,0,796,0,0,670393,14645,120715,13968201]
[null,317,"0317","WELLESLEY                    ",317,1,1538471,121010,0,2717890,1413560,344773,34238612,453024,592932,2975448,0,785461,4373614,784077,0,116184,0,126960,0,0,0,1685842,0,710114,410368,367311,266845,110066,793812.6,0,46432,1934138,0,1570809,58477753.600000001]
[null,318,"0318","WELLFLEET                    ",318,1,29299,0,0,214372,0,13034,1144789,1207,10803,143552,0,26948,236216,56761,0,2321,0,0,0,0,0,425,0,616,7443,0,5954,1046,10358,0,0,89740,1076,990,1996950]
[null,319,"0319","WENDELL                      ",319,0,0,0,0,0,0,0,0,0,0,0,0,0,0,0,0,0,0,0,0,0,0,0,0,0,0,0,0,0,0,0,0,0,0,0,0]
[null,320,"0320","WENHAM                       ",320,0,0,0,0,0,0,0,0,0,0,0,0,0,0,0,0,0,0,0,0,0,0,0,0,0,0,0,0,0,0,0,0,0,0,0,0]
[null,321,"0321","WESTBOROUGH                  ",321,1,526765.06999999995,1051.92,0,1718990.73,522869.79,543752.73999999976,20640224.739999998,1445224.8099999998,725351.39999999991,1203659.0100000002,0,745655.27999999991,3516346.01,193841.05,0,0,0,523144.23,0,7481.9699999999993,0,127069.33,0,290333.42000000004,432333,148901.11000000002,90313.86,0,85685.25999999998,499504.59000000008,209736.02000000002,1087011.3999999999,334319.43,439360.28,36058926.450000003]
[null,{"$f":"B326+1","v":322},"0322","WEST BOYLSTON                ",322,1,472824.47000000003,246122.84,0,12388,331.95,108,5923142.9100000001,0,0,61607.5,0,67152.239999999991,306197.86,51896.04,0,0,0,0,0,980,0,33096.65,0,136459.31,8878,18517.02,77014.69,8411,606.70000000000005,63903.86,0,317267.21000000002,8427,86229.709999999992,7901562.9600000009]
[null,323,"0323","WEST BRIDGEWATER             ",323,1,59740,0,0,719329,38368,0,5156647.66,10163,0,327989.58999999997,0,137501,464759.62,108242.15000000001,0,0,0,3825,0,0,0,49197,0,52457,26214,2397,95293,39380,4175,76855,0,252700.15,0,188202,7813435.1700000009]
[null,324,"0324","WEST BROOKFIELD              ",324,0,0,0,0,0,0,0,0,0,0,0,0,0,0,0,0,0,0,0,0,0,0,0,0,0,0,0,0,0,0,0,0,0,0,0,0]
[null,325,"0325","WESTFIELD                    ",325,1,714787,0,0,3200016,924046,67490,27157090,872951,0,1813633,0,491577,3551696,291930,0,0,0,0,0,44599,0,135459,0,155477,297963,0,134849,0,225596,1061,218660,1758702,52188,396111,42505881]
[null,326,"0326","WESTFORD                     ",326,1,444342.06,0,0,2758851,0,31965,23276710,4101024,513693.37999999995,1434525,0,462873,2855011,700289,0,0,0,514289,0,14462,0,467048,0,197927,38289,94413,457359,57122,422988.29000000004,1048,94093.73,1960995,33899.5,310386.5,41243603.459999993]
[null,327,"0327","WESTHAMPTON                  ",327,1,23529,0,0,146197,0,0,652801,0,0,0,0,7587,140635,0,0,0,0,0,0,0,0,7509,0,229,16122,1024,36514,2263,30907,0,0,24542,0,11856,1101715]
[null,328,"0328","WESTMINSTER                  ",328,0,0,0,0,0,0,0,0,0,0,0,0,0,0,0,0,0,0,0,0,0,0,0,0,0,0,0,0,0,0,0,0,0,0,0,0]
[null,329,"0329","WEST NEWBURY                 ",329,0,0,0,0,0,0,0,0,0,0,0,0,0,0,0,0,0,0,0,0,0,0,0,0,0,0,0,0,0,0,0,0,0,0,0,0]
[null,330,"0330","WESTON                       ",330,1,398498,0,0,1601108,758383,583508,14889743,3319570,397587,987180,0,351401,1618981,416744,0,95877,0,287172,0,7150,0,170938,0,111679,55108,62486,509497,223301,412990,0,169371,1079873,7006,252243,28767394]
[null,331,"0331","WESTPORT                     ",331,1,91976,153748,0,800281,78030,157113,7882337,272441,2751,348885,0,104521,1263388,129736,0,0,0,177982,0,12839,0,101604,0,7016,12087,82874,200445,60610,73284,134973,48589,617750,2492,81529,12899281]
[null,332,"0332","WEST SPRINGFIELD             ",332,1,598055,0,0,2106479,101707,305,15246173,3850033,60724,1283106,0,283695,2403907,328252.92,0,340,0,534543,0,0,0,196088,0,93973,207751,51356,161990,82258,149499,1022,57658,1590415,430575,509209,30329113.920000002]
[null,333,"0333","WEST STOCKBRIDGE             ",333,0,0,0,0,0,0,0,0,0,0,0,0,0,0,0,0,0,0,0,0,0,0,0,0,0,0,0,0,0,0,0,0,0,0,0,0]
[null,334,"0334","WEST TISBURY                 ",334,0,0,0,0,0,0,0,0,0,0,0,0,0,0,0,0,0,0,0,0,0,0,0,0,0,0,0,0,0,0,0,0,0,0,0,0]
[null,335,"0335","WESTWOOD                     ",335,1,356850.56,1177416.8499999999,0,1922975.46,134826.76,87550.06,19557106.450000003,1599673.98,31800.2,979997.96999999986,0,287515.65000000002,3057257.89,670114.37,0,102153.74,0,116124.74,0,0,0,310668.14999999997,0,223566.76000000004,20001.09,485365.56999999995,312833.21000000008,97370.74,103508.64,0,149.69999999999999,746519.58,8650,734352.01000000013,33124350.129999999]
[null,336,"0336","WEYMOUTH                     ",336,1,1067946.2799999998,0,0,3151402.5,162372.35999999999,352699.82,26283005.509999998,4491057.1900000004,0,2278393.5099999998,0,962387,2756327.6999999997,217338.54000000004,0,0,0,0,0,0,0,261497.55000000002,0,103444.25000000001,3675.18,299836.03000000003,330219.17000000004,77185.310000000012,88985.109999999986,10841.38,22423.370000000003,2340271.73,142303.08000000002,1184167.1299999999,46587779.699999996]
[null,337,"0337","WHATELY                      ",337,1,39763,0,0,162322,0,3076,491912,89102,0,40668,0,11496,69785,72840,0,0,0,8526,0,0,0,12299,0,2099,5432,0,15283,12638,0,19781,6184,37642,4067,36109,1141024]
[null,338,"0338","WHITMAN                      ",338,0,0,0,0,0,0,0,0,0,0,0,0,0,0,0,0,0,0,0,0,0,0,0,0,0,0,0,0,0,0,0,0,0,0,0,0]
[null,339,"0339","WILBRAHAM                    ",339,0,0,0,0,0,0,0,0,0,0,0,0,0,0,0,0,0,0,0,0,0,0,0,0,0,0,0,0,0,0,0,0,0,0,0,0]
[null,340,"0340","WILLIAMSBURG                 ",340,1,44298,0,0,155419,0,11927,1049643,0,0,3388,0,10885,138283,0,0,0,0,0,0,0,0,4808,0,0,26479,0,0,0,0,0,0,60739,0,6565,1512434]
[null,341,"0341","WILLIAMSTOWN                 ",341,1,91830,0,0,229925.43999999997,0,122354.32,2114309.0499999998,242362.64,0,255480.31,0,49240.959999999999,437086,98538,0,0,0,0,0,0,0,13599.34,0,35082.47,10759.17,300,0,400,0,0,0,35845,0,53767.839999999997,3790880.5399999996]
[null,342,"0342","WILMINGTON                   ",342,1,515745.7,0,0,1949033,0,0,20093664.959999997,435616.33,39790,1650,0,449658.88,1068541.1200000001,407369,0,0,0,0,0,19940,0,204586.46000000002,0,48727,11022,2470.75,153425.32,31930.32,100673,0,6825,1080550,8941,1222789.94,27852949.779999997]
[null,343,"0343","WINCHENDON                   ",343,1,188195.55,0,0,925979.87,0,169743,6441138.379999999,139999.01999999999,0,23081,0,138964.76,748999.3,177081,0,0,0,0,0,0,0,21092,0,0,4062.2,290.97000000000003,16131,0,31082,0,45924,332841.55,2984,117528.97,9525118.5700000003]
[null,344,"0344","WINCHESTER                   ",344,1,329211,677805,0,2215756,0,360828,23479907.213114753,2503386.8852459015,612958,1650637,0,301069,910629,531047,0,0,0,433054.85245901631,0,0,0,146226,0,175824,941027,40493,45706,154490,13744,0,0,1256117,24170,946256,37750341.950819671]
[null,345,"0345","WINDSOR                      ",345,0,0,0,0,0,0,0,0,0,0,0,0,0,0,0,0,0,0,0,0,0,0,0,0,0,0,0,0,0,0,0,0,0,0,0,0]
[null,346,"0346","WINTHROP                     ",346,1,154329,0,0,1026539,187784,172308,9168168,220966,41700,752597,0,145079,1070632,78347,0,0,0,159847,0,0,0,48861,0,48082,44945,3706,57876,13532,209957,0,16747,532724,10400,172827,14337953]
[null,347,"0347","WOBURN",347,1,0,209723,0,2738521,314248,336657,29243756,310753,535722,1187735,0,771642,3327215,385273,0,0,0,50832.5,0,18202,0,356954,0,140319,335935,4500,176527,24350,31509,10566,1488,1220287,31601,1026177,42790492.5]
[null,348,"0348","WORCESTER                    ",348,1,1824986.6100000006,0,0,12686889.33,3702326.0687652016,223203.59000000005,129277287.70941135,0,0,10425808.849999998,0,2484341.5700000003,10353422.540000005,604452.94000000006,0,174751.41999999998,0,2283144.7229710631,0,0,0,38021.49,0,1293157.3299999996,0,35923.43,493392.24999999988,3960456.8700000015,1340059.7699999998,0,404075,6307328.9213114772,645698.02,1404066.7475409836,189962795.18000007]
[null,349,"0349","WORTHINGTON                  ",349,1,5135,0,0,117092,0,0,352159,0,0,51612,0,5208,82000,0,0,0,0,0,0,0,0,2694,0,1609,579,2385,4356,0,600,0,0,11800,0,0,637229]
[null,350,"0350","WRENTHAM                     ",350,1,140491,64576,0,347444,112515,90000,3990345,1389078,0,472550,0,90310,599952,104734,0,0,0,108943,0,13976,0,98821,0,57720,6491,41107,77584,1500,130055,6386,44875,169829,10870,121092,8291244]
[null,351,"0351","YARMOUTH                     ",351,0,0,0,0,0,0,0,0,0,0,0,0,0,0,0,0,0,0,0,0,0,0,0,0,0,0,0,0,0,0,0,0,0,0,0,0]
[null,352,"0352","DEVENS",352,0,0,0,0,0,0,0,0,0,0,0,0,0,0,0,0,0,0,0,0,0,0,0,0,0,0,0,0,0,0,0,0,0,0,0,0]
[null,353,"0406","NORTHAMPTON SMITH            ",406,1,304300.55000000005,0,0,341768.33000000007,0,295535.41000000003,2858152.01,264051.51,144297.37,0,0,49044.959999999999,269115.34000000003,21850.78,0,0,0,16005.18,0,0,0,24315.38,0,11859.24,260905.11000000002,25542.47,626.84,5874.5199999999995,1699,0,474.29,387067.41000000003,0,0,5282485.6999999993]
[null,354,"0600","ACTON BOXBOROUGH             ",600,1,796078.91999999993,157285.5,0,3232506.2600000007,890537.82,213542.27,28219876.93,1562614.4200000002,0,864810.6399999999,0,597034.76,3643374.7199999993,433853.26999999996,0,0,0,0,0,54662.31,0,377908.09,0,266721.15000000002,361152.45000000007,143020.74,219241.09,32578.22,474556.37,8699.2999999999993,40239.65,1886134.9899999998,44112.25,889963.01,45410505.130000003]
[null,355,"0603","ADAMS CHESHIRE               ",603,1,140659.94,0,0,892100.2,4534.83,35416.379999999997,5658371.7300000004,113683.68,13950,176309.32,0,78633.459999999992,662328.14,37911.229999999996,0,68040.89,0,0,0,0,0,100194,0,0,3434.9,6118.96,34702.67,0,0,9953.7199999999993,48720.98,278939.26,0,46421.56,8410425.8499999996]
[null,356,"0605","AMHERST PELHAM               ",605,1,623081,325,0,1372642,61848,10944,5801878,2501589,0,349324,0,180752,1753716,236483,0,27864,0,96110,0,17544,0,121812,0,40980,118783,50952,54854,34668,173369,2062,0,845363,230,251098,14728271]
[null,357,"0610","ASHBURNHAM WESTMINSTER       ",610,1,426334.29,277255.27,0,1162439.4500000002,0,7089,9716434.5099999998,0,16120,413332.18999999994,0,121678.67,1359180.3599999999,35613.96,0,50069.760000000002,0,117076.26,0,-85,0,110666.43000000001,0,10827.23,1781.68,96041.41,167459.34,24750.799999999999,91836.88,0,1860.9,706469.90999999992,0,149214.04999999999,15063447.350000001]
[null,358,"0615","ATHOL ROYALSTON              ",615,1,157644.03,0,0,934613.59,0,135183.49,4570153.5600000005,1768304.58,63156.6,602684.5,0,208831.13,563912.85,145725.41999999998,0,0,0,0,0,0,0,14020.41,0,62402.990000000005,8346.48,13404.04,108808.40000000001,34008.32,28153.68,0,36750.06,580663.3899999999,0,156420.40999999997,10193187.930000002]
[null,359,"0616","AYER SHIRLEY",616,1,213219.95,0,0,1046158.64,62802.979999999996,135821.43,6093782.2000000002,2058891.66,139405.79999999999,657378.33000000007,0,178219.5,703854.4800000001,149540.31,0,0,0,0,0,0,0,52328.83,0,156902.54999999999,0,67384.66,161860.10999999999,21840.78,32839.79,0,151474.46000000002,480264.91000000003,0,178290.86,12742262.23]
[null,360,"0618","BERKSHIRE HILLS              ",618,1,444169.37000000005,0,0,940811.47999999986,0,163846.73000000001,4827026.3100000005,451809.07,0,318349.67,0,184790,957909.61,226979.57,0,0,0,220899.38,0,12600,0,148841.4,0,109853.62999999998,1726.53,6468.92,143788.09000000003,20442.53,0,3869.64,0,837439.49000000011,17006,97286,10135913.420000002]
[null,361,"0620","BERLIN BOYLSTON              ",620,1,148218,0,0,325264,0,56919,2595221,39873,102101,8722,0,102713,220431,83978,0,559,0,0,0,0,0,36640,0,32839,6296,20908,11201,0,13254,0,7066,148819,3185,62827,4027034]
[null,362,"0622","BLACKSTONE MILLVILLE         ",622,1,156538.94,0,0,978835.32000000007,18921,0,6970240.2326086955,1666188.7043478261,0,422467.81,0,232995.68999999997,853163.31,43047.729999999996,0,0,0,191920.64304347828,0,0,0,101366.58,0,88530.610000000015,0,1247.99,100653.03000000001,23046.45,32379.599999999999,0,84361.76,592220.24,19277.650000000001,175873,12753276.289999999]
[null,363,"0625","BRIDGEWATER RAYNHAM          ",625,1,646212,0,0,2145903,0,0,26619124,119898,0,1957106,0,466494,1287159.69,148925,0,0,0,487849.57,0,0,0,115898,0,496489.56,11310,0,181560.62,11181,72889.06,0,36662.6,944726,0,1051619,36801007.100000001]
[null,364,"0632","CHESTERFIELD GOSHEN",632,1,28225,0,0,118772,0,0,884078,0,0,0,0,20138,149736,12694,0,0,0,0,0,0,0,5088,0,2617,12425,8336,3055,1694,842,3210,0,58440,0,11134,1320484]
[null,365,"0635","CENTRAL BERKSHIRE            ",635,1,270086,148824.15,0,1029130.4339999998,2050,154969.39000000001,8531226.6799999997,215057.58000000002,0,463381,0,213606.05170000001,456485.05000000005,209297.27,0,0,0,285602.93,0,0,0,42561,0,127004.39,116712.13,0,0,34067,3523,0,3826.55,668659.01,6095.6,128939,13111104.215700001]
[null,366,"0640","CONCORD CARLISLE             ",640,1,140529.37,0,0,744475.08000000007,552681.27,0,9796791.0099999998,0,159186.25,380886.77,0,82045.84,1076031.51,195193.43,0,0,0,73037.489999999991,0,14600,0,133800.15,0,97244.58,26171.53,32961.22,154527.15,169809.38,155147.69,0,0,1044296.2799999999,4618.93,323662.03999999998,15357696.969999999]
[null,367,"0645","DENNIS YARMOUTH              ",645,1,536010,461559,0,2140270.4500000002,55119,109922,13838611,5143573,0,761842,0,637788,2353606,315798,0,105320,0,5485,0,881,0,192710,0,51308,146096,180362,183678,289779,225703,0,23329,1106863,19012,478540,29363164.449999999]
[null,368,"0650","DIGHTON REHOBOTH             ",650,1,236813,0,0,1471707,146447,136806,15933843,354135,0,1251829,0,254342,1509142,341144,0,0,0,0,0,4816,0,173576,0,82786,43165,148406,196367,13196,54499,0,40979,775533,58887,363633,23592051]
[null,369,"0655","DOVER SHERBORN               ",655,1,280829.58,0,0,727263.42000000016,103150.04999999999,0,8667657,1336766.31,37334.58,0,0,102370.17000000001,399904.36,209882,0,30525.24,0,64231.5,0,0,0,47988.55,0,45465.770000000004,46426.04,84920.66,121045.52,195198.53000000003,125202.45,0,0,780322.05999999994,0,97771,13504254.789999999]
[null,370,"0658","DUDLEY CHARLTON              ",658,1,84263,175801.04,0,1797576.32,425815.55000000005,0,15412322.619999999,2451425.63,0,1215716.0900000001,0,204595,2073546.0099999998,174366.7,0,0,0,0,0,19902.5,0,177807.5,0,159964.79999999999,14924.76,0,287051.40999999997,0,219038.41,1003,119669.97,800024.61,17553.59,366259.6,26198628.109999999]
[null,371,"0660","NAUSET                       ",660,1,122096,0,0,885127,48060,155946,11059190,102161,41461,459703,0,245505,1436476,182067,0,33078,0,0,0,0,0,146093,0,81960,133736,77225,38063,57039,77552,73773,4616,1171805,6933,48163,16687828]
[null,372,"0662","FARMINGTON RIVER",662,1,93547,0,0,140254.83999999997,0,42130.28,629556.52,0,0,46024.13,0,20880.689999999999,60533.27,67651.63,0,0,0,17499.54,0,1360,0,3865.56,0,0,6957.53,0,1573.83,58441.340000000004,0,0,2828.83,56730.86,0,13829.62,1263665.4700000004]
[null,373,"0665","FREETOWN LAKEVILLE           ",665,1,292328,7500,0,1279629,64312,64674,10049721,3458306,0,384284,0,151633,1297616,78796,0,160,0,12912,0,37063,0,56317,0,49453,51165,0,113337,517926,49808,43318,18244,913410,48393,205366,19245671]
[null,374,"0670","FRONTIER                     ",670,1,138386,0,0,292493,33318,15084,2742454,244893,69298,169471,0,63024,416459,69284,0,0,0,40251,0,0,0,40478,0,48365,42502,36431,17623,152628,0,82348,23350,325871,16907,129963,5210881]
[null,375,"0672","GATEWAY                      ",672,1,336398,0,0,549908,0,0,3714670,870991,3452,259129,0,91656,701387,80117,0,0,0,0,0,2050,0,17954,0,589,32038,8794,23895,20279,1354,0,8630,430441,1017,69491,7224240]
[null,376,"0673","GROTON DUNSTABLE             ",673,1,513289,0,0,1183923,132342,2489,11117830.77,2488471.7199999997,248758,644508.57999999996,0,166090,1344220,246469,0,0,0,0,0,6022,0,125691,0,75992,14402,44973,186944,3786,23169,885,25829,910834.73,0,185102.55000000002,19692021.350000001]
[null,377,"0674","GILL MONTAGUE                ",674,1,307042.11000000004,0,0,815037.86999999988,0,36983.06,3009461.4099999997,1337704.9100000001,99487.97,333354.34000000003,0,104591.51999999999,992141.3,101398.02,0,0,0,0,0,0,0,31452.02,0,30189.03,69894.819999999992,4846.7299999999996,25417.45,143640.38,27779.460000000003,163760.06,33857.800000000003,418033.36999999994,20743.36,137761.68,8244578.6699999981]
[null,378,"0675","HAMILTON WENHAM              ",675,1,507806.37,0,0,1308278.44,63943.82,539980.57000000007,8291564.7600000007,2663482.2999999998,427111.9,653304.77,0,188493.79,1348200.9900000002,126612.02000000002,0,0,0,14550,0,29175,0,107891.57999999999,0,28833.449999999997,20200.72,203699.69,144467.00000000003,1490,406726.19,4971.75,0,816577.11999999988,7777.2,233546.81,18138686.239999998]
[null,379,"0680","HAMPDEN WILBRAHAM            ",680,1,610593,63039,0,1641898,0,64075,12753458.432432432,2717969.5675675673,71993,1054346,0,512555,1754902,258703,0,6682,0,476177,0,1710,0,201967,0,25014,129883,150594,113148,2920,28544,0,145949,611726,0,826033,24223879]
[null,380,"0683","HAMPSHIRE                    ",683,1,115488,0,0,539951,35051,72871,4039613,0,0,0,0,93869,435643,102837,0,0,0,0,0,0,0,24988,0,111338,66647,0,28419,0,0,0,0,430412,0,72774,6169901]
[null,381,"0685","HAWLEMONT                    ",685,1,28316.149999999998,375.35,0,112744.59000000001,0,13245.31,272921,125990.91,775,82737.600000000006,0,7646.25,78193.59,16845.36,0,368.1,0,0,0,2823.5,0,4536.2800000000007,0,134,1147.25,364.4,9822.52,715.09,2855,0,0,0,2857.45,30590.52,796005.22]
[null,382,"0690","KING PHILIP                  ",690,1,488548.38999999996,0,0,988427.9,0,389989.06999999995,9431019.5099999998,88075,481761.45,234217.90000000002,0,257476.05000000002,618447.41999999993,35213.56,0,0,0,146547.84,0,0,0,82581.209999999992,0,69857.209999999992,13106.66,29316.81,161379.70000000001,105275.65,202005.65,0,13113.720000000001,863925.76000000013,0,223945.19,14924231.650000002]
[null,383,"0695","LINCOLN SUDBURY              ",695,1,393473.47000000003,0,0,1171249.74,0,44291.3,11938435.729999999,0,392060.01,130913.93,0,93589.5,667076.58999999985,272800,0,5488,0,0,0,0,0,192002.33000000002,0,90424.87,94821.03,118495.46,27845.74,26601.19,96707.989999999991,0,22339.01,860503.47,8939.7999999999993,646563.80000000005,17294622.959999997]
[null,384,"0698","MANCHESTER ESSEX",698,1,449532,0,0,847727,66469,180189,9349523,202891,226014,459010,0,326591,911010,195404,0,2770,0,179552,0,0,0,128727,0,20175,162074,72194,42127,296,109249,0,24821,689693,14900,243745,14904683]
[null,385,"0700","MARTHAS VINEYARD             ",700,1,110955,0,0,805741,291259,201317,6586982,96522,0,43902,0,275640,425253,91334,0,0,0,72646,0,8170,0,184284,0,30787,189872,52527,3744,137564,83562,0,0,671700,20424,162627,10546812]
[null,{"$f":"B390+1","v":386},"0705","MASCONOMET                   ",705,1,992609,0,0,987183,0,117563,10508106,1685191,161,425883,0,102568,895360,195887,0,0,0,377904,0,9605,0,63263,0,61305,55498,188306,160574,94168,0,0,0,1054141,8912,210501,18194688]
[null,387,"0710","MENDON UPTON                 ",710,1,408736,0,0,1064005,0,0,10107215,2867971,362060,26936,0,281993,1110730,128278,0,16263,0,0,0,0,0,23349,0,323284,19470,3914,57401,454980,100628,382169,54074,721708,0,107242,18622406]
[null,388,"0712","MONOMOY",712,1,208486.5,0,0,1359228.25,0,0,11186731.720000003,703009.03,136893,640687.35999999999,0,432422,693434.19000000006,296526.84999999998,0,0,0,227573.73,0,0,0,188064.66999999998,0,256915.85,22231.539999999997,0,202037.12000000002,123989.62,25082.83,0,12831.5,497140.68,0,332981.44999999995,17546267.889999997]
[null,389,"0715","MOUNT GREYLOCK               ",715,1,112541,0,0,316713,0,0,3428243,0,11712,61403,0,78375,295741,74051,0,0,0,0,0,0,0,14537,0,61590,13692,109584,27209,5754,358592,0,32628,301223,0,90091,5393679]
[null,390,"0717","MOHAWK TRAIL                 ",717,1,220104,0,0,733789,0,35589,3343283,994902,300065,339398,0,82669,1396087,130950,0,7303,0,0,0,17042,0,48035,0,29798,8498,1872,94913,47206,0,0,0,316013,7443,173193,8328152]
[null,391,"0720","NARRAGANSETT                 ",720,1,147295,0,0,815036,0,0,5005118,1581550,0,0,0,188351,769085,87292,0,114856,0,0,0,0,0,1189,0,32814,0,0,123652,5680,517,0,0,522240,22228,0,9416903]
[null,392,"0725","NASHOBA                      ",725,1,349929.82000000007,0,0,1904754.2800000003,327773.48,0,16184621.300000001,2519455.14,717690.49000000011,1234944.0900000001,0,481641.94,2301388.4499999997,452392.92,0,0,0,504921.74,0,0,0,169210.53000000003,0,196307.86,79441.19,0,300141.39999999997,0,339280.08999999997,0,206850.65,1185535.9899999998,0,449399.89,29905681.25]
[null,393,"0728","NEW SALEM WENDELL            ",728,1,30182,0,0,145817,0,0,259657,139718,0,118483,0,25911,270194,53036,0,0,0,0,0,660,0,1398,0,10277,749,0,19488,0,3471,7500,0,0,0,72337,1158878]
[null,394,"0730","NORTHBORO SOUTHBORO          ",730,1,152901.48000000001,0,0,739963.56,79821,112130.70999999999,8416121.2100000009,926342.57,88168,154610.26227991027,0,113384.15,594931.98,162091.1,0,18781.96,0,0,0,6945,0,53189.850000000006,0,97430.84,20173.13,25914.41,36149.449999999997,24333.4,23663.65,1464.64,27787.279999999999,738354.14,0,134880.13999999998,12749533.912279915]
[null,395,"0735","NORTH MIDDLESEX              ",735,1,319040,0,0,1675434.86,38308,102311.39,16037643.299999999,537437.31000000006,200,1199448.22,0,227345.11,1397986.53,450468.2,0,0,0,18548,0,0,0,130678.89,0,149247.24,20651.46,97065.709999999992,203176.6,32858,229404,0,30759.3,861568.54,0,321283,24080863.659999996]
[null,396,"0740","OLD ROCHESTER                ",740,1,99502.7,47408,0,704714.85,20120.11,167287.94,6738672.2599999998,0,0,59822.61,0,132245.99,705369.55,141638,0,0,0,0,0,0,0,44654.83,0,66581.91,20370.349999999999,0,65386.11,23351.75,156769.22999999998,0,37058.85,651653.87,0,47700.4,9930309.3099999987]
[null,397,"0745","PENTUCKET                    ",745,1,0,279137,0,1395265,0,108,9492563,5286626,313180,788712,0,449668,1089707,200370,0,0,0,0,0,0,0,55620,0,54249,10284,150202,126037,13333,607,2792,6208,619542,0,331357,20665567]
[null,398,"0750","PIONEER                      ",750,1,0,0,0,712769,0,0,4530293,646273,0,187616,0,198497,807070,106935,0,0,0,3269,0,0,0,14126,0,14878,0,0,85188,0,3330,19097,11206,270873,0,203799,7815219]
[null,399,"0753","QUABBIN                      ",753,1,203322.8,0,0,1300701.2300000002,31949,96518.01999999999,9130447.5,418830.92000000004,0,567647.06000000006,0,154672.54,1245485.8199999998,226705.94,0,150,0,467512.13999999996,0,5596.3,0,400357.37000000005,0,39762.379999999997,54837.259999999995,100565.09,120168.89999999998,30312.319999999996,482068.2,25465.7,5925,634529.39999999991,42696.99,269804.12,16056032]
[null,400,"0755","RALPH C MAHAR                ",755,1,110578,0,0,334653,43917,144499,2383254,144402,89928,47727,0,110578,304402,81710,0,0,0,0,0,0,0,81293,0,13578,32318,5355,18124,16652,41943,0,0,324201,22715,152686,4504513]
[null,401,"0760","SILVER LAKE                  ",760,1,1010617.83,0,0,874709.0399999998,0,0,10414729.560000001,0,0,51000.37,0,190696.66,252867.5,200817.24,0,0,0,231438.44,0,0,0,89181.23,0,27769.24,207066.45,0,0,5450.43,255640.08000000002,0,0,958973.41,0,13205.71,14784163.189999999]
[null,402,"0763","SOMERSET BERKLEY",763,1,132352,0,0,464993,721791,18428,5364048,111776,0,90620,0,85840,258596,132831,0,370,0,19047,0,0,0,33589,0,63639,6640,32610,92081,22892,2738,0,54068,173397,0,0,7882346]
[null,403,"0765","SOUTHERN BERKSHIRE           ",765,1,238772.79,0,0,545771.79999999993,46247,152517.94999999998,3151810.0800000005,992315.36,2323.7399999999998,139868.32,0,159514.81,879307.32000000007,136408.53,0,45820.58,0,3413,0,0,0,54347.010000000009,0,28057.73,49924.65,2909.29,40243.94,69311.01999999999,12697.849999999999,0,33826.120000000003,349461.46,1989.64,87343.97,7224203.9600000009]
[null,404,"0766","SOUTHWICK TOLLAND GRANVILLE",766,1,158486.16,8132,0,995790.59,90413.39,120530.53,8537263.2200000007,121329.71,449172.61,0,0,151126.28999999998,875622.29999999993,207689.16,0,257051.97999999998,0,0,0,29262.5,0,130970.43000000002,0,196688.53999999998,56239.009999999995,88441.540000000008,2018.8300000000002,0,2047.33,599.89,0,755931.87,1207.42,129869.68,13365884.979999999]
[null,405,"0767","SPENCER EAST BROOKFIELD      ",767,1,345264,0,0,832396,4906,0,6970000,109059,0,548768,0,105302,344305,124027,0,0,0,0,0,0,0,15839,0,73277,0,45343,113898,50788,1089,0,30246,403975,0,188376,10306858]
[null,406,"0770","TANTASQUA                    ",770,1,53482,0,0,1022712,50333,0,10140165,0,0,267233,0,124835,395338,125663,0,0,0,172270,0,0,0,54655,0,181884,45286,9551,328708,67,0,210213,0,928198,5149,173297,14289039]
[null,407,"0773","TRITON                       ",773,1,439392,83096,0,1485981.5,0,0,9993297,3611342,94869,752767,0,384301,1419722,230647,0,9600,0,467512,0,8325,0,23657,0,226679,0,9861,164914,0,204263,0,0,915352,0,121180,20646757.5]
[null,408,"0774","UPISLAND",774,1,111531,0,0,564777,2229,112456,2279644,1312761,23120,47522,0,74225,924270,128649,0,0,0,39049,0,460,0,54036,0,46004,333.32,31389,46328,37076,22069,29422,10501,239502,0,58166,6195519.3200000003]
[null,409,"0775","WACHUSETT                    ",775,1,746230.38,97088.37,0,3997526.3899999997,195751.88999999998,389159.28,32854162.609999999,0,0,2420290.4500000002,0,506314.08000000007,5911336.9699999997,98384.47,0,0,0,0,0,32.5,0,1504920.2399999995,0,36823.049999999996,16176.91,20470.73,271771.99,2797.11,80806.44,0,239.88,758160.4800000001,7954.8899999999994,1155298.3,51071697.409999989]
[null,410,"0778","QUABOAG",778,1,155957,0,0,592183,0,103249,4317940,1116949,246957,374536,0,209105,427644,34705,0,0,0,140806,0,4958,0,25434,0,25293,21756,0,83183,13603,13210,0,0,430849,1699,122115,8462131]
[null,411,"0780","WHITMAN HANSON               ",780,1,295122.76,0,0,1924313.1099999999,0,425822.28,17966413.399999999,180337.76,71477,164063,0,504031.29000000004,1482562.4300000002,237737.08,0,146852.97999999998,0,0,0,0,0,0,0,81219.86,10239.799999999999,0,169440.16,1263704.94,149268.26,35636.559999999998,97404.26,820969.1399999999,0,626384.78,26653000.850000001]
[null,412,"0801","ASSABET VALLEY               ",801,1,0,201679,0,494723,353109,1000,7164018,860305,294759,20149,0,191534,248045,99078,0,0,0,190003,0,0,0,216995,0,76328,287024,21678,30358,37513,227063,0,0,907120,9153,136350,12067984]
[null,413,"0805","BLACKSTONE VALLEY            ",805,1,710912.76000000013,88406,0,539771.92999999993,0,307910.26,7618373.5699999994,0,0,96148,0,246136.1,376947.48,52070.1,0,0,0,117272,0,0,0,111114.24000000001,0,118296.76,25705.03,110061.13999999998,411421.60000000003,213614.52000000002,246557.18,0,91193.36,535001.15999999992,89064.209999999992,73830.539999999994,12179807.939999998]
[null,414,"0806","BLUE HILLS                   ",806,1,0,0,0,343537.72000000003,713296.54000000015,24890.67,6525479.0700000003,8774.1299999999992,23130,0,0,116521,52098.18,68320.98,0,0,0,19708,0,0,0,35658.549999999996,0,102548.62,254649.69,107863.35,22615.98,5986.8899999999994,73428.52,0,0,299895,4720,118042,8921164.8900000006]
[null,415,"0810","BRISTOL PLYMOUTH             ",810,1,10685,0,0,331031,920038,2599,7828960,508612,0,16182,0,95308,435080,19006,0,0,0,92062,0,4063,0,146974,0,128576,10456,155216,879808,54201,399651,507,21118,535716,5720,0,12601569]
[null,416,"0815","CAPE COD                     ",815,1,358482,0,0,434036.79,0,153325,4580067,63038,0,168869,0,94437,270420,72807,0,0,0,260355,0,6950,0,85769,0,80853,0,0,267344,66926,90521,0,0,521257,2129,50937,7628522.79]
[null,417,"0817","ESSEX NORTH SHORE",817,1,582332.92000000016,0,0,930039.45000000007,423045.91000000003,22240,7421884.7599999998,1070324.53,0,89711.039999999994,0,107409.72,190202.78,125476.88,0,20.87,0,31552.71,0,-240,0,108248.92,0,199027.91,293219.74,124554.47,73581.13,76867.7,126524.36,6637,49942.49,882829.04999999993,10215.74,106630.67,13052280.75]
[null,418,"0818","FRANKLIN COUNTY",818,1,179224,4375,0,349460,0,137562,3534395,48021,0,0,0,102831,0,36852,0,0,0,94760,0,0,0,38459,0,33892,162435,0,7300,0,23171,57509,49600,285166,0,17371,5162383]
[null,419,"0821","GREATER FALL RIVER           ",821,1,133922.45000000001,0,0,0,155116.71,0,10404187.560000001,0,0,0,0,207748.3,26470.5,149130.14000000001,0,0,0,0,0,9672.75,0,254758.31,0,100017.59,0,531383.30000000005,646372.56999999995,43341.53,115421.53,0,0,855911.59000000008,63274.64,85935.62,13782665.090000002]
[null,420,"0823","GREATER LAWRENCE             ",823,1,635622.65,72788.56,0,674793.84000000008,104933.04,240376.36000000002,8091762.5900000008,1555268,368855.48,50942.94,0,207086.91,449288.81,90124.73,0,113881.93,0,668154.46,0,0,0,109160.4,0,13926.86,15819.789999999999,0,473993.5,130069.37,443938.89,0,115539.45,941162.25999999989,20602.86,0,15588093.679999998]
[null,421,"0825","GREATER NEW BEDFORD          ",825,1,1400691.23,214113.11,0,908530.14999999991,209427.33,0,15043237.620000001,0,0,67055.92,0,272362.36,1156041.76,66590.16,0,0,0,0,0,0,0,45751.820000000007,0,96882.34,864940.13,55484.7,0,8059.4,0,0,0,1142054.7,0,0,21551222.73]
[null,422,"0828","GREATER LOWELL               ",828,1,1737453.0499999998,0,0,141316.25,0,0,11695121.710000001,2079376.29,0,0,0,334682,382373.27999999997,411235.55000000005,0,0,0,151133,0,0,0,100457.58,0,93897.060000000012,80645.899999999994,232568.85,692819.03,0,297268.51,0,0,1074475.28,246405.80000000002,352782.96,20104012.100000001]
[null,423,"0829","SOUTH MIDDLESEX              ",829,1,344284.57,0,0,704812.75,0,234743.86000000002,6173607.2999999998,11439.16,0,59244.75,0,165686.40999999997,7481.41,80332.13,0,0,0,0,0,0,0,144963.19,0,59845.119999999995,6025.77,61118.79,254081.61,122809.60000000001,17489.580000000002,0,10982.79,686828.32000000007,53232.21,182789.64,9381798.9600000028]
[null,424,"0830","MINUTEMAN                    ",830,1,549692,0,0,555407,111208,94876,5739722,691057,88408,66053,0,122408,216947,135470,0,0,0,0,0,9582,0,96248,0,49467,9460,72942,165917,56278,34386,5590,18517,411384,14986,166844,9482849]
[null,425,"0832","MONTACHUSETT                 ",832,1,763645.2,87500,0,715671.5,0,103642.84999999999,8678778.2400000002,0,1914,46755.93,0,128219.37,77123.34,232199.15,0,53560.5,0,51624.49,0,11335,0,202306.25,0,574159.34,30387.39,133114.28,101445.89,85499.72,107267.53,0,45358.27,1060830.5999999999,16049.41,105924.12,13414312.369999999]
[null,426,"0851","NORTHERN BERKSHIRE           ",851,1,97860,0,0,388700,0,0,3910715,0,11288,150,0,25460,26681,59328,0,0,0,103796,0,0,0,18264,0,19123,951,171329,5303,69,41118,11181,0,246995,18499,41587,5198397]
[null,427,"0852","NASHOBA VALLEY               ",852,1,0,0,0,269653,518950.16999999993,141700.47,4424550,4558.62,0,30000,0,28351,95569,60501,0,6502,0,98873,0,0,0,48255,0,82738,449,601203,72800,318,94441,3349,0,365842.56,3970,86277,7038850.8199999994]
[null,428,"0853","NORTHEAST METROPOLITAN       ",853,1,308848,0,0,668096,0,13596,8772166,171236,0,0,0,286513,5561,66326,0,0,0,0,0,0,0,144299,0,31756,68829,85766,301916,3729,8950,8635,15830,731291,94104,92200,11879647]
[null,429,"0855","OLD COLONY",855,1,361755,0,0,273259,0,0,3925853,220587,0,0,0,71280,98936,57114,0,0,0,0,0,0,0,50605,0,20631,6559,274071,27433,10660,5021,21133,6166,341661,0,64065,5836789]
[null,430,"0860","PATHFINDER",860,1,332046.18999999994,38184,0,238910.39,0,151218.5,4945303.25,517638.65,0,78455,0,98699.18,111214.67,80734,0,365,0,0,0,0,0,44401.34,0,20039.87,17803.93,194763.68,23482.97,41524.15,101519.03999999999,0,42507.64,353425.13,35443.22,78456,7546135.7999999989]
[null,431,"0871","SHAWSHEEN VALLEY",871,1,625581,0,0,244214,0,294893.88,11302222,0,0,0,0,99440,120025,132627,0,128326,0,142227,0,0,0,21471,0,712695,16425,0,0,0,0,0,0,955138,0,78289,14873573.879999999]
[null,432,"0872","SOUTHEASTERN",872,1,180291,0,0,1197673,199311,1196736,9252252,0,0,0,0,73796,834371,80603,0,0,0,0,0,0,0,137852,0,142695,0,345203,513203,16004,27868,0,54525,929947,0,0,15182330]
[null,433,"0873","SOUTH SHORE",873,1,0,0,0,280837.95,311314.51,190282.29,4854760.51,0,0,0,0,55751.15,375840.8,64444,0,0,0,0,0,5513.85,0,90621.72,0,161693.81,376235.05,96397.75,0,0,38535.769999999997,0,0,325987.56,26761.61,10668,7265646.3299999982]
[null,434,"0876","SOUTHERN WORCESTER",876,1,257668,49041,0,608578,100841,325487,7643695,290105,247839,106482,0,145348,306839,100650,0,0,0,128640,0,0,0,85335,0,67107,47121,192224,388954,0,64992,0,0,548888,8266,57568,11771668]
[null,435,"0878","TRI COUNTY",878,1,521950,0,0,505779,0,337543,6531491,543822,28889,88955,0,150899,105248,75836,0,79867,0,137134,0,0,0,5496,0,64013,252576,22866,37819,33406,259584,0,2780,812959,13999,91752,10704663]
[null,436,"0879","UPPER CAPE COD",879,1,167258.20000000001,0,0,400242.89,413570.85,0,4743143.1900000004,318777.38,0,0,0,41019.11,444283.59,74361,0,0,0,36215.879999999997,0,0,0,69378.36,0,23135.03,13789.369999999999,439986.31,185188.48000000001,0,123577.52,20399.689999999999,14078,639893.06999999995,68865.509999999995,27000,8264163.4300000016]
[null,437,"0885","WHITTIER",885,1,506071,84510,0,693290,0,0,8807194,0,0,0,0,96159,128110,93713,0,0,0,48929,0,13140,0,119007,0,25365,9153,46903,600848,0,555035,0,129354,519617,0,163872,12640270]
[null,438,"0910","BRISTOL COUNTY",910,1,102729.47,0,0,265186.86,5987.81,81192.710000000006,2334323.96,1853.56,0,26085,0,67939.429999999993,283408.07,60039.199999999997,0,0,0,0,0,0,0,52664.42,0,12332.36,3389.09,53851.020000000004,299477.55,17425.359,23473.579999999998,0,45585.3,244322.68000000002,0,6335,3987602.429]
[null,439,"0915","NORFOLK COUNTY",915,1,204498.93,96548.67,0,199424.17,175833.68,174090.81,3524720.6500000004,0,0,0,0,51006.91,47837.07,45727.98,0,0,0,47207.43,0,13100,0,21248.25,0,28774.639999999999,116473.45000000001,20253.59,7271.41,103505.82,6609.4699999999993,0,3970.26,382487.04999999993,25732.52,0,5296322.76]

{"sheet":"FY18","index":1,"n_rows":444,"n_cols":41,"rows_kept":444,"cut":false,"hidden":true,"merged":[]}
[]
[]
[]
[null,null,null,null,1,{"$f":"E4+1","v":2},{"$f":"F4+1","v":3},4,5,6,7,8,9,10,11,12,13,14,15,16,17,18,19,20,21,22,23,24,25,26,27,28,29,30,31,32,33,34,35,36,37]
[null,"Order","Lea","District","Lea","Op.","Curriculum Directors  (Supervisory) (2110) (line 3409, col 6)","Department Heads  (Non-Supervisory) (2120) (line 3419, col 6)","Instructional Technology Leadership and Training (2130) (line 3427, col 6) *","School Leadership-Building (2210) (line 3434, col 6)","Curriculum Leaders/Department Heads-Building Level (2220) ","Administrative Technology and Support – Schools (2250) (line 3449, col 6)","Teachers, Classroom (2305) (line 3450, col 6)","Teachers, Specialists (2310)","Instructional Coordinators and Team Leaders (2315)","Medical/ Therapeutic Services (2320) (line 3459, col 6)","Substitutes, Long Term (2324) (line 3465, col 6)","Substitutes, Short Term (2325) (line 3469, col 6)","Non-Clerical Paraprofs./Instructional Assistants (2330) (line 3475, col 6)","Librarians and Media Center Directors (2340) (line 3479, col 6)","Distance Learning and Online Coursework (2345) (line 3486, col 6) *","Professional Development Leadership (2351) (line 3493, col 6)","Instructional Coaches (2352) (line 3498, col 6)","Teacher/Instructional Staff-Professional Days (2353) ","Stipends for Teachers Providing Instructional Coaching (2354) (line 3499, col 6)","Substitutes for Instructional Staff at Prof. Development (2355) ","Costs for Instructional Staff to Attend Prof. Dev. (2356) (line 3505, col 6)","Prof. Development Stipends, Providers and Expenses (2357)","Outside Professional Development for Instructional Staff (2358) (line 3509, col 6)","Textbooks (2410) (line 3511, col 6)","Other Instructional Materials (2415) (line 3519, col 6)","Instructional Equipment (2420) (line 3529, col 6)","General Supplies (2430) (line 3535, col 6)","Other Instructional Services (2440) (line 3544, col 6)","Instructional Hardware –Student and Staff Devices (computers) (2451) (line 3548, col 6)","Instructional Hardware—All Other (2453) (line 3552, col 6)","Instructional Software and Other Instructional Materials (2455) (line 3556, col 6)","Guidance Counselors and Adjustment Counselors (2710) (line 3569, col 6)","Testing and Assessment (2720) (line 3579, col 6)","Psychological Services (2800) (line 3589, col 6)","Total Instruction (2000) (line 3599, col 6)"]
[null,1,"0001","ABINGTON                     ","001",1,326478.51999999996,45318.879999999997,0,1116731.53,0,5289.46,9722775.6699999999,0,0,368494,155382.04,92978.86,1558018.37,87421.98,0,17935,0,0,21975,0,82917.650000000009,0,0,176428.48,67861.23,32391.89,237938.21,473132,205644.67,21990,139209,383840.96000000008,0,401795.03,15741948.430000002]
[null,{"$f":"B6+1","v":2},"0002","ACTON                        ","002",0,0,0,0,0,0,0,0,0,0,0,0,0,0,0,0,0,0,0,0,0,0,0,0,0,0,0,0,0,0,0,0,0,0,0,0]
[null,3,"0003","ACUSHNET                     ","003",1,157585.43,16117.71,0,454500.17,0,141092.38,4989090.01,0,0,367818,46692.3,103656.75,491659.11,30446.58,0,0,67110.5,0,0,0,8728.869999999999,0,28187.9,71147.06,0,4111.87,34189.29,25411.510000000002,253915.09,0,0,315655.88,0,135112.60999999999,7742229.0199999996]
[null,4,"0004","ADAMS                        ","004",0,0,0,0,0,0,0,0,0,0,0,0,0,0,0,0,0,0,0,0,0,0,0,0,0,0,0,0,0,0,0,0,0,0,0,0]
[null,5,"0005","AGAWAM                       ","005",1,400672,0,0,2032307,0,8798,23213648,0,0,1598724,509085,31945,3210703,458305,0,0,276870,0,144686,0,101854,0,0,230652,60710,21983,279935,3148,285482,54930,0,1648948,17392,435432,35026209]
[null,6,"0006","ALFORD                       ","006",0,0,0,0,0,0,0,0,0,0,0,0,0,0,0,0,0,0,0,0,0,0,0,0,0,0,0,0,0,0,0,0,0,0,0,0]
[null,7,"0007","AMESBURY                     ","007",1,416329.95500000002,65755.5,0,1447417.4299999997,0,2433.5100000000002,11921715.130000001,0,0,1000452.95,154951.32999999999,189155.75599999999,1729770.5899999999,316539.42,0,76549.645000000004,0,0,8975,0,55654.420000000013,0,10616.060000000001,27588.58,20272.71,106032.18,182122.03000000003,35425.629999999997,32486.400000000001,3289.97,32996.770000000004,873401.99,0,169377.6,18879310.555999998]
[null,8,"0008","AMHERST                      ","008",1,324266,15953,0,977603,0,8091,8556989,0,0,561726,79247,163625,2297479,247606,0,268,383098,0,0,0,14588,0,14075,0,70654,8102,41919,23648,173794,129,3455,249189,0,484499,14700003]
[null,9,"0009","ANDOVER                      ","009",1,2120042,101211,0,3589074,0,408942,39765313,0,0,2376078,136770,405814,6026458,1301955,0,0,0,0,50283,0,367463,0,45199,749228,68045,167183,465379,81383,69208,0,14629,2122923,0,1433466,61866046]
[null,10,"0010","ARLINGTON                    ","010",1,1744171,14124,0,2952765.92,0,0,29559573,0,0,1183757,991812,0,2693186,286368,0,14175,5351,0,0,0,2818,0,217223,105537,373694,31181,172990,38609,348,0,31985,2366278,45995.3,760825,43592766.219999999]
[null,11,"0011","ASHBURNHAM                   ","011",0,0,0,0,0,0,0,0,0,0,0,0,0,0,0,0,0,0,0,0,0,0,0,0,0,0,0,0,0,0,0,0,0,0,0,0]
[null,12,"0012","ASHBY                        ","012",0,0,0,0,0,0,0,0,0,0,0,0,0,0,0,0,0,0,0,0,0,0,0,0,0,0,0,0,0,0,0,0,0,0,0,0]
[null,13,"0013","ASHFIELD                     ","013",0,0,0,0,0,0,0,0,0,0,0,0,0,0,0,0,0,0,0,0,0,0,0,0,0,0,0,0,0,0,0,0,0,0,0,0]
[null,14,"0014","ASHLAND                      ","014",1,137019.47,25866.36,0,1331556.26,0,6800.93,15258032.83,0,0,660630.51,158049.96000000002,183706.31999999998,1580998.6099999999,94084.98,0,36876.380000000005,0,0,52449.08,0,0,0,64150.380000000005,22908.989999999998,2943.81,22542.81,3249.2699999999995,91725.940000000017,7274.6,0,2500,1251354.8700000001,0,538380.74,21533103.099999994]
[null,15,"0015","ATHOL                        ","015",0,0,0,0,0,0,0,0,0,0,0,0,0,0,0,0,0,0,0,0,0,0,0,0,0,0,0,0,0,0,0,0,0,0,0,0]
[null,16,"0016","ATTLEBORO                    ","016",1,484707.55,230013,0,2956274.5799999991,0,61263.289999999994,29727059.030000005,0,0,1882998.04,0,923705.82,3080843.32,177967.24,0,438945.87,0,0,8956.7800000000007,0,100241.9,0,8600,44774.069999999992,8692.92,155522.68,132150.27000000002,571.56999999999994,15121.07,58535.65,10185.719999999999,1662680.9000000004,20000,482495.44,42672306.710000001]
[null,17,"0017","AUBURN                       ","017",1,317995.74,250742.38999999998,0,1392686.3499999999,0,164058.86000000002,12870639.379999999,0,0,505272.60999999993,137290.32999999999,120877.58999999998,2130239.29,171660.94,0,79.58,0,0,50796.060000000005,0,36631.51,0,33656.78,189939.02,20857.29,13123.57,137885.60999999999,57549.259999999995,40105.070000000007,29011.55,176480.6,952437.05,0,159711.24,19959727.670000002]
[null,18,"0018","AVON                         ","018",1,117799,0,0,561826,0,97309,4024078,0,0,0,0,45888,185923,70432,0,8850,0,0,0,0,39500,0,0,124009,5913,47385,81144,9839,49925,20335,41000,162446,851,139945,5834397]
[null,19,"0019","AYER                         ","019",0,0,0,0,0,0,0,0,0,0,0,0,0,0,0,0,0,0,0,0,0,0,0,0,0,0,0,0,0,0,0,0,0,0,0,0]
[null,20,"0020","BARNSTABLE                   ","020",1,1426590.83,2083663.5100000002,0,2854269.9299999997,0,179429.83000000002,28448982.460000001,0,0,2673085.3600000003,0,750735.11,3204508.37,348084.63,0,0,0,0,0,0,257429.32999999996,0,0,462258.35000000003,37775.85,377243.35000000009,491828.63999999996,13343.48,41886.199999999997,0,9296.24,1798234.4600000002,93223.87,763912.92,46315782.720000006]
[null,21,"0021","BARRE                        ","021",0,0,0,0,0,0,0,0,0,0,0,0,0,0,0,0,0,0,0,0,0,0,0,0,0,0,0,0,0,0,0,0,0,0,0,0]
[null,22,"0022","BECKET                       ","022",0,0,0,0,0,0,0,0,0,0,0,0,0,0,0,0,0,0,0,0,0,0,0,0,0,0,0,0,0,0,0,0,0,0,0,0]
[null,23,"0023","BEDFORD                      ","023",1,439017.33,92848.290000000008,0,2202258.5999999996,0,929999.82999999984,20503871.940000001,0,0,0,48984.95,215763.16000000003,1440931.52,462676.49,0,55300.54,564852.37,0,0,0,0,0,0,308039.02999999997,47161.599999999999,121810.2,295554.25999999995,261663.30000000002,95931.6,0,0,1184717.19,16222.65,129007,29416611.850000005]
[null,24,"0024","BELCHERTOWN                  ","024",1,549554,0,0,1268960.19,0,0,10904884,0,0,567587,291924,75536.22,1620216,287475,0,290,0,0,14348,0,57249,0,68012.25,35343,36513,68388,175263,207718,83103.89,6976,3369,977345.1,17806,211738,17529598.650000002]
[null,25,"0025","BELLINGHAM                   ","025",1,0,329477.69,0,1083139.56,0,38865.69,12237084.270000001,0,0,1004029.5399999999,78441,206164.77000000002,1312275.2600000002,122312.04000000001,0,45296.68,31872,0,3789.9,0,79849.3,0,8743,64076.83,11104.05,38232.69000000001,180358.47,7764.88,25103.75,6181.15,49258.420000000006,608259.77,24405.94,250406.28,17846492.93]
[null,26,"0026","BELMONT                      ","026",1,1104942,0,0,2180632,0,656978,23658773.5,0,0,1041377,201803,386590,1911900,280657,0,49343,0,0,40275,0,106797,0,28473,55047,216353,78216,176430,496907,656458,143934,108997,1024555,18224,626091,35249752.5]
[null,27,"0027","BERKLEY                      ","027",1,146396,0,0,499113,0,97684,3975937,0,0,134109,88375,92427,388754,21503,0,0,0,0,0,0,22076,0,25500,31777,0,26856,59250,0,78138,53211,2108,2000,2373,42787,5790374]
[null,28,"0028","BERLIN                       ","028",1,78488,22250,0,144296,0,30867,1337993,0,0,82827,11932,20887,185353,63357,0,483,0,0,5712,0,9771,0,0,1984,1123,25364,6853,0,10968,0,2806,0,130,123869,2167313]
[null,29,"0029","BERNARDSTON                  ","029",0,0,0,0,0,0,0,0,0,0,0,0,0,0,0,0,0,0,0,0,0,0,0,0,0,0,0,0,0,0,0,0,0,0,0,0]
[null,30,"0030","BEVERLY                      ","030",1,359786.93999999994,31690,0,2013529.67,0,0,22754963.080000002,0,0,1959631.56,132252.39000000001,559684.23,2003263.1999999997,152011.07,0,54763.44,0,0,2433.3000000000002,0,129270.62999999999,0,0,24419.27,22744.81,76017.5,154019.01,400918.45,11773.948,2112,0,1453051.87,83400.23,395539.79,32777276.388]
[null,31,"0031","BILLERICA                    ","031",1,1160559,0,0,2940941,0,0,30514177,0,0,2732058,56198,306192,3269881,434078,0,0,358871,0,101975,0,67587,0,85763,237051,49491,200858,512476,67073,424396,0,150000,928317,18816,2029387,46646145]
[null,32,"0032","BLACKSTONE                   ","032",0,0,0,0,0,0,0,0,0,0,0,0,0,0,0,0,0,0,0,0,0,0,0,0,0,0,0,0,0,0,0,0,0,0,0,0]
[null,33,"0033","BLANDFORD                    ","033",0,0,0,0,0,0,0,0,0,0,0,0,0,0,0,0,0,0,0,0,0,0,0,0,0,0,0,0,0,0,0,0,0,0,0,0]
[null,34,"0034","BOLTON                       ","034",0,0,0,0,0,0,0,0,0,0,0,0,0,0,0,0,0,0,0,0,0,0,0,0,0,0,0,0,0,0,0,0,0,0,0,0]
[null,35,"0035","BOSTON                       ","035",1,21731048.600000001,25900787.060000006,0,37972636.630000003,0,0,412169544.46999997,0,0,19012611.030000001,1083494.57,17114156.920000002,66839929.149999969,2695196.6900000004,0,403381.39,4869038.42,0,0,0,404094.62,0,1654091.01,6598757.9000000004,48970.520000000004,91898.9,0,11515768.300000001,5613188.9800000004,0,0,10028490.27,1163978.94,6646055.4099999992,653557119.77999985]
[null,36,"0036","BOURNE                       ","036",1,507295.18200000003,0,0,1170539.6100000001,0,0,11314004.940000001,0,0,884898.1,98432.960000000006,183048.03999999998,798382.23,115812.91,0,0,0,0,12396.91,0,11417.74,0,0,33560.85,13497.23,3592.59,67594.959999999992,169998,3290,0,20699.09,559014.07000000007,32932.79,323710.26,16324118.462000001]
[null,37,"0037","BOXBOROUGH                   ","037",0,0,0,0,0,0,0,0,0,0,0,0,0,0,0,0,0,0,0,0,0,0,0,0,0,0,0,0,0,0,0,0,0,0,0,0]
[null,38,"0038","BOXFORD                      ","038",1,267127,178829,0,392875,0,0,4597172,0,0,506639,1652,212739,693132,109801,0,0,0,0,0,0,78828,0,5339,4360,208230,527,54038,7893,172842,0,0,112252,0,187411,7791686]
[null,39,"0039","BOYLSTON                     ","039",1,75865,22000,0,137780,0,26584,1342581,0,0,56617,44719,32450,158584,37269,0,333,0,0,7177,0,8393,0,0,7005,1424,25285,5992,0,30777,0,2626,0,40,103309,2126810]
[null,40,"0040","BRAINTREE                    ","040",1,1366915.8299999996,0,0,2681446.2600000002,0,0,33574962.109999999,0,0,2225870.8000000003,195896.57,736944.24,2653147.91,465727,0,221132.86000000002,0,0,0,0,0,0,0,89214.840000000011,0,339048.78,254594.58999999997,950.58,328688.2,0,111295.82,1108196.9700000002,6441.29,1937077.03,48297551.680000007]
[null,41,"0041","BREWSTER                     ","041",1,42424,68337,0,448429,0,42191,3291601,0,0,318950,121397,57094,1034493,26102,0,6336,0,0,3345,0,2334,0,3661,14273,19982,16095,18862,840,20419,82,813,145268,1849,33701,5738878]
[null,42,"0042","BRIDGEWATER                  ","042",0,0,0,0,0,0,0,0,0,0,0,0,0,0,0,0,0,0,0,0,0,0,0,0,0,0,0,0,0,0,0,0,0,0,0,0]
[null,43,"0043","BRIMFIELD                    ","043",1,0,0,0,149766,0,36166,1832131,0,0,144359,0,46225,138674,36466,0,0,2788,0,2860,0,4923,0,4600,28037,45,0,37070,0,0,5725,1384,53699,0,84349,2609267]
[null,44,"0044","BROCKTON                     ","044",1,3910533.92,1736764.39,0,6740078.5699999984,0,1687007.72,88403075.710000008,0,0,3570384.8199999994,0,996726.93,8151199.1900000004,531415.08000000007,0,118729.95,0,0,0,0,0,0,179223.65,72992.86,3486482.02,6611.9,0,20708,0,1879215.56,0,5878038.4499999983,153876.90000000002,1989371.23,129512436.85000002]
[null,45,"0045","BROOKFIELD                   ","045",1,0,0,0,178971,0,42773,1405718,0,0,127586,0,23356,230618,42773,0,0,0,0,0,0,4616,0,10782,33352,2424,0,31670,181,0,3736,11970,27782,1994,60511,2240813]
[null,46,"0046","BROOKLINE                    ","046",1,5166883,0,0,3624451,0,0,56587624,0,0,292456,6000,1954971,12648651,1171414,0,2386,165099,0,40495,0,690325,0,240,541729,1039154,112026,38298,1434743,113432,1423413,46637,3211082,0,1348627,91660136]
[null,47,"0047","BUCKLAND                     ","047",0,0,0,0,0,0,0,0,0,0,0,0,0,0,0,0,0,0,0,0,0,0,0,0,0,0,0,0,0,0,0,0,0,0,0,0]
[null,48,"0048","BURLINGTON                   ","048",1,1448203.92,0,0,2685228.9499999997,0,189989.15,29813257.690000001,0,0,0,0,820652.69,2234161.2000000002,647788.16,0,0,132,0,57666.74,0,0,0,37738,213303.25,822460.70000000007,87519.109999999986,139351.63,1037378.41,3245,0,0,1470137.92,0,341825.01,42050039.530000001]
[null,49,"0049","CAMBRIDGE                    ","049",1,3415972.94,1347736.2,0,7229430.7400000002,0,1027944.63,58680153.069999993,0,0,5318039.88,885308.28,1537804.3399999999,8202825.7000000011,1748169.3800000001,0,87321.4,3649608.7600000002,0,187315.99000000002,0,524880.44999999995,0,294549.34999999998,392787.99,1505332.4500000007,32899.18,25302.969999999998,2707634.15,1088980.43,3570.76,149293.6,1911227.7899999998,22604.2,4397286.4000000004,106373981.03000003]
[null,50,"0050","CANTON                       ","050",1,692585,0,0,1521150,0,512300,20776825,0,0,1480909,4865,483852,724132,302058,0,0,1067,0,47124,0,215631.26,0,39588,14476,4551.8,311503,300916,5431,314522,182771,0,1264040,0,1094126,30294423.060000002]
[null,51,"0051","CARLISLE                     ","051",1,176664.6,0,0,386880.18000000005,0,47477.4,5559471.21,0,0,615125.62,0,91599.83,501224.45,144743.95000000001,0,0,0,0,9475,0,70942.2,0,0,0,102713.64,51237.130000000005,54347.450000000004,0,25663.190000000002,0,34713.72,0,10702.029999999999,327234.99,8210216.5900000008]
[null,52,"0052","CARVER                       ","052",1,402455,0,0,905243,0,29170,8557160,0,0,488958,79717,115220,136142,203009,0,0,11366,0,0,0,215795,0,41687,56525,21997,72862,139289,22610,0,652,156861,668783,27514,169039,12522054]
[null,53,"0053","CHARLEMONT                   ","053",0,0,0,0,0,0,0,0,0,0,0,0,0,0,0,0,0,0,0,0,0,0,0,0,0,0,0,0,0,0,0,0,0,0,0,0]
[null,54,"0054","CHARLTON                     ","054",0,0,0,0,0,0,0,0,0,0,0,0,0,0,0,0,0,0,0,0,0,0,0,0,0,0,0,0,0,0,0,0,0,0,0,0]
[null,55,"0055","CHATHAM                      ","055",0,0,0,0,0,0,0,0,0,0,0,0,0,0,0,0,0,0,0,0,0,0,0,0,0,0,0,0,0,0,0,0,0,0,0,0]
[null,56,"0056","CHELMSFORD                   ","056",1,1501792.7599999998,0,0,2148062.19,0,0,29197227.479999997,0,0,357646.29,216892,337597.54,3630453.87,631208.83000000007,0,0,0,0,35075,0,84605.88,0,9494.26,400978.89,109531.79000000001,92714.87,423848.42000000004,167462.34,223368.46000000002,0,137000,1238070.3099999998,0,714743.45,41657774.630000003]
[null,57,"0057","CHELSEA                      ","057",1,1336397.9099999999,6107.2,0,4394927.6500000004,0,23224.95,26060059.350769233,0,0,926608.13000000012,223440,501325.35,3608630.7499999995,291480.38,0,94420.404999999999,1658539.1599999997,0,359655.80923076929,0,39764.25,0,247999.55,255637.80999999997,12103.650000000001,81156.37999999999,355570.58,484442.49999999994,523186.44,0,290047.60000000003,2078150.47,252310.38,292802.96000000002,44397989.615000002]
[null,58,"0058","CHESHIRE                     ","058",0,0,0,0,0,0,0,0,0,0,0,0,0,0,0,0,0,0,0,0,0,0,0,0,0,0,0,0,0,0,0,0,0,0,0,0]
[null,59,"0059","CHESTER                      ","059",0,0,0,0,0,0,0,0,0,0,0,0,0,0,0,0,0,0,0,0,0,0,0,0,0,0,0,0,0,0,0,0,0,0,0,0]
[null,60,"0060","CHESTERFIELD                 ","060",0,0,0,0,0,0,0,0,0,0,0,0,0,0,0,0,0,0,0,0,0,0,0,0,0,0,0,0,0,0,0,0,0,0,0,0]
[null,61,"0061","CHICOPEE                     ","061",1,261336.77,1022552.24,0,5775148.0800000001,0,572073.85,40678319.859999999,0,0,1518254.61,0,0,6117859.75,322983.40000000002,0,117485.32,0,0,4370.3100000000004,0,907933.78999999992,0,919575.07,33877.14,57339.079999999994,159484.46000000002,142586.97,11859,33052.9,0,0,1073402.9099999999,50872.5,719367.9,60499735.909999989]
[null,62,"0062","CHILMARK                     ","062",0,0,0,0,0,0,0,0,0,0,0,0,0,0,0,0,0,0,0,0,0,0,0,0,0,0,0,0,0,0,0,0,0,0,0,0]
[null,63,"0063","CLARKSBURG                   ","063",1,50602,0,0,128686,0,4865,817916,0,0,59514,11776,0,102154,0,0,0,0,0,0,0,3830,0,879,0,0,0,10380,3746,9283,0,38,8662,0,14173,1226504]
[null,64,"0064","CLINTON                      ","064",1,186447.95,252859.13,0,887679.55,0,96072,9434497.2400000002,0,0,800729.36,0,123461.67000000001,604535.07000000007,158034.98000000001,0,0,1000,0,0,0,59356,0,1450,116751,96837.84,61308.479999999996,17749.93,17803.739999999998,21122.59,11291,26647.760000000002,611963.88,16980.240000000002,209507.02000000002,13814086.430000002]
[null,65,"0065","COHASSET                     ","065",1,382407.65,271695.09000000008,0,823195.94,0,0,9823892.9400000051,0,0,428461.04,326973,97183,601641.78,167177.91999999998,0,0,0,0,6500,0,92445,0,16173,44974.92,22962.58,45572.7,139881.71,413,16962.87,1481.6599999999999,23978.1,643995.3600000001,18395.060000000001,173092.68,14169457.000000002]
[null,{"$f":"B70+1","v":66},"0066","COLRAIN                      ","066",0,0,0,0,0,0,0,0,0,0,0,0,0,0,0,0,0,0,0,0,0,0,0,0,0,0,0,0,0,0,0,0,0,0,0,0]
[null,67,"0067","CONCORD                      ","067",1,368072.42,346103.63,0,1355335.64,0,212988.28,16709335.289999999,0,0,1421617.08,161528.6,142189.57,3668088.41,550252.5,0,72326.38,51391.5,0,24964.95,0,269831.94,0,98329.68,97523.59,49955.46,53237.72,392853.74000000005,162691.96000000002,278131.81,5797.36,70755.3,725114.27,14121.14,358991,27661529.219999995]
[null,68,"0068","CONWAY                       ","068",1,44357,0,0,142147,0,0,743411,0,0,111890,0,18632,101274,58054,0,0,9266,0,750,0,0,0,0,3755,1777,3014,18073,16158,6907,19833,5129,0,5443,73871,1383741]
[null,69,"0069","CUMMINGTON                   ","069",0,0,0,0,0,0,0,0,0,0,0,0,0,0,0,0,0,0,0,0,0,0,0,0,0,0,0,0,0,0,0,0,0,0,0,0]
[null,70,"0070","DALTON                       ","070",0,0,0,0,0,0,0,0,0,0,0,0,0,0,0,0,0,0,0,0,0,0,0,0,0,0,0,0,0,0,0,0,0,0,0,0]
[null,71,"0071","DANVERS                      ","071",1,1082947.8900000001,0,0,1733611.9699999997,0,0,20614260.649999999,0,0,1311446.4299999997,152116.24,204813.65000000002,2159361.85,287792.77999999997,0,419.97,0,0,0,0,1091269.1100000001,0,90635.68,467212.95999999996,56363.01,465088.35,202311.87,0,0,0,251819.29,676265.34,18560.370000000003,1234999.1099999999,32101296.52]
[null,72,"0072","DARTMOUTH                    ","072",1,561637.55999999994,32769,0,2268107,0,1292,20604340.84,0,0,865256.38,36091,278024.52,1715150.91,275273,0,0,914432,0,3765,0,231280.95,0,7790,136891,40098,0,310673.3,86246.3,207871.84,0,0,1517778.58,33157,375596.39999999997,30503522.579999998]
[null,73,"0073","DEDHAM                       ","073",1,1281415.1200000001,86218.5,0,1639848.2200000002,0,0,18981333.859999999,0,0,1476770.2399999998,397000.89,185100.59,1985243.94,503029.43,0,3848.31,784730.76,0,23803,0,168278.51,0,107078.9,346074.71999999991,35022.33,41702.11,338684.33,18012.21,43150,0,159512.76999999999,1403747.9499999997,54076.56,567223.19999999995,30630906.449999992]
[null,74,"0074","DEERFIELD                    ","074",1,125215,0,0,275176,0,0,1935521,0,0,287211,57132,53396,317593,52005,0,0,19832,0,4500,0,1470,0,21623,4373,8617,7531,34318,62206,28947,22582,22443,0,51854,73790,3467335]
[null,75,"0075","DENNIS                       ","075",0,0,0,0,0,0,0,0,0,0,0,0,0,0,0,0,0,0,0,0,0,0,0,0,0,0,0,0,0,0,0,0,0,0,0,0]
[null,76,"0076","DIGHTON                      ","076",0,0,0,0,0,0,0,0,0,0,0,0,0,0,0,0,0,0,0,0,0,0,0,0,0,0,0,0,0,0,0,0,0,0,0,0]
[null,77,"0077","DOUGLAS                      ","077",1,229149.12000000002,0,0,723275.99,0,0,6161670.5800000001,0,0,497889.46,24350,64807.5,1220051.69,37223.75,0,0,0,0,0,0,33523.1,0,2500,450,87714.599999999991,39098.240000000005,0,0,57932.13,191.44,17703.55,369458.99,12776.09,126519.74999999999,9706285.9800000004]
[null,78,"0078","DOVER                        ","078",1,204383.65,21002.21,0,363348.92000000004,0,0,3664972.07,0,0,252503.86,20536,31831.64,615620.89,102697.5,0,0,0,0,4025.39,0,31942.5,0,14019.98,70315.360000000001,21449.510000000002,0,65861.88,25176.100000000002,6474.93,0,0,97548,0,69437.5,5683147.8899999987]
[null,79,"0079","DRACUT                       ","079",1,384671,37986,0,1425095,0,0,15530523,0,0,301042,222657,232910,1724179,47542,0,2946,0,0,19115,0,26806,0,13194,95133,15077,49053,307783,6639,0,50114,49877,382830,10330,579033,21514535]
[null,80,"0080","DUDLEY                       ","080",0,0,0,0,0,0,0,0,0,0,0,0,0,0,0,0,0,0,0,0,0,0,0,0,0,0,0,0,0,0,0,0,0,0,0,0]
[null,81,"0081","DUNSTABLE                    ","081",0,0,0,0,0,0,0,0,0,0,0,0,0,0,0,0,0,0,0,0,0,0,0,0,0,0,0,0,0,0,0,0,0,0,0,0]
[null,82,"0082","DUXBURY                      ","082",1,220579,603200,0,1588727.98,0,0,18309561,0,0,540126.65999999992,60960,294681,1071359,255223,0,0,0,0,1500,0,21359,0,135682.1,132351.09,472810.69,29082,3770,3489,299389,65508,286122,1147712,0,421020,25964212.520000003]
[null,83,"0083","EAST BRIDGEWATER             ","083",1,206485,138590,0,947797,0,93196,10754753,0,0,622878,90378,146315,492397,146001,0,0,0,0,0,0,23252,0,0,254122,47492,16350,52601,118945,259941,0,21785,899241,17654,426802,15776975]
[null,84,"0084","EAST BROOKFIELD              ","084",0,0,0,0,0,0,0,0,0,0,0,0,0,0,0,0,0,0,0,0,0,0,0,0,0,0,0,0,0,0,0,0,0,0,0,0]
[null,85,"0085","EASTHAM                      ","085",1,15588,25117,0,219302,0,18771,1813734,0,0,143284,0,50770,314123,40201,0,2328,0,0,3696,0,350,0,6114,1104,11652,5579,10703,8916,25331,21407,0,81374,1604,4420,2825468]
[null,86,"0086","EASTHAMPTON                  ","086",1,192273,0,0,900243,0,0,7017525.8800000008,0,0,176850.19,0,169289.31,1198585.1199999999,70501.05,0,0,18464.64,0,0,0,3226,0,12527.07,58006.33,35731.919999999998,3980.79,83459.884000000005,89804.49,86381.37999999999,1243.79,0,384302.92000000004,1668,193921.88,10697986.644000001]
[null,87,"0087","EAST LONGMEADOW              ","087",1,334587,80478,0,1383924,0,1151,14753344,0,0,1290627,94449,244992,1578781,253332,0,0,465754,0,0,0,319160,0,0,148843,8496,91923,303836,1666,96434,1686,73356,1071251,0,329529,22927599]
[null,88,"0088","EASTON                       ","088",1,529572,122663.99,0,1823906.7999999998,0,297022.18999999994,20289635.670000002,0,0,1529145.7999999998,72367.360000000001,319901.27,1332454.5799999998,320873.96999999997,0,6009.9699999999993,172195.97,0,37700,0,154669.94999999998,0,68614.459999999992,226268.42,27416.34,114323.73000000001,266301.69,189767.83,337051.43000000005,0,0,1309318.96,3798.94,536422.58000000007,30087403.899999999]
[null,89,"0089","EDGARTOWN                    ","089",1,107966,104950,0,462317,0,73598,3602496,0,0,39136,0,61945,1040782,120578,0,0,0,0,192,0,25201,0,10690,102432,10581,8797,63064,77355,44149,7919,9082,213402.64,0,54097,6240729.6399999997]
[null,90,"0090","EGREMONT                     ","090",0,0,0,0,0,0,0,0,0,0,0,0,0,0,0,0,0,0,0,0,0,0,0,0,0,0,0,0,0,0,0,0,0,0,0,0]
[null,91,"0091","ERVING                       ","091",1,26500,11361,0,187194,0,0,1254217,0,0,196770,0,27124,393768,69724,0,0,0,0,0,0,1560,0,18187,10944,5006,4770,10576,8236,0,0,2653,0,72,75533,2304195]
[null,92,"0092","ESSEX                        ","092",0,0,0,0,0,0,0,0,0,0,0,0,0,0,0,0,0,0,0,0,0,0,0,0,0,0,0,0,0,0,0,0,0,0,0,0]
[null,93,"0093","EVERETT                      ","093",1,1182037,0,0,4825575,0,365710,42145108,0,0,2706917,1189785,0,2350119,617534,0,0,0,0,0,0,1228173,0,242055,229018,9182,234998,1474976,0,0,29198,0,1771076,0,192207,60793668]
[null,94,"0094","FAIRHAVEN                    ","094",1,245928.55,7029,0,1263359.0599999998,0,50637.040000000008,9951071.8599999994,0,0,0,0,166896.41999999998,842273.07,51483,0,910,0,0,0,0,53630.66,0,10150,84753.26,2377.31,15881.62,166965.82999999999,140244.9,6917.3600000000006,242638.56,61673.320000000007,660714.28999999992,2541.46,140428,14168504.57]
[null,95,"0095","FALL RIVER                   ","095",1,1933356,0,0,5350063,0,43032,45589251,0,0,2469003,0,760591,5242137,52495,0,0,0,0,129368,0,0,0,0,447565,4100,0,317437,900420,0,0,0,3278440,0,785983,67303241]
[null,96,"0096","FALMOUTH                     ","096",1,1821033,0,0,2194318,0,0,22314262.240000002,0,0,348158,0,431928,2333847,497696,0,0,0,0,0,0,0,0,15508,137380.16999999998,70682,39548,277823,472102.42,141571.83000000002,6217,27459,1564409,1566,447065,33142573.660000004]
[null,97,"0097","FITCHBURG                    ","097",1,653645.6,581795,0,2735177.9800000004,0,0,24077506.349999998,0,0,1081880.28,362147,265424,2541816.2999999998,65771,0,0,0,0,5000,0,51277,0,23283.54,71678.48,0,100768,36731.259999999995,13729.45,45528.959999999999,44739.87,0,1283172.8299999998,41455.040000000001,712293.8,34794821.740000002]
[null,98,"0098","FLORIDA                      ","098",1,24728,0,0,113326,0,4767,572711,0,0,36348,0,712,100723,0,0,0,0,0,0,0,2501,0,3167,3148,0,220,11732,2549,18089,0,0,2076,0,4500,901297]
[null,99,"0099","FOXBOROUGH                   ","099",1,650098.26,0,0,2058586.12,0,6144.7300000000005,17538529.419999998,0,0,379425.95,56967.31,221382.39,1381992.91,225815.09,0,0,0,0,90060.68,0,128042.61,0,0,189506,40633.17,51283.299999999996,305764.33999999997,14235.710000000001,70346.5,0,4582.8500000000004,1251314.6399999997,29331.46,305378.71999999997,24999422.16]
[null,100,"0100","FRAMINGHAM                   ",100,1,3061607,1151673,0,5832415,0,59022,56557845,0,0,3837784,0,1204325,7228297,465962,0,57930,0,0,0,0,0,0,384957,66157,43582,583446,653830,20799,86850,264,105263,3901888,38053,1057479,86399428]
[null,101,"0101","FRANKLIN                     ",101,1,639292.01,1012589,0,3403659,0,439,29054563,0,0,2776192,227784,350732,1275665,201096,0,0,1072984,0,232975,0,207653,0,81600,396141,31200,105351,413031,10913,338536,0,82408,1265724,18989,832219,44031735.009999998]
[null,102,"0102","FREETOWN","102",0,0,0,0,0,0,0,0,0,0,0,0,0,0,0,0,0,0,0,0,0,0,0,0,0,0,0,0,0,0,0,0,0,0,0,0]
[null,103,"0103","GARDNER                      ",103,1,190597.62,0,0,1315823.01,0,17844.830000000002,10622084.23,0,0,620751.48,144452.75000000003,100314.48999999999,1264316.93,0,0,0,188701.95,0,0,0,49582.909999999996,0,0,65692.47,15734.58,51386.310000000005,42471.76,26280.41,22016.649999999998,0,257909,1004337.9700000002,31583,177392.54,16209274.890000002]
[null,104,"0104","GAY HEAD                     ",104,0,0,0,0,0,0,0,0,0,0,0,0,0,0,0,0,0,0,0,0,0,0,0,0,0,0,0,0,0,0,0,0,0,0,0,0]
[null,105,"0105","GEORGETOWN                   ",105,1,335657.31999999995,0,0,682744.65999999992,0,183097.04,7304545.290000001,0,0,467968.96,108229.3,156937.49,664243.48,114119.42,0,116904.1,0,0,17260,0,22521.58,0,3302.86,57004.429999999993,63796.079999999994,6563.07,49278.89,131509.32,59883.18,0,3400.75,471413.56,18658.91,0,11039039.690000003]
[null,106,"0106","GILL                         ",106,0,0,0,0,0,0,0,0,0,0,0,0,0,0,0,0,0,0,0,0,0,0,0,0,0,0,0,0,0,0,0,0,0,0,0,0]
[null,107,"0107","GLOUCESTER                   ",107,1,259867.31999999998,0,0,1973594.23,0,307489.71999999997,19249704.080000002,0,0,981540.66,0,468373.98000000004,2434758.9999999995,58637.8,0,643,74674.86,0,147007.54999999999,0,0,0,278923.07,211329.41000000003,0,50697.079999999994,190448.25999999998,0,38705.43,0,3496,517842.78,19616.27,490095.56000000006,27757446.060000002]
[null,108,"0108","GOSHEN                       ",108,0,0,0,0,0,0,0,0,0,0,0,0,0,0,0,0,0,0,0,0,0,0,0,0,0,0,0,0,0,0,0,0,0,0,0,0]
[null,109,"0109","GOSNOLD                      ","109",1,0,0,0,0,0,0,43497,0,0,0,0,0,0,0,0,0,0,0,0,0,335,0,0,567,761,0,801,360,0,0,0,0,0,0,46321]
[null,110,"0110","GRAFTON                      ",110,1,293654.47000000003,338291.53,0,1618207.9000000001,0,640041.7100000002,16697247.176666671,0,0,1259466.4900000002,0,422365,2883376.6700000004,175980.06999999995,0,3499.79,0,0,14962.92,0,39624.15,0,13329.41,40391.970000000008,13600.439999999999,60860.829999999994,141783.79,35205.310000000019,0,0,0,423692.06,0,409972.22000000003,25525553.906666666]
[null,111,"0111","GRANBY                       ",111,1,330421,232757,0,0,0,0,3119448,0,0,385816,0,83917,321833,67381,0,0,0,0,0,0,7642,0,0,1081,184,32485,41342,158150,2574,0,1598,325725,0,225210,5337564]
[null,112,"0112","GRANVILLE                    ",112,0,0,0,0,0,0,0,0,0,0,0,0,0,0,0,0,0,0,0,0,0,0,0,0,0,0,0,0,0,0,0,0,0,0,0,0]
[null,113,"0113","GREAT BARRINGTON             ",113,0,0,0,0,0,0,0,0,0,0,0,0,0,0,0,0,0,0,0,0,0,0,0,0,0,0,0,0,0,0,0,0,0,0,0,0]
[null,114,"0114","GREENFIELD                   ",114,1,159874,0,0,1205443.48,0,0,7578029,0,0,53743,0,382866,1744409,0,0,39712,0,0,37737,0,3505,0,50620,80429.929999999993,27079,0,80282,71645,32082,0,22177,530092,22949,0,12122674.41]
[null,115,"0115","GROTON                       ",115,0,0,0,0,0,0,0,0,0,0,0,0,0,0,0,0,0,0,0,0,0,0,0,0,0,0,0,0,0,0,0,0,0,0,0,0]
[null,116,"0116","GROVELAND                    ",116,0,0,0,0,0,0,0,0,0,0,0,0,0,0,0,0,0,0,0,0,0,0,0,0,0,0,0,0,0,0,0,0,0,0,0,0]
[null,117,"0117","HADLEY                       ",117,1,172286.79,0,0,317667.24,0,127881.56999999999,2677392.7399999998,0,0,0,0,69483,385507.92000000004,99516.26999999999,0,0,0,0,0,0,229.75,0,29360.859999999997,13934.25,0,0,61764.44,124514.84999999999,0,0,0,73557.52,0,93086.81,4246184.01]
[null,118,"0118","HALIFAX                      ",118,1,56994.31,0,0,272317.42000000004,0,0,3131351.1399999997,0,0,83037,0,60546.61,195937.81,55070.44,0,0,0,0,0,0,92369.829999999987,0,0,11418.13,59058.479999999996,0,6713.04,8320,25751.97,11877.89,0,0,0,220304.82,4291068.8899999997]
[null,119,"0119","HAMILTON                     ",119,0,0,0,0,0,0,0,0,0,0,0,0,0,0,0,0,0,0,0,0,0,0,0,0,0,0,0,0,0,0,0,0,0,0,0,0]
[null,120,"0120","HAMPDEN                      ",120,0,0,0,0,0,0,0,0,0,0,0,0,0,0,0,0,0,0,0,0,0,0,0,0,0,0,0,0,0,0,0,0,0,0,0,0]
[null,121,"0121","HANCOCK                      ",121,1,33057.54,0,0,85008.1,0,0,333357.38,0,0,0,0,3337.5,77821.97,0,0,0,0,0,0,0,0,0,6635.45,4221.34,0,0,8174.3899999999994,0,4153.76,0,0,0,0,0,555767.42999999993]
[null,122,"0122","HANOVER                      ",122,1,708249.34000000008,0,0,1472582.65,0,0,15947643.75,0,0,286348.39999999997,339617.08,169795.5,1498660.2,235386.47,0,25797.15,259360,0,7680,0,140877.47999999998,0,10500,64260.409999999996,8933.85,3516.8500000000004,216178.53,117286.25,0,0,69900,874476.72,0,296230,22753280.629999999]
[null,123,"0123","HANSON                       ",123,0,0,0,0,0,0,0,0,0,0,0,0,0,0,0,0,0,0,0,0,0,0,0,0,0,0,0,0,0,0,0,0,0,0,0,0]
[null,124,"0124","HARDWICK                     ",124,0,0,0,0,0,0,0,0,0,0,0,0,0,0,0,0,0,0,0,0,0,0,0,0,0,0,0,0,0,0,0,0,0,0,0,0]
[null,125,"0125","HARVARD                      ",125,1,251203.71999999997,99464.41,0,695050.02,0,369856.86,6318735.5600000005,0,0,63222.92,0,156415.28999999998,640483.08000000007,125232.14,0,0,0,0,0,0,103348.43,0,600,158063.04000000001,102365.35,29900.5,0,17300,0,0,11160,338195.30000000005,0,0,9480596.6199999992]
[null,126,"0126","HARWICH                      ",126,0,0,0,0,0,0,0,0,0,0,0,0,0,0,0,0,0,0,0,0,0,0,0,0,0,0,0,0,0,0,0,0,0,0,0,0]
[null,127,"0127","HATFIELD                     ",127,1,67627,0,0,319772,0,0,2411013,0,0,269991,0,37275,188030,73848,0,0,0,0,0,0,13524,0,0,48755,3460,0,12093,901,0,0,0,64707,0,53526,3564522]
[null,128,"0128","HAVERHILL                    ",128,1,1074810,0,0,3942310,0,0,34114355,0,0,2097055,45720,366499,4000109,280901,0,0,73521,0,8031,0,36415,0,15000,450506,332431,356657,476616,135994,108499,428370,6000,1986223,1008697,904579,52249298]
[null,129,"0129","HAWLEY                       ",129,0,0,0,0,0,0,0,0,0,0,0,0,0,0,0,0,0,0,0,0,0,0,0,0,0,0,0,0,0,0,0,0,0,0,0,0]
[null,{"$f":"B134+1","v":130},"0130","HEATH                        ",130,0,0,0,0,0,0,0,0,0,0,0,0,0,0,0,0,0,0,0,0,0,0,0,0,0,0,0,0,0,0,0,0,0,0,0,0]
[null,131,"0131","HINGHAM                      ",131,1,797281,41632,0,2326563,0,924930,24934725,0,0,1416701,215774,364534,2605840,676899,0,0,0,0,27665,0,157541,0,77919,315539,38844,34636,306429,10512,0,0,0,2073236,0,507713,37854913]
[null,132,"0132","HINSDALE                     ",132,0,0,0,0,0,0,0,0,0,0,0,0,0,0,0,0,0,0,0,0,0,0,0,0,0,0,0,0,0,0,0,0,0,0,0,0]
[null,133,"0133","HOLBROOK                     ",133,1,154868.38,112821.94,0,608842.23,0,0,5678403.1600000001,0,0,376538.36,0,164636.1,169617.5,99373,0,0,0,0,0,0,30220,0,0,81982,2483.08,0,44347.82,192299.32,0,0,0,473073.97,847.5,137536,8327890.3600000003]
[null,134,"0134","HOLDEN                       ",134,0,0,0,0,0,0,0,0,0,0,0,0,0,0,0,0,0,0,0,0,0,0,0,0,0,0,0,0,0,0,0,0,0,0,0,0]
[null,135,"0135","HOLLAND                      ",135,1,0,0,0,150952,0,9896,1021086,0,0,120472,18354,20000,182728,9491,0,0,0,0,7030,0,4233,0,0,7383,569,0,12916,0,0,1666,1973,59640,0,27028,1655417]
[null,136,"0136","HOLLISTON                    ",136,1,958945.7699999999,655897.35,0,1507662.15,0,17224.560000000001,16531560.49,0,0,385349.69999999995,50716.81,257592.03,2267031.8199999998,137715.78999999998,0,30264,162.5,0,8700,0,102319.98,0,0,26565.239999999998,35715.960000000006,7165.49,252942.77,24398.149999999998,173031.71,122039.92,3551,1240810.83,69330.95,260780.78000000003,25127475.749999996]
[null,137,"0137","HOLYOKE                      ",137,1,786375,1152054,0,3491372,0,21400,24537214,0,0,2592018,212078,491789,5096857,69278,0,0,75363,0,107553,0,7590,0,11894,0,360458,35193,11823,1083872,24577,44430,11220,1371778,99286,411435,42106907]
[null,138,"0138","HOPEDALE                     ",138,1,161896,168996,0,556731,0,833,6208814,0,0,534426,4785,50014,945328,139083,0,0,0,0,0,0,32658,0,0,27331,3474,29574,126869,21295,43724,94,9973,349563,0,186870,9602331]
[null,139,"0139","HOPKINTON                    ",139,1,182216.74,0,0,1770090.08,0,7340.33,23465240.09,0,0,1210670,0,237107.38999999998,1453388.12,324565.5,0,0,0,0,36449.619999999995,0,167101.62,0,895,145368.25,138179.23000000001,17217.900000000001,202025.97,24813.24,469058.09,19283.61,115469,1579548.79,3454.08,322023.27,31891505.919999994]
[null,140,"0140","HUBBARDSTON                  ",140,0,0,0,0,0,0,0,0,0,0,0,0,0,0,0,0,0,0,0,0,0,0,0,0,0,0,0,0,0,0,0,0,0,0,0,0]
[null,141,"0141","HUDSON                       ",141,1,462465.81999999995,505926.13,0,1440881.07,0,7493.2800000000007,17844684.440000001,0,0,1917278.6500000001,144205.18,272128.36,1709851.95,302481,0,335988.5,223561.31,0,25177.050000000003,0,82487.425000000003,0,8643.1,19274.669999999998,149602.59999999998,27597.840000000004,40223.640000000007,1606.9900000000002,365679.87,0,66713.87,813825.80999999994,20568.059999999998,731617.85000000009,27519964.465000004]
[null,142,"0142","HULL                         ",142,1,141925,0,0,964767,0,284892,6403089,0,0,392530,118766,101590,378013,85155,0,62100,0,0,0,0,0,0,0,52600,17605,0,45235,13735,55524,0,12627,406735,10427,224226,9771541]
[null,143,"0143","HUNTINGTON                   ",143,0,0,0,0,0,0,0,0,0,0,0,0,0,0,0,0,0,0,0,0,0,0,0,0,0,0,0,0,0,0,0,0,0,0,0,0]
[null,144,"0144","IPSWICH                      ",144,1,539580,40799,0,1254576.51,0,204,11282592.880000001,0,0,1339186.55,110361,159496,926145.97,238690.12,0,3000,0,0,70200,0,51667.719999999994,0,25214.960000000003,43285.520000000004,114754.99,61535.229999999996,117227.43,149857.85,104790.94,7625,74043.22,634166.22,17407,283248.54000000004,17649656.650000002]
[null,145,"0145","KINGSTON                     ",145,1,98205.6,0,0,530344.22,0,0,4974379.75,0,0,131566,0,131602.79999999999,311136.21000000002,202885.28,0,0,0,0,0,0,23003.95,0,0,41965.590000000004,81293.41,0,0,415.5,35235.83,27069.58,0,0,0,662786.63,7251890.3500000006]
[null,146,"0146","LAKEVILLE","146",0,0,0,0,0,0,0,0,0,0,0,0,0,0,0,0,0,0,0,0,0,0,0,0,0,0,0,0,0,0,0,0,0,0,0,0]
[null,147,"0147","LANCASTER                    ",147,0,0,0,0,0,0,0,0,0,0,0,0,0,0,0,0,0,0,0,0,0,0,0,0,0,0,0,0,0,0,0,0,0,0,0,0]
[null,148,"0148","LANESBOROUGH                 ",148,1,26150.230000000003,0,0,154391.25,0,68928.37,1186610.1099999999,0,0,151357.32999999999,0,25529.5,180171,44953.96,0,1203.52,0,0,5850,0,0,0,0,0,14821.52,0,0,6560,0,0,0,35829.94,0,35829.94,1938186.67]
[null,149,"0149","LAWRENCE                     ",149,1,2778071,0,0,15181075.84,0,0,68536749,0,0,1413932,1814531,17210,10296411.460000001,196024,0,94689,0,0,0,0,26253,0,728884,132799,9634,0,3449273.48,126375,331818,0,0,3670456,0,874574,109678759.78000002]
[null,150,"0150","LEE                          ",150,1,126563.5,0,0,484170.59,0,20324.989999999998,3946851.1799999997,0,0,272154.66000000003,21662.97,128042.22,581965.69999999995,92728.06,0,28339.23,0,0,4000,0,0,0,0,25028.86,58857.770000000004,37613.020000000004,19711.810000000001,6661.55,849.89,54641.88,51149.19,273871.95,849,136376.26,6372414.2799999984]
[null,151,"0151","LEICESTER                    ",151,1,158861.80000000002,220905.34000000003,0,980425.4,0,0,7736661.21,0,0,56929.07,0,129295.87,941502.87,160727.19,0,13270.61,0,0,0,0,307486.59000000003,0,60114.6,0,44157.88,64092.3,34434.639999999999,7725,40835.31,0,0,350049.32000000007,8297.5499999999993,458162.2,11773934.75]
[null,152,"0152","LENOX                        ",152,1,144510.69999999998,0,0,469309.92000000004,0,0,4563860.51,0,0,20835,12662.16,108028.06,617759.72,100610.73999999999,0,0,116747.12000000001,0,9991.58,0,27635.86,0,23598,56238.340000000004,16753.61,55095.89,143551.09,60888.58,133777.79999999999,5247.9400000000005,47599.360000000001,240095.85,8025.5,11036.939999999999,6993860.2700000005]
[null,153,"0153","LEOMINSTER                   ",153,1,364793,414862,0,3385396,0,0,28878143,0,0,903623,166968,352629,4851283,333997,0,40539,0,0,32375,0,1542,0,20091,331152,54966,29940,124205,44629,121257,30672,7497,1280520,218129,767721,42756929]
[null,154,"0154","LEVERETT                     ",154,1,25601,11260,0,143546,0,0,774936,0,0,22866,17312,0,191571,47309,0,0,0,0,0,0,620,0,2189,6826,2918,0,12228,3791,0,0,12824,0,894,44704,1321395]
[null,155,"0155","LEXINGTON                    ",155,1,3620232,631845,0,5834379,0,0,50149141,0,0,4776811,620407,800529,6489931,1039160,0,88460,0,0,274909,0,723348,0,192604,531413,184151,694857,739731,94067,312599,3258,136840,4354605,4370,709718,83007365]
[null,156,"0156","LEYDEN                       ",156,0,0,0,0,0,0,0,0,0,0,0,0,0,0,0,0,0,0,0,0,0,0,0,0,0,0,0,0,0,0,0,0,0,0,0,0]
[null,157,"0157","LINCOLN                      ",157,1,262333,153947,0,448838,0,116311,5189021,0,0,346910,189505,73809,336718,133496,0,0,167053,0,12321,0,40920,0,16156,9151,53646,60355,40963,101448,110535,10107,2151,0,18799,187510,8082003]
[null,158,"0158","LITTLETON                    ",158,1,346236,500,0,959823,0,56235,8221427,0,0,533695,0,149000,1050953,111916,0,24160,0,0,43837,0,77674,0,11965,125508,187675,0,11852,52116,67020,5099,1000,450523,19234,473727,12981175]
[null,159,"0159","LONGMEADOW                   ",159,1,334796.40000000002,0,0,1639801.79,0,82765.69,17231005.490000002,0,0,1139616.25,179280.58999999997,216333.05,2143911.88,284877.14,0,67513.320000000007,228580.67,0,0,0,22200.79,0,45574.2,331330.96999999997,92438.51999999999,71986,157261.74000000002,18679.349999999999,11550.09,143991.51999999999,233937.25,1007513.77,150095,161594,25996635.469999999]
[null,160,"0160","LOWELL                       ",160,1,1919565.3399999999,1795114.52,0,8490757.9100000001,0,256546.69,76758506.679999992,0,0,4224055.1100000003,1326258.6499999999,1460732.25,10696285.199999999,633746.72000000009,0,0,0,0,372716.49,0,825286.58000000007,0,0,138822.03000000003,16783.71,0,956712.05,1663377.96,828257.46,148984.84,162891.28,3391901.1700000004,14406.26,1232740.98,117314449.87999998]
[null,161,"0161","LUDLOW                       ",161,1,721195,351622,0,1466293,0,0,14537464,0,0,1174975,190282,253564,1891165,400519,0,1227,15097,0,3936,0,6077,0,10146,64974.450000000004,28720,48533,162269,23152.18,116371,5255,0,890118,7146,267844,22637944.629999999]
[null,162,"0162","LUNENBURG                    ",162,1,295829.53000000003,0,0,911059,0,0,8270111,0,0,600250,27552,220759,776982.54,159530,0,0,24292,0,0,0,3863,0,7712.57,3689,230670.4,25692,39594.32,3750,26475,0,0,542633.68999999994,0,147227,12317672.050000001]
[null,163,"0163","LYNN                         ",163,1,3838842,0,0,7300658.3900000006,0,742190,75154424,0,0,2139436,0,3262897.25,7008044,408414,0,1374825,341718,0,314693,0,1121716,0,0,2262389,948786,32664,155444,351468,4246,0,0,2912934,1190585,913652,111780025.64]
[null,164,"0164","LYNNFIELD                    ",164,1,824312,0,0,1176839,0,166130,14434654,0,0,785197.09,166492,129664,970480,332844,0,0,0,0,0,0,119536,0,17970,48927,38747,39386,234160,0,48874,4994,0,447536,34489,487659,20508890.09]
[null,165,"0165","MALDEN                       ",165,1,3100062.9899999998,52151.98,0,3455389.5300000007,0,404896.36,32498662.129999999,0,0,1316468.6400000001,299288.64,335903.22,3876955.59,142124.62,0,0,78251.960000000006,0,0,0,0,0,79252.37999999999,40232.06,5697,482198.16000000003,239368.5,14665.63,913163.90999999992,0,63080.94,2426405.42,0,503685.53,50327905.189999998]
[null,166,"0166","MANCHESTER                   ",166,0,0,0,0,0,0,0,0,0,0,0,0,0,0,0,0,0,0,0,0,0,0,0,0,0,0,0,0,0,0,0,0,0,0,0,0]
[null,167,"0167","MANSFIELD                    ",167,1,881425.65,81794.58,0,2162716.9500000002,0,143613.80000000002,25478222.699999999,0,0,1420589.4600000002,214732.48,491580.8,1593684.1300000001,224300.56,0,24352.99,5238.5200000000004,0,195423.99999999997,0,264398.10000000003,0,37664.26,255527.2,21685.439999999999,60430.69,442381.19000000006,10221.19,209753.56,0,0,1017714.6799999999,2912.72,859079.17000000016,36099444.82]
[null,168,"0168","MARBLEHEAD                   ",168,1,706062,411181,0,1702269,0,382529,19791112,0,0,1250992,0,368969,2597562.61,298917,0,14536,0,0,0,0,9055,0,129904,50369,59055,30417,219290,14194,247497,0,0,1244842,10881,574588,30114221.609999999]
[null,169,"0169","MARION                       ",169,1,38948.409999999996,0,0,277420.23,0,49718.47,2974333.05,0,0,0,31763.16,48437.88,444183.58,79264,0,0,53898.36,0,0,0,5287.78,0,0,19334.77,0,0,42364.740000000005,59306.59,19491.919999999998,0,0,55788.36,0,176269.28000000003,4375810.58]
[null,170,"0170","MARLBOROUGH                  ",170,1,3650638.23,286648.75,0,2170028.36,0,0,28644484.199999996,0,0,2030725.7500000005,0,432598.13999999996,4669827.7300000004,375926.44,0,0,0,0,33165.58,0,106981.5,0,108864.09,542149.55000000005,38807.67,22115.67,194533.96,147501.41,0,0,0,1837804.7500000002,24221.91,361490.28,45678513.969999991]
[null,171,"0171","MARSHFIELD                   ",171,1,611296.00000000012,386148.47,0,2451933.38,0,248061.89,22950622.529999997,0,0,1422161.9199999997,233766.86000000002,360571.9,3017571.07,166585.22999999998,0,0,0,0,12895.5,0,104158.14,0,12237.39,195418.46,16147.82,176413.18,267325.05,88605.36,92278.94,1187.67,24679.9,1271005.0900000001,20796.849999999999,580540,34712408.600000001]
[null,172,"0172","MASHPEE                      ",172,1,260829,56811,0,1115534,0,9170,10204198,0,0,585882,70732,181299,848116,254222,0,25512,0,0,0,0,60168,0,135143,36871,41408,122799,116069,203111,62450,0,43157,948151,8453,284829,15674914]
[null,173,"0173","MATTAPOISETT                 ",173,1,47189.45,0,0,376090.04,0,94940.13,3082572.07,0,0,0,47944.46,19252.79,582756.48,90667.6,0,0,26875,0,0,0,39290.80999999999,0,0,0,4542.8599999999997,26588.87,31973.339999999997,57983.08,7405.64,0,0,97394.559999999998,0,184426.41999999998,4817893.5999999987]
[null,174,"0174","MAYNARD                      ",174,1,136312.62,348968.23999999993,0,773985.03,0,0,7688962.4900000002,0,0,501377.71,0,180264.25,889198.32000000007,197582.82,0,3709.94,172181.32,0,81832.739999999991,0,6611.65,0,56818.81,2295.4699999999998,1648.44,66175.7,116919.8,51866.07,82077.489999999991,0,27069.739999999998,718426.5,33978.689999999995,182304.79,12320568.630000003]
[null,175,"0175","MEDFIELD                     ",175,1,566558.20000000007,152876,0,1515980.5500000003,0,96141.85,17003792.469999999,0,0,863990.59000000008,240389.2,154863.85999999999,1220377.44,509232.49,0,118239.6,0,0,2750,0,105729.73,0,710.03,117287.43,45385.27,14370.18,271864.94,13578.23,180644.79,0,72560.240000000005,1065217.95,2464.1799999999998,408056.42,24743061.640000001]
[null,176,"0176","MEDFORD                      ",176,1,2492135.1700000004,2818263.4200000004,0,2656787.2800000003,0,0,27425894.59,0,0,1686580.8599999999,0,382828.95,2221966.7599999998,385153.77999999997,0,29459.010000000002,0,0,17832.809999999998,0,300,0,3977.08,129721.18000000001,35543.870000000003,226605.07,204245.90999999997,25677.96,100000,109775,0,1693578.6700000002,0,566839.28,43213166.649999999]
[null,177,"0177","MEDWAY                       ",177,1,724810.82,163191.98000000001,0,1237340.08,0,162287,12247341.789999999,0,0,894402.2,228096.84999999998,229545.85,1123381.72,147646.66999999998,0,0,447990.48000000004,0,0,0,95055.29,0,408.98,60623.82,3992.59,26754.3,68192.110000000015,65528.800000000003,0,0,180558.85,741843.03,0,425811.62,19274804.830000002]
[null,178,"0178","MELROSE                      ",178,1,896317.4,370351.75,0,1592226.77,0,0,15008460.9,0,0,1265900.94,146777.74,85728.6,1498678.9500000002,108859.45999999999,0,0,217070.88,0,29450,0,283107.65999999997,0,65840.800000000003,173453.63999999998,70654.459999999992,183517.26,100868.48,6375,0,0,0,568183.59999999986,0,632135.24,23303959.530000005]
[null,179,"0179","MENDON                       ",179,0,0,0,0,0,0,0,0,0,0,0,0,0,0,0,0,0,0,0,0,0,0,0,0,0,0,0,0,0,0,0,0,0,0,0,0]
[null,180,"0180","MERRIMAC                     ",180,0,0,0,0,0,0,0,0,0,0,0,0,0,0,0,0,0,0,0,0,0,0,0,0,0,0,0,0,0,0,0,0,0,0,0,0]
[null,181,"0181","METHUEN                      ",181,1,2559066,0,0,3368621,0,460000,35577292,0,0,2433445,0,832220,2696160,423916,0,0,0,0,0,0,4876,0,0,149711,0,241860,89303,20377,501073,0,70496,2026041,60997,1058493,52573947]
[null,182,"0182","MIDDLEBOROUGH                ",182,1,583864.81000000006,361466.57999999996,0,1602798.01,0,187171.12,15654986.99,0,0,989953.83,32375.279999999999,237072.94999999998,1724341.2000000002,165147.28000000003,0,0,81027,0,0,0,132269.00999999998,0,47023,42795,10358,96425.600000000006,78371.839999999982,81867,140281,0,172343,946459.27999999991,4575,524483.9,23897456.680000003]
[null,183,"0183","MIDDLEFIELD                  ",183,0,0,0,0,0,0,0,0,0,0,0,0,0,0,0,0,0,0,0,0,0,0,0,0,0,0,0,0,0,0,0,0,0,0,0,0]
[null,184,"0184","MIDDLETON                    ",184,1,224978,166572,0,397336,0,0,4418290,0,0,343525,1652,194868,678797,113154,0,0,0,0,0,0,90951,0,7178,20031,214222,17421,42908,9724,154484,0,0,30476,0,182678,7309245]
[null,185,"0185","MILFORD                      ",185,1,652715,74422,0,2031920.3199999998,0,161443.46999999997,26218613.34,0,0,0,310122,552422.5,2122639.5099999998,215939,0,61083,0,0,0,0,14598.17,0,17466,41476.240000000005,24495.87,83741.88,520486.48000000004,26436.21,67804.19,11274,0,1560556,0,581629.54,35351284.720000006]
[null,186,"0186","MILLBURY                     ",186,1,361320,54888,0,1023478,0,0,10105878,0,0,244419,195324,144253,1157306,127179,0,0,333330,0,1330,0,7899,0,66722,160142,0,218,136869,90768,390838,0,13991,574009,43525,225722,15459408]
[null,187,"0187","MILLIS                       ",187,1,283169,44617,0,708954,0,146351,7262096,0,0,614323,0,100758,498708,231878,0,100961,0,0,0,0,17823,0,24864,19349,95220,31202,45033,0,14256,0,65021,451299,14028,150,10770060]
[null,188,"0188","MILLVILLE                    ",188,0,0,0,0,0,0,0,0,0,0,0,0,0,0,0,0,0,0,0,0,0,0,0,0,0,0,0,0,0,0,0,0,0,0,0,0]
[null,189,"0189","MILTON                       ",189,1,2010466.0999999999,1027587.47,0,2015103.2799999998,0,0,23970602.769999996,0,0,1285448.1100000003,0,423620.44,1459430.4699999997,352752.72,0,0,373931.98,0,60868.2,0,26378.490000000005,0,22998.66,305071.21000000002,2952.79,64297.36,201684.71,52810.44,30577.87,0,29334.82,1504675.4,0,213220.66,35433813.949999981]
[null,190,"0190","MONROE                       ",190,0,10323,0,0,0,0,0,0,0,0,0,0,0,31987,0,0,0,0,0,0,0,0,0,133,0,0,0,0,0,0,0,0,0,0,2000,44443]
[null,191,"0191","MONSON                       ",191,1,229293,0,0,781699,0,111509,4797472,0,0,342025,107733,146527,840410,93700,0,0,0,0,41959,0,230969,0,22926,6540,4992,0,76455,9405,909,0,0,412475,3289,172635,8432922]
[null,192,"0192","MONTAGUE                     ",192,0,0,0,0,0,0,0,0,0,0,0,0,0,0,0,0,0,0,0,0,0,0,0,0,0,0,0,0,0,0,0,0,0,0,0,0]
[null,193,"0193","MONTEREY                     ",193,0,0,0,0,0,0,0,0,0,0,0,0,0,0,0,0,0,0,0,0,0,0,0,0,0,0,0,0,0,0,0,0,0,0,0,0]
[null,{"$f":"B198+1","v":194},"0194","MONTGOMERY                   ",194,0,0,0,0,0,0,0,0,0,0,0,0,0,0,0,0,0,0,0,0,0,0,0,0,0,0,0,0,0,0,0,0,0,0,0,0]
[null,195,"0195","MOUNT WASHINGTON             ",195,0,0,0,0,0,0,0,0,0,0,0,0,0,0,0,0,0,0,0,0,0,0,0,0,0,0,0,0,0,0,0,0,0,0,0,0]
[null,196,"0196","NAHANT                       ",196,1,0,6100,0,144207.69,0,5508,705041,0,0,0,0,12935,82337,4254,0,0,0,0,0,0,0,0,8574,33681,8894.6200000000008,7002,22800,9863,0,2755,9556,25218,0,79541,1168267.31]
[null,197,"0197","NANTUCKET                    ",197,1,434220,0,0,1441807,0,332737,12349257,0,0,834481,53410,114239,1333363,321415,0,187500,0,0,61000,0,96856,0,137001,190072,27146,6101,160074,47490,276195,11516,110183,929343,24700,0,19480106]
[null,198,"0198","NATICK                       ",198,1,1865642,0,0,3082157,0,4741,29806074,0,0,1972298,0,770608,3118743,249193,0,216986,0,0,0,0,244160,0,0,502896.41,741645,65626,261959,105538,478,0,1436,1820369,80284,961327,45872160.409999996]
[null,199,"0199","NEEDHAM                      ",199,1,2705852,194306,0,3637615,0,408771,37519602,0,0,1029602,0,474202,3254425,1006487,0,410343,0,0,74166,0,66521,0,234846,77151,228891,220511,381675,316242,1075884,54484,100350,2391687,221482,480921,56566016]
[null,200,"0200","NEW ASHFORD                  ",200,0,0,0,0,0,0,0,0,0,0,0,0,0,0,0,0,0,0,0,0,0,0,0,0,0,0,0,0,0,0,0,0,0,0,0,0]
[null,201,"0201","NEW BEDFORD                  ",201,1,1084043,0,0,6438819,0,82384,62299954,0,0,2564885,165026,942696,5992223,184339,0,0,111543,0,840,0,22205,0,138462,1148563,45809,146829,672831,369828,606057,116200,55527,4275510,46459,5972307,93483339]
[null,202,"0202","NEW BRAINTREE                ",202,0,0,0,0,0,0,0,0,0,0,0,0,0,0,0,0,0,0,0,0,0,0,0,0,0,0,0,0,0,0,0,0,0,0,0,0]
[null,203,"0203","NEWBURY                      ",203,0,0,0,0,0,0,0,0,0,0,0,0,0,0,0,0,0,0,0,0,0,0,0,0,0,0,0,0,0,0,0,0,0,0,0,0]
[null,204,"0204","NEWBURYPORT                  ",204,1,549529.18000000005,0,0,1422696.41,0,363664.94,14426946.440000001,0,0,342723.84000000003,0,365798.19,712000.15,261984.94,0,1146.43,208366.55,0,0,0,196400.68,0,0,111161.67,230243.78,227590.67,59069.479999999996,131628.39000000001,50446.44,0,10247.14,781154.52999999991,13430.380000000001,319221,20785451.230000012]
[null,205,"0205","NEW MARLBOROUGH              ",205,0,0,0,0,0,0,0,0,0,0,0,0,0,0,0,0,0,0,0,0,0,0,0,0,0,0,0,0,0,0,0,0,0,0,0,0]
[null,206,"0206","NEW SALEM                    ",206,0,0,0,0,0,0,0,0,0,0,0,0,0,0,0,0,0,0,0,0,0,0,0,0,0,0,0,0,0,0,0,0,0,0,0,0]
[null,207,"0207","NEWTON                       ",207,1,4642338,876065,0,8503920,0,329806,86775927,0,0,4845982,1288348,950931,17049308,1518546,0,1113252,2447942,0,237126,0,351010,0,56585,548097,1630411,664947,130642,675161,1041782,34117,134466,5942505,103689,3082172,144975075]
[null,208,"0208","NORFOLK                      ",208,1,217808,0,0,600319,0,114747,6089767,0,0,354708,35979,144610,884085,114789,0,0,0,0,42786,0,58511,0,26076,46993,17275,71332,231772,3110,8082,1053,6532,93568,85243,197995,9447140]
[null,209,"0209","NORTH ADAMS                  ",209,1,427322,283993,0,914119,0,8925,7481479,0,0,540946,0,156046,715133,118326,0,0,0,0,0,0,57531,0,0,113054,40658,5799,84258,2350,0,0,32220,464599,1762,71128,11519648]
[null,210,"0210","NORTHAMPTON                  ",210,1,454070,118919,0,1554312,0,3883,13724126,0,0,1120516,82349,217250,759571,227951,0,0,189922,0,0,0,130421,0,70121,15228,167589,76705,57859,97766,194300,0,58436,1209967,26490,318725,20876476]
[null,211,"0211","NORTH ANDOVER                ",211,1,914840.47,79217.42,0,2168540.77,0,18551,23728894.91,0,0,1093902.99,431639,338614,3381256.06,290523.96000000002,0,15420,0,0,0,0,26965,0,53,293478,7753,138138,134765,4380,607,0,1886,1442459,16372,238391,34766647.579999998]
[null,212,"0212","NORTH ATTLEBOROUGH           ",212,1,593355.71,0,0,1986190.09,0,488834.34,20991575.57,0,0,1596841.3800000001,0,465272.76,2060941.2999999998,168537.82,0,0,0,0,2700,0,5186.01,0,45005.63,13220.69,3931.32,75403.92,224846.91000000003,8616.5,79476.81,0,109668.89,609419.83999999985,3677.48,564701.56999999995,30097404.540000007]
[null,213,"0213","NORTHBOROUGH                 ",213,1,169856.49000000002,34000,0,1087412.5264949396,0,103929.85000000002,11659490.130050097,0,0,596907.36304455355,31022.14,138247.58000000002,2168643.0729616568,462737,0,24933.61,12000,0,0,0,7995.65,0,28000.68,129598.61000000002,9875.6099999999988,52277.039999999994,72015.070000000007,4498.7299999999996,114077.76999999999,2065.0299999999997,46404.649999999994,254793,0,736513.79000000039,17947295.392551243]
[null,214,"0214","NORTHBRIDGE                  ",214,1,289122.13999999996,332483,0,1165442,0,131537.59,10946891.67,0,0,531010.58000000007,72795,285637.15000000002,1258829.44,159985,0,0,232609,0,0,0,43975.999999999993,0,7316.25,19525.8,113570,17574.010000000002,65311.360000000001,102051.94,45380.98,0,0,634065.86,9714.24,175231.5,16640060.51]
[null,215,"0215","NORTH BROOKFIELD             ",215,1,116253.65000000001,76826.37,0,270662.61,0,0,2573110.7800000003,0,0,187131.31,0,92897.44,333159,39476.800000000003,0,24491.95,0,0,0,0,0,0,0,38709.199999999997,1610.75,36535.990000000005,20057.14,0,0,0,0,174921.93000000002,0,52349,4038193.9200000009]
[null,216,"0216","NORTHFIELD                   ",216,0,0,0,0,0,0,0,0,0,0,0,0,0,0,0,0,0,0,0,0,0,0,0,0,0,0,0,0,0,0,0,0,0,0,0,0]
[null,217,"0217","NORTH READING                ",217,1,635021.92999999993,208822,0,1303873.6900000002,0,0,15322408.720000001,0,0,977692.10999999987,201069.94,160461.59,1433273.84,141003.19,0,57384.680000000008,458795.8,0,6110,0,154266.62000000002,0,27372.98,160152.83000000002,39184.22,60468.380000000005,176239.16,0,30666.720000000005,1004.6,33505.979999999996,479556.48000000004,54818.79,435310.67,22558464.920000002]
[null,218,"0218","NORTON                       ",218,1,459551,82036,0,1266240,0,37585,13295146,0,0,833980,0,502183,365770,129629,0,0,0,0,97435,0,0,0,0,5878,110379,101797,90380,0,11368,0,90824,1429004,32993,308962,19251140]
[null,219,"0219","NORWELL                      ",219,1,351269.50999999995,354144.38,0,1346904.19,0,0,13308837.51,0,0,827300.32,168266.91999999998,100668.95999999999,780329.34000000008,351983.06,0,0,0,0,12800,0,105310.47,0,500,158544.25,29926.519999999997,83819.709999999992,108009.18000000001,2399.71,353654.02,0,0,846917.23999999987,5584,278910.56,19576079.849999998]
[null,220,"0220","NORWOOD                      ",220,1,883277.12999999989,0,0,1614714.98,0,0,21236309.57,0,0,1402412.6,405311.55999999994,148747.5,1857201.0899999999,491668.45,0,0,94578.9,0,11333.45,0,92758.040000000008,0,32941.96,224486.12999999998,183991.9,40900.819999999992,40525.69,0,0,3300,0,1156907.51,868.14,205507.38,30127742.799999997]
[null,221,"0221","OAK BLUFFS                   ",221,1,129509,27127,0,414804,0,69495,4050702,0,0,47366,0,55384,836844,128905,0,0,0,0,233,0,57016,0,1729,22231,6981,16682,51129,39803,64529,0,0,191574,0,65474,6277517]
[null,222,"0222","OAKHAM                       ",222,0,0,0,0,0,0,0,0,0,0,0,0,0,0,0,0,0,0,0,0,0,0,0,0,0,0,0,0,0,0,0,0,0,0,0,0]
[null,223,"0223","ORANGE                       ",223,1,130966,43492,0,302385,0,44423,2201546,0,0,335442,64147,124671,540883,0,0,0,0,0,0,0,14615,0,6146,36142,0,0,24777,1451,448,0,17289,277157,2614,76871,4245465]
[null,224,"0224","ORLEANS                      ",224,1,18582,11222,0,206220,0,29521,1893204,0,0,97638,4770,46400,382521,90074,0,2775,0,0,2954,0,0,0,2362,6782,7861,9941,16578,1785,16287,0,0,91535,931,16960,2956903]
[null,225,"0225","OTIS                         ",225,0,0,0,0,0,0,0,0,0,0,0,0,0,0,0,0,0,0,0,0,0,0,0,0,0,0,0,0,0,0,0,0,0,0,0,0]
[null,226,"0226","OXFORD                       ",226,1,367908.58999999997,210862.83,0,797051.9800000001,0,26006.050000000003,7816216.9600000009,0,0,486916.64,56263.14,85488.450000000012,825960.59,141335.93,0,0,0,0,25000,0,32121.049999999996,0,0,56995.040000000001,69299.679999999993,0,51802.62,73224.51999999999,3366.42,2439.0099999999998,38144.85,640102.76,4548.8500000000004,72005.349999999991,11883061.309999997]
[null,227,"0227","PALMER                       ",227,1,202296,0,0,719836,0,19560,8021205,0,0,433675,44812,123783,945691,48777,0,0,0,0,0,0,45075,0,0,63766,15767,29547,43278,31362,64175.05,3136,49648,590207,863,69127,11565586.050000001]
[null,228,"0228","PAXTON                       ",228,0,0,0,0,0,0,0,0,0,0,0,0,0,0,0,0,0,0,0,0,0,0,0,0,0,0,0,0,0,0,0,0,0,0,0,0]
[null,229,"0229","PEABODY                      ",229,1,645470,584333,0,2666076,0,0,34177159,0,0,639541,525168,391938,3102323,248252,0,6305,0,0,0,0,35050,0,20102,122537,17942,204497,363929,42407,3261,0,0,2326994,0,547185,46670469]
[null,230,"0230","PELHAM                       ",230,1,37947,0,0,143648,0,451,476396,0,0,23034,0,5635,163094,22988,0,0,0,0,3000,0,500,0,93,4561,3429,3248,12221,1089,7938,0,0,45589,357,687,955905]
[null,231,"0231","PEMBROKE                     ",231,1,1360328.95,0,0,1828436.0599999998,0,129014.39999999999,15825648.200000001,0,0,466478.55,0,350344.95,1165952.24,188207.06,0,0,0,0,0,0,33151.17,0,13219,96786.919999999984,175062.63099999999,22400.59,85733.52,0,28731.5,14886.53,130651.41,825942.02999999991,3902.26,312129.69999999995,23057007.671000004]
[null,232,"0232","PEPPERELL                    ",232,0,0,0,0,0,0,0,0,0,0,0,0,0,0,0,0,0,0,0,0,0,0,0,0,0,0,0,0,0,0,0,0,0,0,0,0]
[null,233,"0233","PERU                         ",233,0,0,0,0,0,0,0,0,0,0,0,0,0,0,0,0,0,0,0,0,0,0,0,0,0,0,0,0,0,0,0,0,0,0,0,0]
[null,234,"0234","PETERSHAM                    ",234,1,15406,0,0,140607,0,8329,463098,0,0,58564,0,21827,0,685,0,0,0,0,0,0,7955,0,0,20117,0,0,8698,2559,9707,0,0,32908,24153,13195,827808]
[null,235,"0235","PHILLIPSTON                  ",235,0,0,0,0,0,0,0,0,0,0,0,0,0,0,0,0,0,0,0,0,0,0,0,0,0,0,0,0,0,0,0,0,0,0,0,0]
[null,236,"0236","PITTSFIELD                   ",236,1,514082,0,0,2708266,0,81903,30208298,0,0,1370436,28088,635974,4245602,336580,0,0,0,0,0,0,172481,0,134230,1098664,25294,16024,325736,338388,402763,0,91637,2299142,76285,310603,45420476]
[null,237,"0237","PLAINFIELD                   ",237,0,0,0,0,0,0,0,0,0,0,0,0,0,0,0,0,0,0,0,0,0,0,0,0,0,0,0,0,0,0,0,0,0,0,0,0]
[null,238,"0238","PLAINVILLE                   ",238,1,259697.31000000003,0,0,340683.69,0,132167.31,3752448.87,0,0,396039.42,0,74638.94,572706.32000000007,86301.88,0,0,308316.25,0,0,0,44743.93,0,58104.3,29666.799999999999,19062.699999999997,46031.25,69845.53,7528,251572.5,12441.72,58818.15,0,25208.12,169700.74,6715723.7300000004]
[null,239,"0239","PLYMOUTH                     ",239,1,2521368,98849,0,4943348,0,168870,43627282,0,0,2459222,477039,767781,3958524,771273,0,0,472111,0,29754,0,285862,0,64198,563397,96768,168389,698993,38572,346599,462737,548639,2143800,89526,1388251,67191152]
[null,240,"0240","PLYMPTON                     ",240,1,20167.21,0,0,160082.27000000002,0,0,1317056.3500000001,0,0,50918.7,0,38162.75,100253.51000000001,90154.95,0,0,0,0,0,0,40356.92,0,0,1296.0899999999999,36274.199999999997,0,5608.18,9467.0499999999993,49263.46,10846.95,0,0,0,186974.93,2116883.52]
[null,241,"0241","PRINCETON                    ",241,0,0,0,0,0,0,0,0,0,0,0,0,0,0,0,0,0,0,0,0,0,0,0,0,0,0,0,0,0,0,0,0,0,0,0,0]
[null,242,"0242","PROVINCETOWN                 ",242,1,0,29990,0,0,0,0,1612914,0,0,0,0,16392,243484,27668,0,0,0,0,0,0,0,0,0,24131,2359.88,25623.279999999999,8932.11,9624,9576.18,3967,9892,76908.28,0,64770.97,2166232.7000000002]
[null,243,"0243","QUINCY                       ",243,1,899333.16999999993,1666427.5,0,5020277.2700000005,0,946633.79,52438238,0,0,940132.51,397800,672172.39999999991,3974478.6,470897,0,134625.57,118885.82,0,0,0,1615536,0,0,839468,992056,396203.7,308145,0,247713,0,0,3505157.2199999997,0,906938,76491118.549999997]
[null,244,"0244","RANDOLPH                     ",244,1,612621.79999999993,102310.37,0,1881430.4900000002,0,338126.1,18582795.199999996,0,0,1458973.73,0,363614.01,1409333.74,72602.92,0,0,0,0,8205,0,14619.55,0,0,286953.56,144851.31,151701.94999999998,73500.02,799.7,64361.599999999999,107713.43,22993.3,1636501.7899999998,41788.11,633933.68999999983,28009731.369999997]
[null,245,"0245","RAYNHAM                      ",245,0,0,0,0,0,0,0,0,0,0,0,0,0,0,0,0,0,0,0,0,0,0,0,0,0,0,0,0,0,0,0,0,0,0,0,0]
[null,246,"0246","READING                      ",246,1,221600.28,967779.24,0,1908208.9700000002,0,184411.84999999998,20704922.299999997,0,0,1234706.3,150062.79999999999,267683.58999999997,2743405.4,592945.86,0,0,0,0,131893.26,0,89966,0,88783.87999999999,432530.23999999993,10142.85,122644.58999999998,147403,373702.48,394275.39,0,50133.87,450881.75,36779.820000000007,1159891.79,32464755.509999998]
[null,247,"0247","REHOBOTH                     ",247,0,0,0,0,0,0,0,0,0,0,0,0,0,0,0,0,0,0,0,0,0,0,0,0,0,0,0,0,0,0,0,0,0,0,0,0]
[null,248,"0248","REVERE                       ",248,1,386729,771264,0,4280962.2,0,830892,39880367,0,0,0,229410.62,443908,1127030.6600000001,190882.94,0,148859,329194,0,9071,0,0,0,82310,126406.29999999999,25358.73,132418.87,163747.72,1614925,347353,42265.68,17822.939999999999,948754,106912,1316118,53552962.659999989]
[null,249,"0249","RICHMOND                     ",249,1,82095.489999999991,0,0,131254.29,0,0,1097806.3400000001,0,0,0,0,24110.5,167141.56,5717.14,0,0,0,0,0,0,0,0,3192.13,10446.59,0,0,29739.45,0,0,0,0,79335,0,0,1630838.49]
[null,250,"0250","ROCHESTER                    ",250,1,67537.77,0,0,320324.84999999998,0,62310.61,3198049.2199999997,0,0,0,0,36481.519999999997,287679.04000000004,81812,0,0,12271.039999999999,0,0,0,53854.61,0,0,37531.18,3543.95,0,31409.27,64359.49,24819.030000000002,0,0,101478.37,0,219674.2,4603136.1500000004]
[null,251,"0251","ROCKLAND                     ",251,1,0,1137113.23,0,1517635.68,0,0,10941698.77,0,0,536458.11,0,424040.32999999996,1074499.52,21523.95,0,0,0,0,0,0,105953.89999999998,0,0,20932.989999999998,172418.71,40845.72,202180.93999999997,5161.96,718.92,0,53342.2,972551.65999999992,12815.42,0,17239892.010000002]
[null,252,"0252","ROCKPORT                     ",252,1,0,337196,0,822285,0,0,4780124,0,0,148147,45126,66219,654274,0,0,0,88880,0,27198,0,18171,0,8149,82164,12441,2781,20142,0,1022,410,6845,216477,31682,297397,7667130]
[null,253,"0253","ROWE                         ",253,1,18587,0,0,127385,0,3644,472302,0,0,29722,0,11073,51972,7573,0,0,0,0,0,0,2208,0,879,1351,0,0,10912,15155,2609,0,0,15982,0,0,771354]
[null,254,"0254","ROWLEY                       ",254,0,0,0,0,0,0,0,0,0,0,0,0,0,0,0,0,0,0,0,0,0,0,0,0,0,0,0,0,0,0,0,0,0,0,0,0]
[null,255,"0255","ROYALSTON                    ",255,0,0,0,0,0,0,0,0,0,0,0,0,0,0,0,0,0,0,0,0,0,0,0,0,0,0,0,0,0,0,0,0,0,0,0,0]
[null,256,"0256","RUSSELL                      ",256,0,0,0,0,0,0,0,0,0,0,0,0,0,0,0,0,0,0,0,0,0,0,0,0,0,0,0,0,0,0,0,0,0,0,0,0]
[null,257,"0257","RUTLAND                      ",257,0,0,0,0,0,0,0,0,0,0,0,0,0,0,0,0,0,0,0,0,0,0,0,0,0,0,0,0,0,0,0,0,0,0,0,0]
[null,{"$f":"B262+1","v":258},"0258","SALEM                        ",258,1,953610.8600000001,0,0,3126028.74,0,0,29858050.84,0,0,187225.46,551405.57999999996,360235.88,2740436.29,178596.52999999997,0,0,0,0,774560.13000000012,0,21024.65,0,0,68605.97,465871.27999999997,39957.959999999992,46742.969999999987,392765.02,4356.09,0,0,584176.66,28147.859999999986,2024019.4500000002,42405818.220000006]
[null,259,"0259","SALISBURY                    ",259,0,0,0,0,0,0,0,0,0,0,0,0,0,0,0,0,0,0,0,0,0,0,0,0,0,0,0,0,0,0,0,0,0,0,0,0]
[null,260,"0260","SANDISFIELD                  ",260,0,0,0,0,0,0,0,0,0,0,0,0,0,0,0,0,0,0,0,0,0,0,0,0,0,0,0,0,0,0,0,0,0,0,0,0]
[null,261,"0261","SANDWICH                     ",261,1,1128294,234920,0,1447194,0,50000,15905706,0,0,0,0,217193,1695717,134133,0,0,0,0,0,0,0,0,79143,28606,0,132096,259709,0,29831,374677,114294,711515,0,245692,22788720]
[null,262,"0262","SAUGUS                       ",262,1,364012,48336.78,0,1476934.03,0,0,14975647.870000001,0,0,935224.18,0,195510,1433972.9999999998,67297.02,0,4860,0,0,7357,0,0,0,162536,20400,14639,174430,192413,2600,246545,0,138062,710045,5579,168350,21344750.879999999]
[null,263,"0263","SAVOY                        ",263,1,14532,0,0,25950,0,4473,227327,0,0,14152,0,2593,74606,0,0,0,0,0,0,0,415,0,1879,0,0,0,3165,714,0,0,0,958,0,2000,372764]
[null,264,"0264","SCITUATE                     ",264,1,448613,737434,0,1756018,0,58527,21375350,0,0,314547,0,323438,1272591,242261,0,55918,0,0,0,0,12073,0,0,47087,2656,4504,175735,14050,8825,0,0,943655,0,563737,28357019]
[null,265,"0265","SEEKONK                      ",265,1,282031,0,0,913438,0,68512,12252772,0,0,635427,13192,144334,714770,370607,0,0,63086,0,10000,0,93618,0,16317,20258,27696,0,127088,15157,267318,33632,30245,973324,0,327480,17400302]
[null,266,"0266","SHARON                       ",266,1,1074818.6500000001,297506.38,0,1845183.9799999997,0,389429.01,22996765.710000001,0,0,1602767.59,82153.570000000007,347746.99,2211399.8199999998,427919.34,0,0,0,0,0,0,97452.65,0,94074.04,1265.43,456920.09,396193.09,170633.91,36690.649999999994,0,9793.33,5053.24,942182.87,0,736920.36,34222870.699999996]
[null,267,"0267","SHEFFIELD                    ",267,0,0,0,0,0,0,0,0,0,0,0,0,0,0,0,0,0,0,0,0,0,0,0,0,0,0,0,0,0,0,0,0,0,0,0,0]
[null,268,"0268","SHELBURNE                    ",268,0,0,0,0,0,0,0,0,0,0,0,0,0,0,0,0,0,0,0,0,0,0,0,0,0,0,0,0,0,0,0,0,0,0,0,0]
[null,269,"0269","SHERBORN                     ",269,1,193572.97,24273.040000000001,0,338486.76,0,0,2855519.5,0,0,277159.55,45602,38785.21,395509.91000000003,106515,0,0,0,0,1830.15,0,32194.2,0,5348.76,56883.729999999996,4493.22,9349.8799999999992,41297.9,24389.84,8607.17,0,0,106883,0,77143.600000000006,4643845.3899999997]
[null,270,"0270","SHIRLEY                      ",270,0,0,0,0,0,0,0,0,0,0,0,0,0,0,0,0,0,0,0,0,0,0,0,0,0,0,0,0,0,0,0,0,0,0,0,0]
[null,271,"0271","SHREWSBURY                   ",271,1,1183117,464262,0,2711905.55,0,3597,31552730,0,0,1982492,247224,300988,6306503,418257,0,0,664762,0,50991,0,96822,0,320494,278170,195232,48850,80361,25298,894120,0,249749,1121179,33578,1046176,50276857.549999997]
[null,272,"0272","SHUTESBURY                   ",272,1,21367,9819,0,144265,0,0,785663,0,0,108928,0,28630,225787,67645,0,0,0,0,1242,0,797,0,4945,0,7560,0,8215,0,10300,5000,0,0,989,66395,1497547]
[null,273,"0273","SOMERSET                     ",273,1,172150,356428,0,811549,0,4124,9595714,0,0,183264,367872,0,1062908,217807,0,8586,0,0,0,0,32923,0,34174,294481,2198,93017,133532,8210,126430,0,51806,224515,712,13620,13796020]
[null,274,"0274","SOMERVILLE                   ",274,1,2721534.1400000006,217336.04,0,4616926.8599999994,0,0,31383481.870000001,0,0,1624436.4899999998,86980,483319.7,3010953.3899999997,985369.04,0,81093.539999999994,637876.58000000007,0,146794.92000000001,0,0,0,704095.88,48604.62,288880.60000000003,31711.32,446461.98,164184.78,40514.630000000005,0,65060.189999999995,2468838.8199999998,679272.06,238862.44,51172589.890000008]
[null,275,"0275","SOUTHAMPTON                  ",275,1,88064.65,0,0,194572.41999999998,0,0,2244487.91,0,0,0,16458.3,41872.25,437392.61,67576.13,0,0,0,0,0,0,0,0,4892.03,0,85390.340000000011,0,2018.44,0,5924.02,0,0,68306.179999999993,0,57087,3314042.2799999993]
[null,276,"0276","SOUTHBOROUGH                 ",276,1,144539.19999999998,52200,0,936824.35,0,108182.84,9884408.8599999994,0,0,706746.51,8150,80930,1785856.0900000003,285656.46999999997,0,28086.720000000001,16550,0,0,0,6181.43,0,38803.869999999995,91341.75,42671.34,36276.199999999997,60030.17,4452.2700000000004,115456.81,25935.550000000003,42565.18,234087.7,0,439558.15,15175491.459999999]
[null,277,"0277","SOUTHBRIDGE                  ",277,1,401116.11,304451.98,0,1631158.82,0,6543.6,11717387.49,0,0,687666.45,0,256534.02000000002,2051059.5999999999,153220.88,0,0,0,0,0,0,0,0,4117.2700000000004,137839.61000000002,33940.03,0,4997.2599999999993,0,0,0,0,407917.67000000004,0,135178.24999999997,17933129.040000003]
[null,278,"0278","SOUTH HADLEY                 ",278,1,214619,34881.08,0,1041525.6300000001,0,0,9104456.9800000004,0,0,875817.52,90083.06,105518.33999999998,1264473.55,156130.69,0,0,0,0,3750,0,101025.94,0,88955.56,224235.11000000002,236751.31000000003,64283.470000000008,75773.86,381703.25,32888.700000000004,95394.01,72651.66,659224.07000000007,18216.22,158589.12000000002,15100948.130000001]
[null,279,"0279","SOUTHWICK                    ",279,0,0,0,0,0,0,0,0,0,0,0,0,0,0,0,0,0,0,0,0,0,0,0,0,0,0,0,0,0,0,0,0,0,0,0,0]
[null,280,"0280","SPENCER                      ",280,0,0,0,0,0,0,0,0,0,0,0,0,0,0,0,0,0,0,0,0,0,0,0,0,0,0,0,0,0,0,0,0,0,0,0,0]
[null,281,"0281","SPRINGFIELD                  ",281,1,3141924.42,1169160,0,17045492,0,3436180,129077541.39999999,0,0,2630229,32931,5613536,12023752.27,888276,0,8400,6229042,0,87937,0,977507.58000000007,0,74200,1817289.95,2920125.5100000002,1382,62655,4216964.2200000007,971749,78828,187506,8265932,260247.66999999998,1698808,202917596.01999998]
[null,282,"0282","STERLING                     ",282,0,0,0,0,0,0,0,0,0,0,0,0,0,0,0,0,0,0,0,0,0,0,0,0,0,0,0,0,0,0,0,0,0,0,0,0]
[null,283,"0283","STOCKBRIDGE                  ",283,0,0,0,0,0,0,0,0,0,0,0,0,0,0,0,0,0,0,0,0,0,0,0,0,0,0,0,0,0,0,0,0,0,0,0,0]
[null,284,"0284","STONEHAM                     ",284,1,1002791,18559,0,1251284,0,172222,13687926,0,0,779687,67459,194700.75,1509679,166406,0,794,58680,0,38459,0,92563,0,1371,37281,14573,121110,369918,116825,206367,0,64108,904008,11973,339969,21228712.75]
[null,285,"0285","STOUGHTON                    ",285,1,1246034.51,10964,0,2196946.48,0,429550,22931805,0,0,1195860,0,353194,1286831,44441,0,0,45080,0,0,0,219713,0,106945,37065.46,11171.25,1005561.5590000002,33825.69,142069.07,416853.35,2955,648103.93999999994,1110979.5,0,517400,33993348.809000008]
[null,286,"0286","STOW                         ",286,0,0,0,0,0,0,0,0,0,0,0,0,0,0,0,0,0,0,0,0,0,0,0,0,0,0,0,0,0,0,0,0,0,0,0,0]
[null,287,"0287","STURBRIDGE                   ",287,1,0,0,0,456537,0,125859,5109033,0,0,424137,0,93932,560332,129357,0,0,15050,0,0,0,9376,0,8400,27117,6669,0,107042,0,0,0,19649,87735,7750,188851,7376826]
[null,288,"0288","SUDBURY                      ",288,1,330508,1099689,0,1465264,0,0,18716141,0,0,830039,0,459739,2520665,383912,0,98138,0,0,0,0,392040,0,0,102960,28122,59809,278813,330000,177601,0,0,833267,0,849771,28956478]
[null,289,"0289","SUNDERLAND                   ",289,1,79141,0,0,137098,0,0,1000699,0,0,100040,8497,42108,282462,56295,0,0,11209,0,4000,0,14795,0,0,1651,6672,6548,25846,29952,12186,3270,15132,122,38376,43153,1919252]
[null,290,"0290","SUTTON                       ",290,1,175414.37000000002,158809.44,0,710662.4,0,0,7342083.3199999994,0,0,591995.92999999993,37239.1,101312.5,1114745.71,129153.48999999999,0,0,0,0,0,0,16584.689999999999,0,20184.11,18165.77,17072.22,63172.659999999989,96408.77,10700.220000000001,7580.77,0,63462.95,583673.52999999991,3264.75,185821.16,11447507.859999998]
[null,291,"0291","SWAMPSCOTT                   ",291,1,256546,429676,0,1234845,0,0,14275945,0,0,899902,246156,121236,1366341,283168,0,17448,18739,0,25674,0,28176,0,36308,79886,45107,15611,190579,0,17370,0,0,615478,0,484153,20688344]
[null,292,"0292","SWANSEA                      ",292,1,285264.40000000002,0,0,1182058.6200000001,0,0,10980019.930000002,0,0,446177.78,130503.12,131991.01999999999,248312.62,107440.38,0,1115.3699999999999,0,0,0,0,24868.97,0,0,127352.29,9494.19,19500,18557.050000000003,0,135830.47999999998,0,0,697243.2,0,45280.28,14591009.699999997]
[null,293,"0293","TAUNTON                      ",293,1,2198966.39,0,0,3192208.17,0,66572.2,37985500.75999999,0,0,1047658.6300000001,139242.31,654692.66,2574712.1300000004,501755.35,0,0,969204.4800000001,0,36187.07,0,750705.75,0,9492,829919.63,93306.07,588983.75,447383.00000000012,255316.56,285091.5,184.11,72244.470000000016,3329329.67,169894.13000000003,571647.59000000008,56770198.380000003]
[null,294,"0294","TEMPLETON                    ",294,0,0,0,0,0,0,0,0,0,0,0,0,0,0,0,0,0,0,0,0,0,0,0,0,0,0,0,0,0,0,0,0,0,0,0,0]
[null,295,"0295","TEWKSBURY                    ",295,1,556209.29999999993,205355.94999999998,0,1843156.41,0,0,18563042.976739131,0,0,1665782.9900000002,83351.97,282553.66000000003,2473977.4499999997,245569.78000000003,0,0,263431.95,0,77322.44,0,491419.32934782607,0,96491.400000000023,130523.16,51711.88,315481.77999999997,412421.59,664125.46,1085932.32,0,0,593828.32999999984,37210.049999999996,639054.32000000007,30777954.496086955]
[null,296,"0296","TISBURY                      ",296,1,95402,19805,0,417836,0,78830,3185335,0,0,34581,0,70177,805321,124499,0,0,0,0,170,0,18743,0,1263,26591,14575,24838,72131,48514,46241,0,2648,193045.64,0,47801,5328346.6399999997]
[null,297,"0297","TOLLAND                      ",297,0,0,0,0,0,0,0,0,0,0,0,0,0,0,0,0,0,0,0,0,0,0,0,0,0,0,0,0,0,0,0,0,0,0,0,0]
[null,298,"0298","TOPSFIELD                    ",298,1,222331,1000,0,355054,0,0,3657306,0,0,341016,1652,142764,442970,86601,0,0,0,0,0,0,68809,0,4020,14202,109767,79,21701,4440,44434,0,0,26368,0,163274,5707788]
[null,299,"0299","TOWNSEND                     ",299,0,0,0,0,0,0,0,0,0,0,0,0,0,0,0,0,0,0,0,0,0,0,0,0,0,0,0,0,0,0,0,0,0,0,0,0]
[null,300,"0300","TRURO                        ",300,1,149031.69999999998,2000,0,215245.97,0,5634.84,1217349.53,0,0,140143.29999999999,0,9696.3499999999985,333203.78999999998,68041,0,0,0,0,8332.32,0,24937.969999999998,0,0,17190.2,13604.85,7310,27636.69,18962.63,14423.23,0,8165.19,90652.32,1295.8599999999999,45096.3,2417954.04]
[null,301,"0301","TYNGSBOROUGH                 ",301,1,433208,0,0,863593,0,187951,9622187,0,0,353350,93773,92965,1234042,0,0,0,85277,0,12700,0,62264,0,43907,62824,503,3266,194199,0,11319,0,49,655799,0,181519,14194695]
[null,302,"0302","TYRINGHAM                    ",302,0,0,0,0,0,0,0,0,0,0,0,0,0,0,0,0,0,0,0,0,0,0,0,0,0,0,0,0,0,0,0,0,0,0,0,0]
[null,303,"0303","UPTON                        ",303,0,0,0,0,0,0,0,0,0,0,0,0,0,0,0,0,0,0,0,0,0,0,0,0,0,0,0,0,0,0,0,0,0,0,0,0]
[null,304,"0304","UXBRIDGE                     ",304,1,275524,338532,0,864672,0,0,9326716,0,0,858014,133449,133449,911318,140498,0,12237,0,0,15474,0,5835,0,53505,110292,8957,18442,90385,6497,0,0,21182,484845,16313,293384,14119520]
[null,305,"0305","WAKEFIELD                    ",305,1,1150424.45,142097.86000000002,0,1819439.4100000001,0,0,20005276.34,0,0,846219.82999999984,0,306465.76,1209347.81,145968.12,0,103378.7,76356.02,0,0,0,0,0,8831.33,530438.80000000005,0,7084,73629.439999999988,6402.93,283858.06,0,0,799583.75,0,623078.62,28137881.229999997]
[null,306,"0306","WALES                        ",306,1,0,0,0,129822,0,11538,708023,0,0,43859,0,11479,79563,0,0,0,0,0,0,0,2342,0,3623,12543,0,0,13219,500,2503,0,951,30026,0,30864,1080855]
[null,307,"0307","WALPOLE                      ",307,1,512550.51000000007,1275154.95,0,2110871.6399999997,0,116198.8,22052303.289999999,0,0,1697996.37,274455.83,247198.27000000002,1791069.0799999998,429988.9,0,0,0,0,0,0,1279742.44,0,0,123164.73,10432.869999999999,265730.55,239217.05,8532.48,13296.36,0,69548.2,1390658.9300000002,25717.34,495042.06,34428870.650000006]
[null,308,"0308","WALTHAM                      ",308,1,1931597,7613,0,3409336,0,56674,40141095,0,0,2277666,831351,366479,3556400,874998,0,0,617449,0,159486,0,188179,0,131619,649920,47430,118816,123740,75594,509733,0,87580,2455222,1243913,451974,60313864]
[null,309,"0309","WARE                         ",309,1,129708,0,0,598265,0,0,5665066,0,0,535960,0,113773,1075096,176898,0,1903,15357,0,0,0,29870,0,0,18813,22011,7499,27013,194750,12330,77158,7245,331778,8133,137847,9186473]
[null,310,"0310","WAREHAM                      ",310,1,448071.67999999999,667101.7300000001,0,1878454.3499999999,0,26698.539999999997,13153466.939999999,0,0,834080.86,0,564655.32000000007,1508967.3399999999,80956.960000000006,0,1175.78,0,0,53611.939999999995,0,94760.6,0,3000,6977.16,19480.329999999998,42949.29,62060.49,12788.32,106175.71000000002,0,68063.5,495918.73,317.13,467879.62999999995,20597612.329999998]
[null,311,"0311","WARREN                       ",311,0,0,0,0,0,0,0,0,0,0,0,0,0,0,0,0,0,0,0,0,0,0,0,0,0,0,0,0,0,0,0,0,0,0,0,0]
[null,312,"0312","WARWICK                      ",312,0,0,0,0,0,0,0,0,0,0,0,0,0,0,0,0,0,0,0,0,0,0,0,0,0,0,0,0,0,0,0,0,0,0,0,0]
[null,313,"0313","WASHINGTON                   ",313,0,0,0,0,0,0,0,0,0,0,0,0,0,0,0,0,0,0,0,0,0,0,0,0,0,0,0,0,0,0,0,0,0,0,0,0]
[null,314,"0314","WATERTOWN                    ",314,1,689797.32000000007,1594267.41,0,1556605.75,0,0,20528319.100000001,0,0,828305.88,10694.5,212359.55,3088073.42,383781.59999999992,0,121775.79,0,0,83192,0,11223.12,0,74177.179999999993,286791.48,30745.619999999995,114643.71999999999,292946.31,70493.899999999994,369069.98000000004,2882.3100000000004,36640.009999999995,1775838,41011,251485.34000000003,32455120.289999999]
[null,315,"0315","WAYLAND                      ",315,1,807318.77000000014,782874.59,0,1625338.38,0,0,20562063,0,0,1007430.1399999999,74960.459999999992,120402.68,2182984.9299999997,464934.43000000005,0,0,0,0,19957,0,172523.40000000002,0,11521,67797.210000000006,58817.34,133308.12,352164.71,31995.39,33542.1,0,80425.670000000013,750638.42999999993,27304.260000000002,998921.08999999985,30367223.100000009]
[null,316,"0316","WEBSTER                      ",316,1,310882.45,27441,0,1094758.98,0,6192,8955815,0,0,1692622.7799999998,16946.82,139338,800705,143678,0,0,0,0,6304,0,68448.22,0,7593,69424,0,0,130461,0,136453.33000000002,0,0,688656.59000000008,10089,117487.46,14423296.630000001]
[null,317,"0317","WELLESLEY                    ",317,1,3026585.94,1291281.3599999999,0,2865657.5199999996,0,527709.51,36796020.969999991,0,0,2954230.78,275410.33,651328.38,4779457.38,657822.28,0,232781,781431.95000000007,0,180659.63,0,55633.399999999994,0,12590,423936.41999999993,460963.17000000004,114652.28,337176.64,702471.79,0,0,38416.79,2067065.4700000002,1640.72,1631859.54,60866783.25]
[null,318,"0318","WELLFLEET                    ",318,1,9943,41358,0,223786,0,16826,1182695,0,0,163411,0,36418,286940,27380,0,1485,0,0,1545,0,2399,0,196,6590,6922,0,12679,930.28,11012,0,0,91535,1189.3,257,2125496.58]
[null,319,"0319","WENDELL                      ",319,0,0,0,0,0,0,0,0,0,0,0,0,0,0,0,0,0,0,0,0,0,0,0,0,0,0,0,0,0,0,0,0,0,0,0,0]
[null,320,"0320","WENHAM                       ",320,0,0,0,0,0,0,0,0,0,0,0,0,0,0,0,0,0,0,0,0,0,0,0,0,0,0,0,0,0,0,0,0,0,0,0,0]
[null,321,"0321","WESTBOROUGH                  ",321,1,898214.49000000011,860758.63,0,1990851.1000000003,0,634056.12,24182614.090000004,0,0,1187933.5999999999,250492.93999999997,485219.18000000005,3406580.48,453575.55,0,0,0,0,52189.9,0,55279.13,0,77661.509999999995,216564.33999999997,463304.34,147495.88,76739.73,0,50573.06,341306.47000000003,262507.46999999997,1129484.5699999998,193240.61000000002,536030.46000000008,37952673.650000006]
[null,{"$f":"B326+1","v":322},"0322","WEST BOYLSTON                ",322,1,153232.16,0,0,566976.85,0,708.28,6246856.2999999989,0,0,81598.84,0,63525,366012.53,64370.780000000006,0,0,0,0,0,0,16428.41,0,4025.12,140116.76,5179.0200000000004,5532.7,135583.09,7025.24,199.99,31847.59,0,322878.17000000004,2854.05,86996.19,8301947.0699999994]
[null,323,"0323","WEST BRIDGEWATER             ",323,1,168119.42,49637,0,750758.84,0,164995,5507941,0,0,306980,10642,60208,567078,95062,0,0,0,0,300,0,20812,0,29436,40113,49008,12466,16940,56384,0,89996,0,242478,2934,215721,8458009.2599999998]
[null,324,"0324","WEST BROOKFIELD              ",324,0,0,0,0,0,0,0,0,0,0,0,0,0,0,0,0,0,0,0,0,0,0,0,0,0,0,0,0,0,0,0,0,0,0,0,0]
[null,325,"0325","WESTFIELD                    ",325,1,902941.67999999993,569034.97,0,3254559,0,68296,28557134,0,0,908062,81710,304943,3997281,279747,0,0,0,0,87947,0,60775,0,166923,74512,358639,0,188792,0,250711,4389,199264,1800537.8900000001,360803,406451,42883452.539999999]
[null,326,"0326","WESTFORD                     ",326,1,1654317.4,59229,0,2752727,0,33926,28959625.75,0,0,1277578.82,92540,248578,3002689,741728,0,0,0,0,0,0,102872,0,65544,172826,52841,88000,429800,47237.869999999995,673962,328,139488,2020760,30360,283572,42930529.839999996]
[null,327,"0327","WESTHAMPTON                  ",327,1,23391,0,0,147168,0,0,713072,0,0,0,0,5024,166856,0,0,0,0,0,0,0,3451,0,682,0,15709,1538,31934,2150,25344,0,0,31900,0,14426,1182645]
[null,328,"0328","WESTMINSTER                  ",328,0,0,0,0,0,0,0,0,0,0,0,0,0,0,0,0,0,0,0,0,0,0,0,0,0,0,0,0,0,0,0,0,0,0,0,0]
[null,329,"0329","WEST NEWBURY                 ",329,0,0,0,0,0,0,0,0,0,0,0,0,0,0,0,0,0,0,0,0,0,0,0,0,0,0,0,0,0,0,0,0,0,0,0,0]
[null,330,"0330","WESTON                       ",330,1,458331.45,1172259,0,1625938.6649999998,0,575835.64,18427890,0,0,1212138,0,361607,1826266,540904,0,0,0,0,0,0,119892,0,69849,107998,60144,70649,472440,140640,305012,0,87582,1125280,7231,271787,29039673.754999999]
[null,331,"0331","WESTPORT                     ",331,1,82560,244647,0,838090,0,219853,8561054,0,0,524254,94664,124421,1496039,138981,0,0,0,0,8000,0,54575,0,41194,4717,9850,63726,128428,7859,31284,57951,56212,630687,1612,84663,13505321]
[null,332,"0332","WEST SPRINGFIELD             ",332,1,662044,121176,0,2245738,0,2075,20182240,0,0,1413715,703165,210774,2443023,328796,0,0,4613,0,22363,0,31075,0,46006,131936,216525,33590,155519,56159,222069,302,64538,1609254,436374,527361,31870430]
[null,333,"0333","WEST STOCKBRIDGE             ",333,0,0,0,0,0,0,0,0,0,0,0,0,0,0,0,0,0,0,0,0,0,0,0,0,0,0,0,0,0,0,0,0,0,0,0,0]
[null,334,"0334","WEST TISBURY                 ",334,0,0,0,0,0,0,0,0,0,0,0,0,0,0,0,0,0,0,0,0,0,0,0,0,0,0,0,0,0,0,0,0,0,0,0,0]
[null,335,"0335","WESTWOOD                     ",335,1,1563064.0299999998,198950.09999999998,0,1903368.79,0,90177.1,22268025.960000001,0,0,960722.24,344879.64,332800.2,3150124.98,690527.25,0,128322.07999999999,48094.720000000001,0,62623.05,0,166810.49,0,31039,235223.85000000003,22519.55,389896.90999999992,364562.83999999997,128815.95,105275.73,199.6,0,736868.44000000006,0,772931.27,34695823.770000003]
[null,336,"0336","WEYMOUTH                     ",336,1,1569972.3699999999,0,0,3043952.7499999995,0,338612.85,32093452.209999993,0,0,2622700.84,0,905632.19,2698069.7799999993,204194.48,0,0,0,0,14342.2,0,267940.8,0,0,49425.06,10546.48,288411.81,385185.6,149822.51999999999,223312.66999999998,11689,12196.5,2340854.84,170733.67,1002969.63,48404018.250000007]
[null,337,"0337","WHATELY                      ",337,1,52220,0,0,189866,0,0,603090,0,0,36981,0,16229,46610,75491,0,0,0,0,5731,0,1250,0,4118,3113,4953,0,11990,11825,0,7768,8615,0,39231,36910,1155991]
[null,338,"0338","WHITMAN                      ",338,0,0,0,0,0,0,0,0,0,0,0,0,0,0,0,0,0,0,0,0,0,0,0,0,0,0,0,0,0,0,0,0,0,0,0,0]
[null,339,"0339","WILBRAHAM                    ",339,0,0,0,0,0,0,0,0,0,0,0,0,0,0,0,0,0,0,0,0,0,0,0,0,0,0,0,0,0,0,0,0,0,0,0,0]
[null,340,"0340","WILLIAMSBURG                 ",340,1,33047,0,0,156800,0,942,1074112,0,0,0,0,20256,150412,0,0,0,0,0,0,0,2566,0,0,0,36494,0,6504,0,0,0,0,67083,0,305,1548521]
[null,341,"0341","WILLIAMSTOWN                 ",341,1,162239.10999999999,0,0,249003.67,0,77209.88,2487339.0499999998,0,0,200321.38,0,73635.33,564631.72,92005.119999999995,0,0,0,0,0,0,0,0,0,70676.78,24320.58,5996.7800000000007,24498.080000000002,893.32,0,0,0,36546.1,0,54819.02,4124135.9199999995]
[null,342,"0342","WILMINGTON                   ",342,1,459624,0,0,1970449,0,0,21226061.23,0,0,28317,312058,287188,1171162.76,465125,0,180434,0,0,34520,0,74460,0,0,31147,9992,3515,185638,33785,70002,0,0,1129461,10276,1288234,28971448.990000002]
[null,343,"0343","WINCHENDON                   ",343,1,330368.33999999997,0,0,813288.02999999991,0,99046.16,6498269.2300000004,0,0,26082.82,0,143959.04999999999,689065.45000000007,182212.82,0,0,0,0,0,0,2788.8599999999997,0,0,0,2472.2199999999998,1499.49,5026.91,0,25412.240000000002,0,63455.42,430609.79000000004,2667.88,107252.26,9423476.9700000025]
[null,344,"0344","WINCHESTER                   ",344,1,346852.43,1428348.4300000002,0,2210043.6100000003,0,398690.97000000003,28120789.34,0,0,1586433.91,160347.57,320817.65000000002,1380655.53,563734.15,0,0,0,0,33949.96,0,102815.25,0,639.84,105172.16,1048073.01,27923.71,37202.549999999996,131782.31,9145.09,0,0,1140905.27,20317.57,955131.54,40129771.850000001]
[null,345,"0345","WINDSOR                      ",345,0,0,0,0,0,0,0,0,0,0,0,0,0,0,0,0,0,0,0,0,0,0,0,0,0,0,0,0,0,0,0,0,0,0,0,0]
[null,346,"0346","WINTHROP                     ",346,1,250868.82999999996,56053.479999999996,0,1058523.28,0,89999.78,9978347.6699999999,0,0,665244.62,54188.5,110749,1086708.21,81509.460000000006,0,0,0,0,0,0,44384.33,0,8806,62914.409999999996,87397.58,3786.7000000000003,57037.01,6822.77,188288.82,0,102699.89,574500.01,39493.9,172321.2,14780645.449999997]
[null,347,"0347","WOBURN",347,1,659818,676541,0,2856796,0,354669,30168474,0,0,1447729,0,890245,3474480,396438,0,381690,0,0,0,0,85533.75,0,51909,15800,396890,4280,277904,0,30454,11332,853,1259554,10345,1120380,44572114.75]
[null,348,"0348","WORCESTER                    ",348,1,1618913.3199999996,3038385.7959776977,0,13326076.130000005,0,173633.53999999995,137190316.06402227,0,0,11338186.600000005,1466729.56,1102421.6700000002,10042175.059999997,626594.95000000007,0,222783.77000000002,0,0,0,0,19590,0,0,3724911.790000001,0,59310.44,630153.35000000009,5281596.8100000015,2179901.2300000004,0,360961.98,6939728.3099999968,579178.47000000009,1779909.7599999998,201701458.5999999]
[null,349,"0349","WORTHINGTON                  ",349,1,7800,0,0,120458,0,764,277814,0,0,51780,0,6571,76740,0,0,0,0,0,0,0,0,0,3860,5949,3102,4000,0,0,0,0,0,15000,0,0,573838]
[null,350,"0350","WRENTHAM                     ",350,1,256398,59375,0,448800.7,0,92250,5562643.9400000004,0,0,455397,51265.88,67530.44,650646.93000000005,108717,0,0,0,0,2581,0,43911,0,73551,59795,14637,79478,56331,1450,78330,6614,41841,242214,5361,134154,8593272.8900000006]
[null,351,"0351","YARMOUTH                     ",351,0,0,0,0,0,0,0,0,0,0,0,0,0,0,0,0,0,0,0,0,0,0,0,0,0,0,0,0,0,0,0,0,0,0,0,0]
[null,352,"0352","DEVENS",352,0,0,0,0,0,0,0,0,0,0,0,0,0,0,0,0,0,0,0,0,0,0,0,0,0,0,0,0,0,0,0,0,0,0,0,0]
[null,353,"0406","NORTHAMPTON SMITH            ",406,1,287071,83418,0,355038,0,285959,3573964.22,0,0,0,58552,71623,94282,58270,0,0,0,0,0,0,11601,0,0,31575.919999999998,247262,52239.61,8272,9144,3588,0,0,400504.33,0,78457,5710821.080000001]
[null,354,"0600","ACTON BOXBOROUGH             ",600,1,1415539.09,438176.49,0,3482806.8000000003,0,0,30673514.789999999,0,0,1025846.7899999999,406455.03999999998,336897.44999999995,3971148.72,436822.32,0,0,0,0,22583,0,250694.68,0,104143.85,358931.73000000004,53913.42,207688.49,529990.82999999996,231870.46,447638.36999999994,4289.4799999999996,67848.209999999992,1995921.1600000001,45176.4,1088466.6299999999,47596364.200000003]
[null,355,"0603","ADAMS CHESHIRE               ",603,1,159003.96999999997,7287.5,0,719588.33,0,38410.71,5926125.6300000008,0,0,200675.79,66139.05,183328.90000000002,838132.45,20874.830000000002,0,0,0,0,4500,0,0,0,32300.13,0,718.5,3657.46,78765.709999999992,0,0,9987.75,50658.36,335712.64999999997,0,0,8675867.7200000007]
[null,356,"0605","AMHERST PELHAM               ",605,1,584980,61364,0,1407367,0,5783,8481859,0,0,337951,52380,159368,1794361,231984,0,317,0,0,0,0,104339,0,953,23024,89348,20024,40626,47402,46874,0,0,881941,78,312961,14685284]
[null,357,"0610","ASHBURNHAM WESTMINSTER       ",610,1,300523.67,16120,0,1246403.74,0,83534,10646365.75,0,0,699568.2,39533.550000000003,134863.32,1675046.1600000001,97670.37,0,0,0,0,28800,0,69226.5,0,8192.68,3477.43,3845.22,112219.7,179693.45999999996,14083.7,113562.04999999997,16799.309999999998,68000.349999999991,741130.79,169800.56,127053.28,16595513.789999999]
[null,358,"0615","ATHOL ROYALSTON              ",615,1,156122.32999999999,240463.81,0,963123.61,0,110190.68,6468823.9000000004,0,0,612322.42999999993,52156.71,176640.46000000002,577016.5,163704.65,0,0,0,0,16800,0,9676.1999999999989,0,0,114246.04999999999,11573.81,8077.47,87278.37,32263.48,128860.29000000001,0,45092,567859.5,0,158782.9,10701075.150000002]
[null,359,"0616","AYER SHIRLEY",616,1,213302.69,209106.24,0,1121825.7,0,146290.37000000002,7872458.9700000007,0,0,663798.99999999988,0,175092.52,700319.27000000014,157333.04999999999,0,0,0,0,0,0,33399.47,0,30102.720000000001,226119.01000000004,0,82346.61,175745.8,25995.900000000005,34227.130000000005,0,73670.25,485652.91,0,173036.34,12599823.950000003]
[null,360,"0618","BERKSHIRE HILLS              ",618,1,247812.45,100949.78,0,976127.67999999993,0,178372.12000000002,5854998.3899999997,0,0,387897.83,178139.15,182470,1226577.8900000001,242985,0,0,0,0,0,0,125780.13,0,45017.93,131373.88,6073,11234.09,126713.49,25246.809999999998,0,0,24730.6,874819.87000000011,0,100019.86000000002,11047339.950000003]
[null,361,"0620","BERLIN BOYLSTON              ",620,1,148909,104486,0,322704,0,51564,2702530,0,0,9390,0,57226,318645,87443,0,478,0,0,8980,0,21747,0,2311,38851,6032,18448,10683,0,9558,0,0,162323,170,83351,4165829]
[null,362,"0622","BLACKSTONE MILLVILLE         ",622,1,160502,23550,0,977971,0,0,9007986,0,0,610325,0,155039,910377,89895,0,0,0,0,0,0,0,0,64979,122729,538,3116,57350,18913,61570,0,48174,530897,19920,171749,13035580]
[null,363,"0625","BRIDGEWATER RAYNHAM          ",625,1,599974.39,0,0,2207335.8199999998,0,0,27557714.370000001,0,0,2331486.9,194580.28999999998,202791.05,1400180.03,66978.53,0,0,0,0,0,0,95071.75,0,0,191181.46000000002,13444.85,0,128738.85999999999,0,23042.880000000001,9443,16244.57,990301,1638,1201684.6300000001,37231832.38000001]
[null,364,"0632","CHESTERFIELD GOSHEN",632,1,27562,0,0,133666,0,0,1021467,0,0,0,0,28336,177480,11313,0,0,0,0,0,0,0,0,1194,3000,14019,7924,4775,832,1557,4320,0,59317,0,12497,1509259]
[null,365,"0635","CENTRAL BERKSHIRE            ",635,1,164146,135009,0,971931,0,2660,8801192,0,0,426233,63406,160082,505583,154103,0,6836,0,0,0,0,8366,0,34999,28419,7324,0,105628,59719,128712,0,0,677591,94567,102962,12639468]
[null,366,"0640","CONCORD CARLISLE             ",640,1,269211.61999999994,579907.61,0,755322.54,0,341796.52999999997,10338230.459999999,0,0,387409.34,56927.55,70727,1090590.3199999998,192326.90999999997,0,0,0,0,9712.0300000000007,0,24143.69,0,108936.24,50392.41,34387.01,74931.23,140783.16999999998,134685.99,280685.27,0,60313.440000000002,1217426.53,5702.39,349691,16574240.279999999]
[null,367,"0645","DENNIS YARMOUTH              ",645,1,577228,384830,0,2319482,0,107405,19836615,0,0,856004,184324,518467.58,2645399,202347,0,95279,10713,0,0,0,62688,0,47748,39202,197317,119756,160966,196788,0,0,6549,1106715,8401,517015,30201238.579999998]
[null,368,"0650","DIGHTON REHOBOTH             ",650,1,244500,94882,0,1411539,0,146892,15978304,0,0,1327412,0,474328,1767635,254438,0,0,0,0,0,0,162680,0,0,159777,12874,173264,237203,24112,154908,19336,15945,834790,35852,425109,23955780]
[null,369,"0655","DOVER SHERBORN               ",655,1,290158.47000000003,280270.74,0,755896.36,0,0,10128097.200000001,0,0,302135.57,11702.5,83529.08,433118.74,213030,0,26613.57,0,0,14898.77,0,89286.25,0,6476.58,74977.69,49161.11,88700.15,127241.34,79732.17,112578.76000000001,0,0,767757.09,0,99237.5,14034599.640000001]
[null,370,"0658","DUDLEY CHARLTON              ",658,1,331740.68,376905.07,0,1749798.3599999999,0,0,17924159.93,0,0,939712.99999999977,110467.59,202518.33000000002,2160273.12,135832.01999999999,0,0,0,0,0,0,110172,0,130207.92,133185.03000000003,22550.129999999997,0,295078.34000000003,2000,232891.08000000002,606.1,103093.29300000001,933909.72,6604.8600000000006,306104.76,26207811.333000001]
[null,371,"0660","NAUSET                       ",660,1,127292,90865,0,910962,0,298714,11206238,0,0,475877,135810,122911,1379240,185708,0,19011,0,0,8380,0,149250,0,1807,81618,81972,83380,19349,63419,88112,97333,3223,1188876,6348,69526,16895221]
[null,372,"0662","FARMINGTON RIVER",662,1,95418,0,0,144999,0,29565.85,637947,0,0,66679,0,22497,101107,66234,0,0,0,0,0,0,27612,0,0,0,13182,0,1761,56717,0,0,3086,61483,0,7335,1335622.8500000001]
[null,373,"0665","FREETOWN LAKEVILLE           ",665,1,368431,94352,0,1239938,0,134727,13461669,0,0,214293,190125,146670,1609355,191631,0,40418,0,0,0,0,0,0,25070,96886,2581,49,150802,11931,59134,151765,1227,991557,224,211499,19394334]
[null,374,"0670","FRONTIER                     ",670,1,152007,33788,0,309582,0,4155,3047973,0,0,175602,0,99521,419585,75864,0,0,19832,0,0,0,25664,0,33051,55986,40480,19404,27663,139291,0,82333,30843,262844,14370,67106,5136944]
[null,375,"0672","GATEWAY                      ",672,1,282544,0,0,551383,0,12700,4655976,0,0,400990,35542,61381,754892,81938,0,0,0,0,0,0,26312,0,0,14133,31712,7871,43938,19019,2654,0,7958,402168,1108,70780,7464999]
[null,376,"0673","GROTON DUNSTABLE             ",673,1,674787,125493,0,1210827,0,2105,13756342,0,0,826473,0,196592,1364750,262301,0,300,0,0,1000,0,139889,0,1013,60475,21491,42898,253435,7430.04,17831,0,22151,1001231,1000,205878,20195692.039999999]
[null,377,"0674","GILL MONTAGUE                ",674,1,205399,147243,0,876793,0,37493,4589797,0,0,353229,61159,120194,971645,82157,0,0,0,0,2001,0,31231,0,12512,33621,56196,315,28687,57051,54158,0,24701,412655,3743,75329.8,8237309.7999999998]
[null,378,"0675","HAMILTON WENHAM              ",675,1,895109.04999999993,0,0,1366820.39,0,390678.57,11180425.969999999,0,0,590979.70000000007,17834.858216514,175433.05771968508,1377939.6500000001,367004.35000000003,0,0,0,0,16985.059999999998,0,76128.800000000003,0,47185.700000000004,23291.030000000002,20333.789999999997,247593.55000000002,124477.37,1602.73,405368.47000000003,3751.64,0,823535.85,795,244082.99,18397357.575936198]
[null,379,"0680","HAMPDEN WILBRAHAM            ",680,1,806066,0,0,1587933,0,65963,16158262,0,0,1144393,179751,323109,1463639,267200,0,38814,14223,0,3500,0,56113,0,121396,45597,198019,173073,126373,4265,470974,0,141825,1198267.42,435,413610,25002800.420000002]
[null,380,"0683","HAMPSHIRE                    ",683,1,86239,36378,0,561752,0,114180,4859629,0,0,0,0,67396,466999,105137,0,0,0,0,0,0,45257,0,0,8923,108378,0,20206,0,0,0,0,439974,0,73137,6993585]
[null,381,"0685","HAWLEMONT                    ",685,1,24949.799999999996,1208.6299999999999,0,124798.18999999999,0,9707.9500000000007,414895.30000000005,0,0,72211.070000000007,0,20153.900000000001,65785.58,12661.34,0,0,0,0,1489.06,0,5340.5099999999993,0,681.4,0,1385.1,336.68,16957.629999999997,23249.5,746.95,0,0,0,3337.15,36585.020000000004,836480.76000000024]
[null,382,"0690","KING PHILIP                  ",690,1,859902.19000000018,72881,0,931516.19000000006,0,369613.16000000003,9535044.5599999987,0,0,326064.33999999997,202843.53,161356.46000000002,621972.32999999996,30361.360000000001,0,0,0,0,1470,0,61885.84,0,0,56502.5,7147.87,13116.41,327652.29000000004,56281.94,177015.43,0,14125.34,946700.25,0,222274.53,14995727.519999996]
[null,383,"0695","LINCOLN SUDBURY              ",695,1,291328.57999999996,0,0,1241330.8199999998,0,27560.46,12311202.549999999,0,0,82305.22,0,107550.07,719531.81,286321.73,0,9398,0,0,406443.04000000004,0,152979.56,0,0,77690.14,101169.45,102038.48999999999,16930.54,49091.819999999992,48027.040000000001,0,23463.72,950211.78,11000.53,655105.39,17670680.740000002]
[null,384,"0698","MANCHESTER ESSEX",698,1,451745,232150,0,856346,0,185800,10210003,0,0,489732,41248,90496,894374,185717,0,1852,0,0,37042,0,22056,0,22025,20500,141854,51755,37733,95908,72904,0,30319,705329,11626,277180,15165694]
[null,385,"0700","MARTHAS VINEYARD             ",700,1,112185,297898,0,861297,0,206057,6665995,0,0,38210,135674,132187,424607,93161,0,0,0,0,0,0,164471,0,15610,15935,179763,24751,0,140532,96674,0,0,650303,26383,163603,10445296]
[null,{"$f":"B390+1","v":386},"0705","MASCONOMET                   ",705,1,1115173,0,0,978352,0,78490,12584247,0,0,372719,0,99836,917322,199212,0,0,83031,0,3322,0,73077,0,0,51706,64591,164489,152450,85375,0,0,0,1046074,190,210160,18279816]
[null,387,"0710","MENDON UPTON                 ",710,1,289933.46000000002,469835.74,0,1107958.48,0,0,12491016.539999999,0,0,433519.34,95246.98,253010.27,1283993.5,138764.89000000001,0,0,0,0,12062.5,0,29585.15,0,57338.740000000005,256050.46000000002,13210.55,6842.66,40362.229999999996,26843.89,76498.76999999999,411628.93000000005,79933.399999999994,722706.87,0,124732.38,18421075.73]
[null,388,"0712","MONOMOY",712,1,193939.93,0,0,1418844.1599999999,0,0,12526744.550000001,0,0,535914.15,53610.559999999998,284275.12,755678.12,331601.27,0,0,30214,0,136968.79999999999,0,379998.23,0,11000,130056.91999999998,34902.170000000006,0,213461.94999999998,154108.78,13250.029999999999,0,11216.7,558552.59000000008,0,338622.41,18112960.440000005]
[null,389,"0715","MOUNT GREYLOCK               ",715,1,133305,33000,0,336787,0,0,3024363,0,0,68011,68684,0,330594,79431,0,250,0,0,0,0,0,0,251,36048,4772,42680,35181,1128,87701,0,32845,303860,0,91983,4710874]
[null,390,"0717","MOHAWK TRAIL                 ",717,1,236564,0,0,685232,0,56635,4686122,0,0,363542,0,72206,1569159,112143,0,15132,0,0,216,0,48680,0,45854,34590,12773,15126,103872,114114,1290,0,0,284099,5020,156351,8618720]
[null,391,"0720","NARRAGANSETT                 ",720,1,161494,0,0,830868,0,0,6692486,0,0,0,83723,147287,771434,1182,0,124094,0,0,3177,0,0,0,0,58456,0,0,135513,5412,505,0,0,494165,25825,73000,9608621]
[null,392,"0725","NASHOBA                      ",725,1,458368.01,0,0,1991730.0399999998,0,569105.53,20387486.629999999,0,0,1275409.3400000001,0,541936.22,1976757.4800000002,455724.38999999996,0,106789.5,0,0,51642.45,0,94843.900000000009,0,18581.73,224370.47999999998,115746.67000000001,0,309340.30000000005,0,40815.679999999993,0,265298.89,1773632.56,50258.53,473263.88000000006,31181102.210000001]
[null,393,"0728","NEW SALEM WENDELL            ",728,1,32406,13573.63,0,149918,0,0,502053,0,0,123439,0,26836,273346,53846,0,310,0,0,0,0,0,0,2538,802.19,674,0,22495,0,10860,0,0,0,0,73400,1286496.8199999998]
[null,394,"0730","NORTHBORO SOUTHBORO          ",730,1,163078.79999999999,90460,0,742609.31,0,123676.01000000001,9683101.6400000006,0,0,151781.24,4305,75399.5,703922.32000000007,153915.43,0,25593.969999999998,7006,0,0,0,17687.099999999999,0,0,85024.939999999988,24597.35,27418.83,21939.1,28614.17,14724.48,1657,28646.58,764812.02999999991,0,143113.16,13083083.960000001]
[null,395,"0735","NORTH MIDDLESEX              ",735,1,356596.62,0,0,1759784.6,0,92841.400000000009,17126171.369999997,0,0,1405543.5599999998,0,283530.86,1511166.0599999998,410246.92,0,0,0,0,17949.68,0,86472.15,0,30297.18,117814.34000000001,14734.560000000001,98189.36,209397.52000000002,38704.94,191478.19,0,33320.399999999994,918666.24999999988,0,353406.41,25056312.369999994]
[null,396,"0740","OLD ROCHESTER                ",740,1,122978.51000000001,31983.4,0,749682.08000000007,0,176089,6588905.5899999999,0,0,74616.350000000006,108175.48,106520.63,709766,147274,0,0,41891.520000000004,0,0,0,2133,0,0,66539.63,21140.63,0,70824.849999999991,53839.94,126048.27,0,34207.11,661053.69999999995,0,51003.02,9944672.7099999972]
[null,397,"0745","PENTUCKET                    ",745,1,388936,207048,0,1390787,0,71,14541044,0,0,759086,242057,296879,1131727,196575,0,0,0,0,15549,0,86836,0,1000,36085,5226,177563,148111,10879,278,1403,4568,645803,0,342223,20629734]
[null,398,"0750","PIONEER                      ",750,1,163883.16999999998,0,0,616326.87,0,113590.57,4451838.13,0,0,267563.89,112415.08,103672.75,881115.03,7567.09,0,0,0,0,9256,0,21085.370000000003,0,6810.51,13707.460000000001,5961.7000000000007,8071.62,93995.32,5223,0,0,0,313241.8,1455.42,139272,7336052.7800000003]
[null,399,"0753","QUABBIN                      ",753,1,204038.93,17573.88,0,1282815.9299999997,0,93737.95,9366119.1300000008,0,0,837582.52999999991,77365.25,125867.48000000001,1556659.3399999999,108354.01000000001,0,0,296688.76,0,42688.17,0,86724.739999999991,0,88701.68,137803.32,32094.47,143517.46000000002,157927.70000000001,206662.25999999998,423458.55000000005,37634.21,7205.37,732908.84,392288.32999999996,221873.12,16678291.41]
[null,400,"0755","RALPH C MAHAR                ",755,1,211999,51705,0,342242,0,212707,2921656,0,0,70677,47371,54720,291839,85435,0,0,0,0,0,0,50702,0,14199,28757,11392,5012,26190,46473,0,0,4109,334875,18790,140177,4971027]
[null,401,"0760","SILVER LAKE                  ",760,1,1044475.4800000001,0,0,872151.05,0,0,10489934.390000001,0,0,51637.759999999995,0,287370.95,208996.01,184249.24,0,0,0,0,0,0,77681.279999999984,0,0,76847.179999999993,258808.36000000002,0,40549.14,306074.82,163746.4,70174.2,0,999185.85000000009,0,26541.770000000004,15158423.879999999]
[null,402,"0763","SOMERSET BERKLEY",763,1,94557,674145,0,475293,0,30651,5475560,0,0,89962,0,144868,286238,128346,0,0,0,0,0,0,12133,0,35458,13878,5122,36475,75213,23728,70427,0,46651,136831,0,0,7855536]
[null,403,"0765","SOUTHERN BERKSHIRE           ",765,1,249904.35999999996,37652.759999999995,0,596509.41000000015,0,127273.19999999998,4216198.58,0,0,70178.490000000005,34110.910000000003,137241.96,861128.88000000012,142971.91999999998,0,46762.78,0,0,0,0,8511.7000000000007,0,17791.05,15307.970000000001,75002.62999999999,0,38255.86,63907.26,7648.71,0,41893.829999999994,384936.47,2788.81,90368.19,7266345.7300000004]
[null,404,"0766","SOUTHWICK TOLLAND GRANVILLE",766,1,288388,100990,0,999118,0,206367,8622574,0,0,0,70892,153338,857699,220770,0,79386,287179,0,7421,0,28395,0,23312,168710,41941,65652,1813,11450,0,0,0,842540,0,133596,13211531]
[null,405,"0767","SPENCER EAST BROOKFIELD      ",767,1,400795,7359,0,905435,0,0,6906269,0,0,509157,0,103346,451868,125228,0,0,0,0,0,0,18244,0,7006,63688,1168,41672,72162,74227,3021,764,27052,431752,0,156167,10306380]
[null,406,"0770","TANTASQUA                    ",770,1,188385,20127,0,998631,0,0,10395327,0,0,290629,17422,152286,450745,139814,0,0,0,0,0,0,41431,0,10750,51188,26804,0,319236,4503,0,0,0,910687,34463,221793,14274221]
[null,407,"0773","TRITON                       ",773,1,511215,189080,0,1487367,0,0,14005932,0,0,804893,30196.6,271777.5,1809491,225238,0,19938,0,0,0,0,503492,0,0,275769,30162,23672,151321.5,0,228119,0,0,913540,0,134558,21615761.600000001]
[null,408,"0774","UPISLAND",774,1,113676,25948,0,587131,0,115275,3676582.99,0,0,41575,0,76590,900854,131141,0,0,0,0,204,0,52134,0,9028,40245,3254,26940,59045,61597.46,17415,24138,22681,246335,0,57470,6289259.4500000002]
[null,409,"0775","WACHUSETT                    ",775,1,792698.35,290718.44,0,3949595.36,0,449694.55,33759782.510000005,0,0,2328573.4500000002,39980,450841.2,6246273.8399999989,88954.42,0,0,0,0,23145,0,1063522.07,0,2620,389383.5,15497.05,3408.78,317640.46999999997,2237.63,52051.74,0,265.95,825355.15,7175.41,1203334.05,52302748.920000009]
[null,410,"0778","QUABOAG",778,1,156482,358832,0,436300,0,116137,5801880,0,0,369948,27120,173265,502726,17391,0,0,75692,0,0,0,40550,0,2500,27103,13102,9297,53769,32242,12338,0,0,442158,5228,132391,8806451]
[null,411,"0780","WHITMAN HANSON               ",780,1,634336.73,79176,0,1942190.32,0,482732.58999999997,18056772.789999999,0,0,154562.69,133419,331302.45,1523134.8800000001,292436.26,0,0,0,0,0,0,75344.2,0,0,36301.839999999997,11555.01,0,157515.1,1301833.22,247288.93,0,0,842507.9,0,573083.41,26875493.32]
[null,412,"0801","ASSABET VALLEY               ",801,1,625125,286838,0,507785,0,1000,7311494,0,0,972060,0,138362,262274,109484,0,0,0,0,3841,0,437569,0,0,38082,288392,15404,18955,33015,249291,0,0,1000406,15520,124750,12439647]
[null,413,"0805","BLACKSTONE VALLEY            ",805,1,733686.54000000015,98143.34,0,518209.11000000004,0,325169.63,7634958.2800000003,0,0,98993.247000000003,110056.87,136148,398853.02,55045.27,0,0,0,0,0,0,215533.35,0,11327,87431.9,19367.169999999998,76238.850000000006,398342.02,211657.8,286839.67,708.16,120184.24,651052.30999999994,88980.4,73425.010000000009,12350351.186999999]
[null,414,"0806","BLUE HILLS                   ",806,1,464456,124220,0,439821,0,924,6810379.1200000001,0,0,0,0,131559,71812,72947,0,0,0,0,0,0,39133,0,21772,86601,269089,151041,14922,4157,185204,0,0,434633,4608,104935,9432213.120000001]
[null,415,"0810","BRISTOL PLYMOUTH             ",810,1,938678,0,0,345683,0,0,8507255,0,0,9654,36413,100614,491691,19565,0,0,0,0,5406,0,143007,0,0,79222,11227,126636,698748,75295,393917,52,26496,579003,2197,0,12590759]
[null,416,"0815","CAPE COD                     ",815,1,364438.73,0,0,437701,0,227063.78,4979308.99,0,0,133568.17000000001,0,86318.77,258235.74,74853.3,0,8260,160555,0,0,0,17577,0,12910,52417.95,0,0,277864.69999999995,66518.77,0,0,0,480745.89,0,36157.72,7674495.5099999988]
[null,417,"0817","ESSEX NORTH SHORE",817,1,925980.14999999991,0,0,801446.91000000015,0,28289.040000000001,9042129.9299999997,0,0,90831.96,22480,105815.2,145555.43,125091.2,0,0,0,0,0,0,55516.08,0,70345.149999999994,55367.45,384376.97,0,69218.48,92156.860000000015,98529.09,15191,34641.160000000003,951772.2,8694.8499999999985,81112.62,13204541.729999997]
[null,418,"0818","FRANKLIN COUNTY",818,1,175109,5000,0,344409,0,143334,3569577,0,0,0,9900,104228,0,10495,0,0,0,0,6750,0,37589,0,0,22272,169434,0,9179,0,18173,81744,26040,289796,3881,75305,5102215]
[null,419,"0821","GREATER FALL RIVER           ",821,1,286042,0,0,0,0,0,10869558,0,0,0,84485,186499,49427,63245,0,0,0,0,0,0,179543,0,0,96157,0,415000,675856,54942,88858,0,0,858065,145413,29475,14082565]
[null,420,"0823","GREATER LAWRENCE             ",823,1,813705.77,377591,0,733489.19,0,262229.7,10779287.93,0,0,92440.78,135582.97,96811.27,466304.76,107405.57,0,0,153071.88,0,0,0,62450.21,0,11951.53,38381.21,15677.51,0,344038.47000000003,139083.62,274701.74,0,104605.34,1013171.0399999999,18637.2,50132.97,16090751.66]
[null,421,"0825","GREATER NEW BEDFORD          ",825,1,1816524.97,0,0,949567.39,0,427595.9,15263938.99,0,0,72007.61,64539.8,277864.78999999998,1143238.03,72500,0,0,0,0,0,0,330,0,51246.899999999994,170828.13,2091442.4999999998,104037.36000000002,0,0,191.43,0,0,1119269.1200000001,0,0,23625122.919999998]
[null,422,"0828","GREATER LOWELL               ",828,1,1742672.02,0,0,141236.42000000001,0,0,14456301.710000001,0,0,0,40925.64,268254.59999999998,453591.19,396213.80000000005,0,21164.33,0,0,0,0,218864.60999999996,0,0,134174.81,87350.94,719371.52999999991,959750.74,0,337362.62000000005,0,0,1071377.6700000002,200296.25,362156.55,21611065.430000003]
[null,423,"0829","SOUTH MIDDLESEX              ",829,1,354230.05000000005,0,0,876920.09999999986,0,199767.62,6617322.6500000004,0,0,53618.25,0,56791.199999999997,0,81938.77,0,0,0,0,0,0,92289.22,0,32803.69,56546.32,7015.49,62209.42,284812.59999999998,105346.84,48390.6,0,9858.7999999999993,764753.19,54296.85,193512.88,9952424.5399999991]
[null,424,"0830","MINUTEMAN                    ",830,1,415195,79615,0,623604,0,126393,6597579,0,0,72470,0,78697,240173,137613,0,0,0,0,0,0,75993,0,20075,30280,10212,68379,178768,51566,29639,7459,19499,387763,19964,171340,9442276]
[null,425,"0832","MONTACHUSETT                 ",832,1,553808.81999999995,263919.53000000003,0,715516.12,0,116078.86000000002,8863821.0500000007,0,0,51815.14,22210,94415.34,92560.93,227683.47,0,0,0,0,0,0,188287.38,0,500,522800.51,29179.279999999999,137676.19,56905.02,126546.22,380958.02,0,39251.24,921379.83,20252.349999999999,103912.2,13529477.5]
[null,426,"0851","NORTHERN BERKSHIRE           ",851,1,99083,11424,0,404280,0,0,4024286,0,0,0,14313,37840,31338,63178,0,0,0,0,9049,0,14708,0,3720,10717,12415,182567,9857,0,3609,0,0,258606,12654,52025,5255669]
[null,427,"0852","NASHOBA VALLEY               ",852,1,657524.29,0,0,263358.39999999997,0,232484.97999999998,4108157.5999999996,0,0,30803,0,39869.019999999997,0,66006.2,0,21262,0,0,0,0,27847,0,0,79922.259999999995,9397.08,274293,130803.1,0,111068.15,1854,0,425456.99000000005,357.32,88007,6568471.3899999997]
[null,428,"0853","NORTHEAST METROPOLITAN       ",853,1,187120.02,0,0,846699.99,0,8950,9239961.6300000008,0,0,124958.91,124851.57,144718.34,3891.12,69368.33,0,0,34300,0,0,0,7884.0300000000007,0,81518.23,38342.93,66502.55,158241.54999999999,320728.11,1593.37,31788.339999999997,0,0,847278.62999999989,97180,94966.8,12530844.449999999]
[null,429,"0855","OLD COLONY",855,1,357753,0,0,265501,0,0,3509049,0,0,0,0,83942,64902,51393,0,0,0,0,0,0,51493,0,0,16379,5345,295117,14644,0,2686,20098,3625,303106,0,54102,5099135]
[null,430,"0860","PATHFINDER",860,1,53942,390618.79999999993,0,226090.19000000003,0,160897.5,5192990.9400000004,0,0,235803,24335.08,67540.75,133366.79999999999,82219.77,0,0,0,0,4368,0,18484.82,0,30391.71,21429.7,16276.14,212970.35,23249.759999999998,43177.68,28841.31,1950,52717.31,400360.27,37277.74,71011,7530310.6199999992]
[null,431,"0871","SHAWSHEEN VALLEY",871,1,635002,0,0,236377,0,447334.82999999996,11636001,0,0,0,0,122820,140729,138171,0,55484,7428,0,0,0,193623,0,0,786453,10782,0,0,0,0,0,0,1036348,0,82922,15529474.83]
[null,432,"0872","SOUTHEASTERN",872,1,197218.27000000002,56637.93,0,1615581.31,0,1013281.5,9314373.3699999992,0,0,0,0,64821.57,837687.72,85175,0,0,0,0,0,0,225486.57,0,0,60172.7,4948.92,463242.02,445050,12159.59,1671.12,0,184756.93,1030462.1799999999,0,0,15612726.699999997]
[null,433,"0873","SOUTH SHORE",873,1,311256,40335,0,288060,0,244547,4788665,0,0,0,99038,20974,322345,68310,0,887,0,0,0,0,80822,0,0,142504,336908,21320,0,0,11877,0,0,232398,27174,15768,7053188]
[null,434,"0876","SOUTHERN WORCESTER",876,1,264198,279976,0,697510,0,324231,8097334,0,0,106663,0,153870,296113,102592,0,0,3800,0,0,0,221353,0,3000,27405,71011,287173,396214,12250,17658,0,0,560964,6853,61747,11991915]
[null,435,"0878","TRI COUNTY",878,1,540760,30415,0,549833,0,343120,7477810,0,0,84265,0,98722,51481,80254,0,0,0,0,29136,0,48819,0,2416,147233,255130,205629,36227,48954,161346,0,0,873627,14981,96701,11176859]
[null,436,"0879","UPPER CAPE COD",879,1,580584.08000000007,25000,0,409710.34,0,0,5269148.6900000004,0,0,0,0,28826.760000000002,411122.89999999997,55749.120000000003,0,28343,8732,0,0,0,68804.59,0,30195,25832.339999999997,13900,442018.88,196881.12,0,82417.27,86881.74,13100.45,643354.21000000008,36399.550000000003,26601.5,8483603.540000001]
[null,437,"0885","WHITTIER",885,1,511215,78117,0,700623,0,0,9120615,0,0,0,0,92160,152059,99034,0,0,31132,0,0,0,98086,0,12202,24163,9900,93156,447866,0,670548,0,151122,504481,0,141114,12937593]
[null,438,"0910","BRISTOL COUNTY",910,1,98296.950000000012,7345.6399999999994,0,323659.52999999997,0,82660.44,2388511.14,0,0,25950,0,32700,290740.96000000002,60639.8,0,0,0,0,1500,0,13297.96,0,0,11903.730000000001,1488.72,72349.600000000006,247604.06999999998,16866.599999999999,35290.449999999997,0,67866.820000000007,172186.33000000002,0,5082.62,3955941.3600000003]
[null,439,"0915","NORFOLK COUNTY",915,1,318223.93,100921.49,0,210265.05000000002,0,190540.30000000002,3748235.2,0,0,2570,0,104619.24,168236.22,112820.94,0,0,0,0,0,0,84682,0,0,24033.54,144339.62,8173.4,5783.92,119961.73000000001,3183.17,0,1984.26,297886.18000000005,50643.43,77677.119999999995,5774780.7400000012]

{"sheet":"Reports 2.0","index":2,"n_rows":41,"n_cols":11,"rows_kept":41,"cut":false,"hidden":false,"merged":[[1,2,1,7]]}
[]
[null,null,"Corrected FY18 EOYR Schedule 3 Instructoinal data"]
[]
[null,null,"Please select your District from the below drop down:"]
[" ",null,{"$f":"VLOOKUP(A6,'LEA List'!A2:C440,3,FALSE)","v":"001"}]
[1,null,"Schedule 3 Instruction Expenditures, School Committee",null,"FY17","FY18","FY19","Change FY18-FY19",null,"Please review and correct \nany reporting errors","Select OK if the reported data is correct"]
[null,149,"Curriculum Directors  (Supervisory) (2110) (line 3409, col 6)",null,{"$f":"IFERROR(VLOOKUP($C$5,'FY17'!$E$6:$AO$444,3,FALSE),\"\")","v":286416.76},{"$f":"IFERROR(VLOOKUP($C$5,'FY18'!$E$6:$AO$444,3,FALSE),\"\")","v":326478.51999999996},0,{"$f":"IF(F7>0,(G7-F7)/F7,IF(G7>0,1,0))","v":-1},null,{"$f":"IF(K7=\"OK\",\"\", IF(AND(ABS(H7)>0.25,ABS(G7-F7)>100000),\"Please Review\",\"\"))","v":"Please Review"}]
[null,150,"Department Heads  (Non-Supervisory) (2120) (line 3419, col 6)",null,{"$f":"IFERROR(VLOOKUP($C$5,'FY17'!$E$6:$AO$444,4,FALSE),\"\")","v":0},{"$f":"IFERROR(VLOOKUP($C$5,'FY18'!$E$6:$AO$444,4,FALSE),\"\")","v":45318.879999999997},0,-1,null,{"$f":"IF(K8=\"OK\",\"\", IF(AND(ABS(H8)>0.25,ABS(G8-F8)>100000),\"Please Review\",\"\"))","v":""}]
[null,151,"Instructional Technology Leadership and Training (2130) (line 3427, col 6) *",null,null,null,0,null,null,""]
[null,152,"School Leadership-Building (2210) (line 3434, col 6)",null,{"$f":"IFERROR(VLOOKUP($C$5,'FY17'!$E$6:$AO$444,6,FALSE),\"\")","v":1053683.03},{"$f":"IFERROR(VLOOKUP($C$5,'FY18'!$E$6:$AO$444,6,FALSE),\"\")","v":1116731.53},0,-1,null,"Please Review"]
[null,153,"Curriculum Leaders/Department Heads-Building Level (2220) ",null,{"$f":"IFERROR(VLOOKUP($C$5,'FY17'!$E$6:$AO$444,7,FALSE),\"\")","v":0},null,null,null,null,""]
[null,154,"Administrative Technology and Support – Schools (2250) (line 3449, col 6)",null,{"$f":"IFERROR(VLOOKUP($C$5,'FY17'!$E$6:$AO$444,8,FALSE),\"\")","v":8246.92},{"$f":"IFERROR(VLOOKUP($C$5,'FY18'!$E$6:$AO$444,8,FALSE),\"\")","v":5289.46},0,-1,null,""]
[null,155,"Teachers, Classroom (2305) (line 3450, col 6)",null,{"$f":"IFERROR(VLOOKUP($C$5,'FY17'!$E$6:$AO$444,9,FALSE),\"\")","v":8937658.6099999994},{"$f":"IFERROR(VLOOKUP($C$5,'FY18'!$E$6:$AO$444,9,FALSE),\"\")","v":9722775.6699999999},0,-1,null,"Please Review"]
[null,156,"Teachers, Specialists (2310)",null,{"$f":"IFERROR(VLOOKUP($C$5,'FY17'!$E$6:$AO$444,10,FALSE),\"\")","v":509795},null,null,null,null,""]
[null,157,"Instructional Coordinators and Team Leaders (2315)",null,{"$f":"IFERROR(VLOOKUP($C$5,'FY17'!$E$6:$AO$444,11,FALSE),\"\")","v":0},null,null,null,null,""]
[null,158,"Medical/ Therapeutic Services (2320) (line 3459, col 6)",null,{"$f":"IFERROR(VLOOKUP($C$5,'FY17'!$E$6:$AO$444,12,FALSE),\"\")","v":320139.61},{"$f":"IFERROR(VLOOKUP($C$5,'FY18'!$E$6:$AO$444,12,FALSE),\"\")","v":368494},0,-1,null,"Please Review"]
[null,159,"Substitutes, Long Term (2324) (line 3465, col 6)",null,null,{"$f":"IFERROR(VLOOKUP($C$5,'FY18'!$E$6:$AO$444,13,FALSE),\"\")","v":155382.04},0,-1,null,"Please Review"]
[null,160,"Substitutes, Short Term (2325) (line 3469, col 6)",null,{"$f":"IFERROR(VLOOKUP($C$5,'FY17'!$E$6:$AO$444,14,FALSE),\"\")","v":118895.93999999999},{"$f":"IFERROR(VLOOKUP($C$5,'FY18'!$E$6:$AO$444,14,FALSE),\"\")","v":92978.86},0,-1,null,""]
[null,161,"Non-Clerical Paraprofs./Instructional Assistants (2330) (line 3475, col 6)",null,{"$f":"IFERROR(VLOOKUP($C$5,'FY17'!$E$6:$AO$444,15,FALSE),\"\")","v":1373048.59},{"$f":"IFERROR(VLOOKUP($C$5,'FY18'!$E$6:$AO$444,15,FALSE),\"\")","v":1558018.37},0,-1,null,"Please Review"]
[null,162,"Librarians and Media Center Directors (2340) (line 3479, col 6)",null,{"$f":"IFERROR(VLOOKUP($C$5,'FY17'!$E$6:$AO$444,16,FALSE),\"\")","v":83635.44},{"$f":"IFERROR(VLOOKUP($C$5,'FY18'!$E$6:$AO$444,16,FALSE),\"\")","v":87421.98},0,-1,null,""]
[null,163,"Distance Learning and Online Coursework (2345) (line 3486, col 6) *",null,null,null,0,null,null,""]
[null,164,"Professional Development Leadership (2351) (line 3493, col 6)",null,{"$f":"IFERROR(VLOOKUP($C$5,'FY17'!$E$6:$AO$444,18,FALSE),\"\")","v":243435.89000000004},{"$f":"IFERROR(VLOOKUP($C$5,'FY18'!$E$6:$AO$444,18,FALSE),\"\")","v":17935},0,-1,null,""]
[null,165,"Instructional Coaches (2352) (line 3498, col 6)",null,null,{"$f":"IFERROR(VLOOKUP($C$5,'FY18'!$E$6:$AO$444,19,FALSE),\"\")","v":0},0,0,null,""]
[null,166,"Teacher/Instructional Staff-Professional Days (2353) ",null,{"$f":"IFERROR(VLOOKUP($C$5,'FY17'!$E$6:$AO$444,20,FALSE),\"\")","v":78590.33},null,null,null,null,""]
[null,167,"Stipends for Teachers Providing Instructional Coaching (2354) (line 3499, col 6)",null,null,{"$f":"IFERROR(VLOOKUP($C$5,'FY18'!$E$6:$AO$444,21,FALSE),\"\")","v":21975},0,-1,null,""]
[null,168,"Substitutes for Instructional Staff at Prof. Development (2355) ",null,{"$f":"IFERROR(VLOOKUP($C$5,'FY17'!$E$6:$AO$444,22,FALSE),\"\")","v":0},null,null,null,null,""]
[null,169,"Costs for Instructional Staff to Attend Prof. Dev. (2356) (line 3505, col 6)",null,null,{"$f":"IFERROR(VLOOKUP($C$5,'FY18'!$E$6:$AO$444,23,FALSE),\"\")","v":82917.650000000009},0,-1,null,""]
[null,170,"Prof. Development Stipends, Providers and Expenses (2357)",null,{"$f":"IFERROR(VLOOKUP($C$5,'FY17'!$E$6:$AO$444,24,FALSE),\"\")","v":92618.53},null,null,null,null,""]
[null,171,"Outside Professional Development for Instructional Staff (2358) (line 3509, col 6)",null,null,{"$f":"IFERROR(VLOOKUP($C$5,'FY18'!$E$6:$AO$444,25,FALSE),\"\")","v":0},0,0,null,""]
[null,172,"Textbooks (2410) (line 3511, col 6)",null,{"$f":"IFERROR(VLOOKUP($C$5,'FY17'!$E$6:$AO$444,26,FALSE),\"\")","v":226402.47999999995},{"$f":"IFERROR(VLOOKUP($C$5,'FY18'!$E$6:$AO$444,26,FALSE),\"\")","v":176428.48},0,-1,null,"Please Review"]
[null,173,"Other Instructional Materials (2415) (line 3519, col 6)",null,{"$f":"IFERROR(VLOOKUP($C$5,'FY17'!$E$6:$AO$444,27,FALSE),\"\")","v":47673.45},{"$f":"IFERROR(VLOOKUP($C$5,'FY18'!$E$6:$AO$444,27,FALSE),\"\")","v":67861.23},0,-1,null,""]
[null,174,"Instructional Equipment (2420) (line 3529, col 6)",null,{"$f":"IFERROR(VLOOKUP($C$5,'FY17'!$E$6:$AO$444,28,FALSE),\"\")","v":24224.47},{"$f":"IFERROR(VLOOKUP($C$5,'FY18'!$E$6:$AO$444,28,FALSE),\"\")","v":32391.89},0,-1,null,""]
[null,175,"General Supplies (2430) (line 3535, col 6)",null,{"$f":"IFERROR(VLOOKUP($C$5,'FY17'!$E$6:$AO$444,29,FALSE),\"\")","v":224430.72},{"$f":"IFERROR(VLOOKUP($C$5,'FY18'!$E$6:$AO$444,29,FALSE),\"\")","v":237938.21},0,-1,null,"Please Review"]
[null,176,"Other Instructional Services (2440) (line 3544, col 6)",null,{"$f":"IFERROR(VLOOKUP($C$5,'FY17'!$E$6:$AO$444,30,FALSE),\"\")","v":877919.48},{"$f":"IFERROR(VLOOKUP($C$5,'FY18'!$E$6:$AO$444,30,FALSE),\"\")","v":473132},0,-1,null,"Please Review"]
[null,177,"Instructional Hardware –Student and Staff Devices (computers) (2451) (line 3548, col 6)",null,{"$f":"IFERROR(VLOOKUP($C$5,'FY17'!$E$6:$AO$444,31,FALSE),\"\")","v":183572.57},{"$f":"IFERROR(VLOOKUP($C$5,'FY18'!$E$6:$AO$444,31,FALSE),\"\")","v":205644.67},0,-1,null,"Please Review"]
[null,178,"Instructional Hardware—All Other (2453) (line 3552, col 6)",null,{"$f":"IFERROR(VLOOKUP($C$5,'FY17'!$E$6:$AO$444,32,FALSE),\"\")","v":22536.400000000001},{"$f":"IFERROR(VLOOKUP($C$5,'FY18'!$E$6:$AO$444,32,FALSE),\"\")","v":21990},0,-1,null,""]
[null,179,"Instructional Software and Other Instructional Materials (2455) (line 3556, col 6)",null,{"$f":"IFERROR(VLOOKUP($C$5,'FY17'!$E$6:$AO$444,33,FALSE),\"\")","v":21441.079999999998},{"$f":"IFERROR(VLOOKUP($C$5,'FY18'!$E$6:$AO$444,33,FALSE),\"\")","v":139209},0,-1,null,"Please Review"]
[null,180,"Guidance Counselors and Adjustment Counselors (2710) (line 3569, col 6)",null,{"$f":"IFERROR(VLOOKUP($C$5,'FY17'!$E$6:$AO$444,34,FALSE),\"\")","v":366422.38999999996},{"$f":"IFERROR(VLOOKUP($C$5,'FY18'!$E$6:$AO$444,34,FALSE),\"\")","v":383840.96000000008},0,-1,null,"Please Review"]
[null,181,"Testing and Assessment (2720) (line 3579, col 6)",null,{"$f":"IFERROR(VLOOKUP($C$5,'FY17'!$E$6:$AO$444,35,FALSE),\"\")","v":0},{"$f":"IFERROR(VLOOKUP($C$5,'FY18'!$E$6:$AO$444,35,FALSE),\"\")","v":0},0,0,null,""]
[null,182,"Psychological Services (2800) (line 3589, col 6)",null,{"$f":"IFERROR(VLOOKUP($C$5,'FY17'!$E$6:$AO$444,36,FALSE),\"\")","v":366395.61},{"$f":"IFERROR(VLOOKUP($C$5,'FY18'!$E$6:$AO$444,36,FALSE),\"\")","v":401795.03},0,-1,null,"Please Review"]
[null,183,"Total Instruction (2000) (line 3599, col 6)",null,{"$f":"IFERROR(VLOOKUP($C$5,'FY17'!$E$6:$AO$444,37,FALSE),\"\")","v":15467183.300000001},{"$f":"IFERROR(VLOOKUP($C$5,'FY18'!$E$6:$AO$444,37,FALSE),\"\")","v":15741948.430000002},0,-1,null,"Please Review"]

{"sheet":"LEA List","index":3,"n_rows":440,"n_cols":4,"rows_kept":440,"cut":false,"hidden":true,"merged":[]}
[]
[1,"001 - ABINGTON                     ","001",{"$f":"C2&\" - \"&B2","v":"001 - 001 - ABINGTON                     "}]
[{"$f":"A2+1","v":2},"002 - ACTON                        ","002",{"$f":"C3&\" - \"&B3","v":"002 - 002 - ACTON                        "}]
[3,"003 - ACUSHNET                     ","003","003 - 003 - ACUSHNET                     "]
[4,"004 - ADAMS                        ","004","004 - 004 - ADAMS                        "]
[5,"005 - AGAWAM                       ","005","005 - 005 - AGAWAM                       "]
[6,"006 - ALFORD                       ","006","006 - 006 - ALFORD                       "]
[7,"007 - AMESBURY                     ","007","007 - 007 - AMESBURY                     "]
[8,"008 - AMHERST                      ","008","008 - 008 - AMHERST                      "]
[9,"009 - ANDOVER                      ","009","009 - 009 - ANDOVER                      "]
[10,"010 - ARLINGTON                    ","010","010 - 010 - ARLINGTON                    "]
[11,"011 - ASHBURNHAM                   ","011","011 - 011 - ASHBURNHAM                   "]
[12,"012 - ASHBY                        ","012","012 - 012 - ASHBY                        "]
[13,"013 - ASHFIELD                     ","013","013 - 013 - ASHFIELD                     "]
[14,"014 - ASHLAND                      ","014","014 - 014 - ASHLAND                      "]
[15,"015 - ATHOL                        ","015","015 - 015 - ATHOL                        "]
[16,"016 - ATTLEBORO                    ","016","016 - 016 - ATTLEBORO                    "]
[17,"017 - AUBURN                       ","017","017 - 017 - AUBURN                       "]
[18,"018 - AVON                         ","018","018 - 018 - AVON                         "]
[19,"019 - AYER                         ","019","019 - 019 - AYER                         "]
[20,"020 - BARNSTABLE                   ","020","020 - 020 - BARNSTABLE                   "]
[21,"021 - BARRE                        ","021","021 - 021 - BARRE                        "]
[22,"022 - BECKET                       ","022","022 - 022 - BECKET                       "]
[23,"023 - BEDFORD                      ","023","023 - 023 - BEDFORD                      "]
[24,"024 - BELCHERTOWN                  ","024","024 - 024 - BELCHERTOWN                  "]
[25,"025 - BELLINGHAM                   ","025","025 - 025 - BELLINGHAM                   "]
[26,"026 - BELMONT                      ","026","026 - 026 - BELMONT                      "]
[27,"027 - BERKLEY                      ","027","027 - 027 - BERKLEY                      "]
[28,"028 - BERLIN                       ","028","028 - 028 - BERLIN                       "]
[29,"029 - BERNARDSTON                  ","029","029 - 029 - BERNARDSTON                  "]
[30,"030 - BEVERLY                      ","030","030 - 030 - BEVERLY                      "]
[31,"031 - BILLERICA                    ","031","031 - 031 - BILLERICA                    "]
[32,"032 - BLACKSTONE                   ","032","032 - 032 - BLACKSTONE                   "]
[33,"033 - BLANDFORD                    ","033","033 - 033 - BLANDFORD                    "]
[34,"034 - BOLTON                       ","034","034 - 034 - BOLTON                       "]
[35,"035 - BOSTON                       ","035","035 - 035 - BOSTON                       "]
[36,"036 - BOURNE                       ","036","036 - 036 - BOURNE                       "]
[37,"037 - BOXBOROUGH                   ","037","037 - 037 - BOXBOROUGH                   "]
[38,"038 - BOXFORD                      ","038","038 - 038 - BOXFORD                      "]
[39,"039 - BOYLSTON                     ","039","039 - 039 - BOYLSTON                     "]
[40,"040 - BRAINTREE                    ","040","040 - 040 - BRAINTREE                    "]
[41,"041 - BREWSTER                     ","041","041 - 041 - BREWSTER                     "]
[42,"042 - BRIDGEWATER                  ","042","042 - 042 - BRIDGEWATER                  "]
[43,"043 - BRIMFIELD                    ","043","043 - 043 - BRIMFIELD                    "]
[44,"044 - BROCKTON                     ","044","044 - 044 - BROCKTON                     "]
[45,"045 - BROOKFIELD                   ","045","045 - 045 - BROOKFIELD                   "]
[46,"046 - BROOKLINE                    ","046","046 - 046 - BROOKLINE                    "]
[47,"047 - BUCKLAND                     ","047","047 - 047 - BUCKLAND                     "]
[48,"048 - BURLINGTON                   ","048","048 - 048 - BURLINGTON                   "]
[49,"049 - CAMBRIDGE                    ","049","049 - 049 - CAMBRIDGE                    "]
[50,"050 - CANTON                       ","050","050 - 050 - CANTON                       "]
[51,"051 - CARLISLE                     ","051","051 - 051 - CARLISLE                     "]
[52,"052 - CARVER                       ","052","052 - 052 - CARVER                       "]
[53,"053 - CHARLEMONT                   ","053","053 - 053 - CHARLEMONT                   "]
[54,"054 - CHARLTON                     ","054","054 - 054 - CHARLTON                     "]
[55,"055 - CHATHAM                      ","055","055 - 055 - CHATHAM                      "]
[56,"056 - CHELMSFORD                   ","056","056 - 056 - CHELMSFORD                   "]
[57,"057 - CHELSEA                      ","057","057 - 057 - CHELSEA                      "]
[58,"058 - CHESHIRE                     ","058","058 - 058 - CHESHIRE                     "]
[59,"059 - CHESTER                      ","059","059 - 059 - CHESTER                      "]
[60,"060 - CHESTERFIELD                 ","060","060 - 060 - CHESTERFIELD                 "]
[61,"061 - CHICOPEE                     ","061","061 - 061 - CHICOPEE                     "]
[62,"062 - CHILMARK                     ","062","062 - 062 - CHILMARK                     "]
[63,"063 - CLARKSBURG                   ","063","063 - 063 - CLARKSBURG                   "]
[64,"064 - CLINTON                      ","064","064 - 064 - CLINTON                      "]
[65,"065 - COHASSET                     ","065","065 - 065 - COHASSET                     "]
[{"$f":"A66+1","v":66},"066 - COLRAIN                      ","066",{"$f":"C67&\" - \"&B67","v":"066 - 066 - COLRAIN                      "}]
[67,"067 - CONCORD                      ","067","067 - 067 - CONCORD                      "]
[68,"068 - CONWAY                       ","068","068 - 068 - CONWAY                       "]
[69,"069 - CUMMINGTON                   ","069","069 - 069 - CUMMINGTON                   "]
[70,"070 - DALTON                       ","070","070 - 070 - DALTON                       "]
[71,"071 - DANVERS                      ","071","071 - 071 - DANVERS                      "]
[72,"072 - DARTMOUTH                    ","072","072 - 072 - DARTMOUTH                    "]
[73,"073 - DEDHAM                       ","073","073 - 073 - DEDHAM                       "]
[74,"074 - DEERFIELD                    ","074","074 - 074 - DEERFIELD                    "]
[75,"075 - DENNIS                       ","075","075 - 075 - DENNIS                       "]
[76,"076 - DIGHTON                      ","076","076 - 076 - DIGHTON                      "]
[77,"077 - DOUGLAS                      ","077","077 - 077 - DOUGLAS                      "]
[78,"078 - DOVER                        ","078","078 - 078 - DOVER                        "]
[79,"079 - DRACUT                       ","079","079 - 079 - DRACUT                       "]
[80,"080 - DUDLEY                       ","080","080 - 080 - DUDLEY                       "]
[81,"081 - DUNSTABLE                    ","081","081 - 081 - DUNSTABLE                    "]
[82,"082 - DUXBURY                      ","082","082 - 082 - DUXBURY                      "]
[83,"083 - EAST BRIDGEWATER             ","083","083 - 083 - EAST BRIDGEWATER             "]
[84,"084 - EAST BROOKFIELD              ","084","084 - 084 - EAST BROOKFIELD              "]
[85,"085 - EASTHAM                      ","085","085 - 085 - EASTHAM                      "]
[86,"086 - EASTHAMPTON                  ","086","086 - 086 - EASTHAMPTON                  "]
[87,"087 - EAST LONGMEADOW              ","087","087 - 087 - EAST LONGMEADOW              "]
[88,"088 - EASTON                       ","088","088 - 088 - EASTON                       "]
[89,"089 - EDGARTOWN                    ","089","089 - 089 - EDGARTOWN                    "]
[90,"090 - EGREMONT                     ","090","090 - 090 - EGREMONT                     "]
[91,"091 - ERVING                       ","091","091 - 091 - ERVING                       "]
[92,"092 - ESSEX                        ","092","092 - 092 - ESSEX                        "]
[93,"093 - EVERETT                      ","093","093 - 093 - EVERETT                      "]
[94,"094 - FAIRHAVEN                    ","094","094 - 094 - FAIRHAVEN                    "]
[95,"095 - FALL RIVER                   ","095","095 - 095 - FALL RIVER                   "]
[96,"096 - FALMOUTH                     ","096","096 - 096 - FALMOUTH                     "]
[97,"097 - FITCHBURG                    ","097","097 - 097 - FITCHBURG                    "]
[98,"098 - FLORIDA                      ","098","098 - 098 - FLORIDA                      "]
[99,"099 - FOXBOROUGH                   ","099","099 - 099 - FOXBOROUGH                   "]
[100,"100 - FRAMINGHAM                   ",100,"100 - 100 - FRAMINGHAM                   "]
[101,"101 - FRANKLIN                     ",101,"101 - 101 - FRANKLIN                     "]
[102,"102 - FREETOWN","102","102 - 102 - FREETOWN"]
[103,"103 - GARDNER                      ",103,"103 - 103 - GARDNER                      "]
[104,"104 - GAY HEAD                     ",104,"104 - 104 - GAY HEAD                     "]
[105,"105 - GEORGETOWN                   ",105,"105 - 105 - GEORGETOWN                   "]
[106,"106 - GILL                         ",106,"106 - 106 - GILL                         "]
[107,"107 - GLOUCESTER                   ",107,"107 - 107 - GLOUCESTER                   "]
[108,"108 - GOSHEN                       ",108,"108 - 108 - GOSHEN                       "]
[109,"109 - GOSNOLD                      ","109","109 - 109 - GOSNOLD                      "]
[110,"110 - GRAFTON                      ",110,"110 - 110 - GRAFTON                      "]
[111,"111 - GRANBY                       ",111,"111 - 111 - GRANBY                       "]
[112,"112 - GRANVILLE                    ",112,"112 - 112 - GRANVILLE                    "]
[113,"113 - GREAT BARRINGTON             ",113,"113 - 113 - GREAT BARRINGTON             "]
[114,"114 - GREENFIELD                   ",114,"114 - 114 - GREENFIELD                   "]
[115,"115 - GROTON                       ",115,"115 - 115 - GROTON                       "]
[116,"116 - GROVELAND                    ",116,"116 - 116 - GROVELAND                    "]
[117,"117 - HADLEY                       ",117,"117 - 117 - HADLEY                       "]
[118,"118 - HALIFAX                      ",118,"118 - 118 - HALIFAX                      "]
[119,"119 - HAMILTON                     ",119,"119 - 119 - HAMILTON                     "]
[120,"120 - HAMPDEN                      ",120,"120 - 120 - HAMPDEN                      "]
[121,"121 - HANCOCK                      ",121,"121 - 121 - HANCOCK                      "]
[122,"122 - HANOVER                      ",122,"122 - 122 - HANOVER                      "]
[123,"123 - HANSON                       ",123,"123 - 123 - HANSON                       "]
[124,"124 - HARDWICK                     ",124,"124 - 124 - HARDWICK                     "]
[125,"125 - HARVARD                      ",125,"125 - 125 - HARVARD                      "]
[126,"126 - HARWICH                      ",126,"126 - 126 - HARWICH                      "]
[127,"127 - HATFIELD                     ",127,"127 - 127 - HATFIELD                     "]
[128,"128 - HAVERHILL                    ",128,"128 - 128 - HAVERHILL                    "]
[129,"129 - HAWLEY                       ",129,"129 - 129 - HAWLEY                       "]
[{"$f":"A130+1","v":130},"130 - HEATH                        ",130,{"$f":"C131&\" - \"&B131","v":"130 - 130 - HEATH                        "}]
[131,"131 - HINGHAM                      ",131,"131 - 131 - HINGHAM                      "]
[132,"132 - HINSDALE                     ",132,"132 - 132 - HINSDALE                     "]
[133,"133 - HOLBROOK                     ",133,"133 - 133 - HOLBROOK                     "]
[134,"134 - HOLDEN                       ",134,"134 - 134 - HOLDEN                       "]
[135,"135 - HOLLAND                      ",135,"135 - 135 - HOLLAND                      "]
[136,"136 - HOLLISTON                    ",136,"136 - 136 - HOLLISTON                    "]
[137,"137 - HOLYOKE                      ",137,"137 - 137 - HOLYOKE                      "]
[138,"138 - HOPEDALE                     ",138,"138 - 138 - HOPEDALE                     "]
[139,"139 - HOPKINTON                    ",139,"139 - 139 - HOPKINTON                    "]
[140,"140 - HUBBARDSTON                  ",140,"140 - 140 - HUBBARDSTON                  "]
[141,"141 - HUDSON                       ",141,"141 - 141 - HUDSON                       "]
[142,"142 - HULL                         ",142,"142 - 142 - HULL                         "]
[143,"143 - HUNTINGTON                   ",143,"143 - 143 - HUNTINGTON                   "]
[144,"144 - IPSWICH                      ",144,"144 - 144 - IPSWICH                      "]
[145,"145 - KINGSTON                     ",145,"145 - 145 - KINGSTON                     "]
[146,"146 - LAKEVILLE","146","146 - 146 - LAKEVILLE"]
[147,"147 - LANCASTER                    ",147,"147 - 147 - LANCASTER                    "]
[148,"148 - LANESBOROUGH                 ",148,"148 - 148 - LANESBOROUGH                 "]
[149,"149 - LAWRENCE                     ",149,"149 - 149 - LAWRENCE                     "]
[150,"150 - LEE                          ",150,"150 - 150 - LEE                          "]
[151,"151 - LEICESTER                    ",151,"151 - 151 - LEICESTER                    "]
[152,"152 - LENOX                        ",152,"152 - 152 - LENOX                        "]
[153,"153 - LEOMINSTER                   ",153,"153 - 153 - LEOMINSTER                   "]
[154,"154 - LEVERETT                     ",154,"154 - 154 - LEVERETT                     "]
[155,"155 - LEXINGTON                    ",155,"155 - 155 - LEXINGTON                    "]
[156,"156 - LEYDEN                       ",156,"156 - 156 - LEYDEN                       "]
[157,"157 - LINCOLN                      ",157,"157 - 157 - LINCOLN                      "]
[158,"158 - LITTLETON                    ",158,"158 - 158 - LITTLETON                    "]
[159,"159 - LONGMEADOW                   ",159,"159 - 159 - LONGMEADOW                   "]
[160,"160 - LOWELL                       ",160,"160 - 160 - LOWELL                       "]
[161,"161 - LUDLOW                       ",161,"161 - 161 - LUDLOW                       "]
[162,"162 - LUNENBURG                    ",162,"162 - 162 - LUNENBURG                    "]
[163,"163 - LYNN                         ",163,"163 - 163 - LYNN                         "]
[164,"164 - LYNNFIELD                    ",164,"164 - 164 - LYNNFIELD                    "]
[165,"165 - MALDEN                       ",165,"165 - 165 - MALDEN                       "]
[166,"166 - MANCHESTER                   ",166,"166 - 166 - MANCHESTER                   "]
[167,"167 - MANSFIELD                    ",167,"167 - 167 - MANSFIELD                    "]
[168,"168 - MARBLEHEAD                   ",168,"168 - 168 - MARBLEHEAD                   "]
[169,"169 - MARION                       ",169,"169 - 169 - MARION                       "]
[170,"170 - MARLBOROUGH                  ",170,"170 - 170 - MARLBOROUGH                  "]
[171,"171 - MARSHFIELD                   ",171,"171 - 171 - MARSHFIELD                   "]
[172,"172 - MASHPEE                      ",172,"172 - 172 - MASHPEE                      "]
[173,"173 - MATTAPOISETT                 ",173,"173 - 173 - MATTAPOISETT                 "]
[174,"174 - MAYNARD                      ",174,"174 - 174 - MAYNARD                      "]
[175,"175 - MEDFIELD                     ",175,"175 - 175 - MEDFIELD                     "]
[176,"176 - MEDFORD                      ",176,"176 - 176 - MEDFORD                      "]
[177,"177 - MEDWAY                       ",177,"177 - 177 - MEDWAY                       "]
[178,"178 - MELROSE                      ",178,"178 - 178 - MELROSE                      "]
[179,"179 - MENDON                       ",179,"179 - 179 - MENDON                       "]
[180,"180 - MERRIMAC                     ",180,"180 - 180 - MERRIMAC                     "]
[181,"181 - METHUEN                      ",181,"181 - 181 - METHUEN                      "]
[182,"182 - MIDDLEBOROUGH                ",182,"182 - 182 - MIDDLEBOROUGH                "]
[183,"183 - MIDDLEFIELD                  ",183,"183 - 183 - MIDDLEFIELD                  "]
[184,"184 - MIDDLETON                    ",184,"184 - 184 - MIDDLETON                    "]
[185,"185 - MILFORD                      ",185,"185 - 185 - MILFORD                      "]
[186,"186 - MILLBURY                     ",186,"186 - 186 - MILLBURY                     "]
[187,"187 - MILLIS                       ",187,"187 - 187 - MILLIS                       "]
[188,"188 - MILLVILLE                    ",188,"188 - 188 - MILLVILLE                    "]
[189,"189 - MILTON                       ",189,"189 - 189 - MILTON                       "]
[190,"190 - MONROE                       ",190,"190 - 190 - MONROE                       "]
[191,"191 - MONSON                       ",191,"191 - 191 - MONSON                       "]
[192,"192 - MONTAGUE                     ",192,"192 - 192 - MONTAGUE                     "]
[193,"193 - MONTEREY                     ",193,"193 - 193 - MONTEREY                     "]
[{"$f":"A194+1","v":194},"194 - MONTGOMERY                   ",194,{"$f":"C195&\" - \"&B195","v":"194 - 194 - MONTGOMERY                   "}]
[195,"195 - MOUNT WASHINGTON             ",195,"195 - 195 - MOUNT WASHINGTON             "]
[196,"196 - NAHANT                       ",196,"196 - 196 - NAHANT                       "]
[197,"197 - NANTUCKET                    ",197,"197 - 197 - NANTUCKET                    "]
[198,"198 - NATICK                       ",198,"198 - 198 - NATICK                       "]
[199,"199 - NEEDHAM                      ",199,"199 - 199 - NEEDHAM                      "]
[200,"200 - NEW ASHFORD                  ",200,"200 - 200 - NEW ASHFORD                  "]
[201,"201 - NEW BEDFORD                  ",201,"201 - 201 - NEW BEDFORD                  "]
[202,"202 - NEW BRAINTREE                ",202,"202 - 202 - NEW BRAINTREE                "]
[203,"203 - NEWBURY                      ",203,"203 - 203 - NEWBURY                      "]
[204,"204 - NEWBURYPORT                  ",204,"204 - 204 - NEWBURYPORT                  "]
[205,"205 - NEW MARLBOROUGH              ",205,"205 - 205 - NEW MARLBOROUGH              "]
[206,"206 - NEW SALEM                    ",206,"206 - 206 - NEW SALEM                    "]
[207,"207 - NEWTON                       ",207,"207 - 207 - NEWTON                       "]
[208,"208 - NORFOLK                      ",208,"208 - 208 - NORFOLK                      "]
[209,"209 - NORTH ADAMS                  ",209,"209 - 209 - NORTH ADAMS                  "]
[210,"210 - NORTHAMPTON                  ",210,"210 - 210 - NORTHAMPTON                  "]
[211,"211 - NORTH ANDOVER                ",211,"211 - 211 - NORTH ANDOVER                "]
[212,"212 - NORTH ATTLEBOROUGH           ",212,"212 - 212 - NORTH ATTLEBOROUGH           "]
[213,"213 - NORTHBOROUGH                 ",213,"213 - 213 - NORTHBOROUGH                 "]
[214,"214 - NORTHBRIDGE                  ",214,"214 - 214 - NORTHBRIDGE                  "]
[215,"215 - NORTH BROOKFIELD             ",215,"215 - 215 - NORTH BROOKFIELD             "]
[216,"216 - NORTHFIELD                   ",216,"216 - 216 - NORTHFIELD                   "]
[217,"217 - NORTH READING                ",217,"217 - 217 - NORTH READING                "]
[218,"218 - NORTON                       ",218,"218 - 218 - NORTON                       "]
[219,"219 - NORWELL                      ",219,"219 - 219 - NORWELL                      "]
[220,"220 - NORWOOD                      ",220,"220 - 220 - NORWOOD                      "]
[221,"221 - OAK BLUFFS                   ",221,"221 - 221 - OAK BLUFFS                   "]
[222,"222 - OAKHAM                       ",222,"222 - 222 - OAKHAM                       "]
[223,"223 - ORANGE                       ",223,"223 - 223 - ORANGE                       "]
[224,"224 - ORLEANS                      ",224,"224 - 224 - ORLEANS                      "]
[225,"225 - OTIS                         ",225,"225 - 225 - OTIS                         "]
[226,"226 - OXFORD                       ",226,"226 - 226 - OXFORD                       "]
[227,"227 - PALMER                       ",227,"227 - 227 - PALMER                       "]
[228,"228 - PAXTON                       ",228,"228 - 228 - PAXTON                       "]
[229,"229 - PEABODY                      ",229,"229 - 229 - PEABODY                      "]
[230,"230 - PELHAM                       ",230,"230 - 230 - PELHAM                       "]
[231,"231 - PEMBROKE                     ",231,"231 - 231 - PEMBROKE                     "]
[232,"232 - PEPPERELL                    ",232,"232 - 232 - PEPPERELL                    "]
[233,"233 - PERU                         ",233,"233 - 233 - PERU                         "]
[234,"234 - PETERSHAM                    ",234,"234 - 234 - PETERSHAM                    "]
[235,"235 - PHILLIPSTON                  ",235,"235 - 235 - PHILLIPSTON                  "]
[236,"236 - PITTSFIELD                   ",236,"236 - 236 - PITTSFIELD                   "]
[237,"237 - PLAINFIELD                   ",237,"237 - 237 - PLAINFIELD                   "]
[238,"238 - PLAINVILLE                   ",238,"238 - 238 - PLAINVILLE                   "]
[239,"239 - PLYMOUTH                     ",239,"239 - 239 - PLYMOUTH                     "]
[240,"240 - PLYMPTON                     ",240,"240 - 240 - PLYMPTON                     "]
[241,"241 - PRINCETON                    ",241,"241 - 241 - PRINCETON                    "]
[242,"242 - PROVINCETOWN                 ",242,"242 - 242 - PROVINCETOWN                 "]
[243,"243 - QUINCY                       ",243,"243 - 243 - QUINCY                       "]
[244,"244 - RANDOLPH                     ",244,"244 - 244 - RANDOLPH                     "]
[245,"245 - RAYNHAM                      ",245,"245 - 245 - RAYNHAM                      "]
[246,"246 - READING                      ",246,"246 - 246 - READING                      "]
[247,"247 - REHOBOTH                     ",247,"247 - 247 - REHOBOTH                     "]
[248,"248 - REVERE                       ",248,"248 - 248 - REVERE                       "]
[249,"249 - RICHMOND                     ",249,"249 - 249 - RICHMOND                     "]
[250,"250 - ROCHESTER                    ",250,"250 - 250 - ROCHESTER                    "]
[251,"251 - ROCKLAND                     ",251,"251 - 251 - ROCKLAND                     "]
[252,"252 - ROCKPORT                     ",252,"252 - 252 - ROCKPORT                     "]
[253,"253 - ROWE                         ",253,"253 - 253 - ROWE                         "]
[254,"254 - ROWLEY                       ",254,"254 - 254 - ROWLEY                       "]
[255,"255 - ROYALSTON                    ",255,"255 - 255 - ROYALSTON                    "]
[256,"256 - RUSSELL                      ",256,"256 - 256 - RUSSELL                      "]
[257,"257 - RUTLAND                      ",257,"257 - 257 - RUTLAND                      "]
[{"$f":"A258+1","v":258},"258 - SALEM                        ",258,{"$f":"C259&\" - \"&B259","v":"258 - 258 - SALEM                        "}]
[259,"259 - SALISBURY                    ",259,"259 - 259 - SALISBURY                    "]
[260,"260 - SANDISFIELD                  ",260,"260 - 260 - SANDISFIELD                  "]
[261,"261 - SANDWICH                     ",261,"261 - 261 - SANDWICH                     "]
[262,"262 - SAUGUS                       ",262,"262 - 262 - SAUGUS                       "]
[263,"263 - SAVOY                        ",263,"263 - 263 - SAVOY                        "]
[264,"264 - SCITUATE                     ",264,"264 - 264 - SCITUATE                     "]
[265,"265 - SEEKONK                      ",265,"265 - 265 - SEEKONK                      "]
[266,"266 - SHARON                       ",266,"266 - 266 - SHARON                       "]
[267,"267 - SHEFFIELD                    ",267,"267 - 267 - SHEFFIELD                    "]
[268,"268 - SHELBURNE                    ",268,"268 - 268 - SHELBURNE                    "]
[269,"269 - SHERBORN                     ",269,"269 - 269 - SHERBORN                     "]
[270,"270 - SHIRLEY                      ",270,"270 - 270 - SHIRLEY                      "]
[271,"271 - SHREWSBURY                   ",271,"271 - 271 - SHREWSBURY                   "]
[272,"272 - SHUTESBURY                   ",272,"272 - 272 - SHUTESBURY                   "]
[273,"273 - SOMERSET                     ",273,"273 - 273 - SOMERSET                     "]
[274,"274 - SOMERVILLE                   ",274,"274 - 274 - SOMERVILLE                   "]
[275,"275 - SOUTHAMPTON                  ",275,"275 - 275 - SOUTHAMPTON                  "]
[276,"276 - SOUTHBOROUGH                 ",276,"276 - 276 - SOUTHBOROUGH                 "]
[277,"277 - SOUTHBRIDGE                  ",277,"277 - 277 - SOUTHBRIDGE                  "]
[278,"278 - SOUTH HADLEY                 ",278,"278 - 278 - SOUTH HADLEY                 "]
[279,"279 - SOUTHWICK                    ",279,"279 - 279 - SOUTHWICK                    "]
[280,"280 - SPENCER                      ",280,"280 - 280 - SPENCER                      "]
[281,"281 - SPRINGFIELD                  ",281,"281 - 281 - SPRINGFIELD                  "]
[282,"282 - STERLING                     ",282,"282 - 282 - STERLING                     "]
[283,"283 - STOCKBRIDGE                  ",283,"283 - 283 - STOCKBRIDGE                  "]
[284,"284 - STONEHAM                     ",284,"284 - 284 - STONEHAM                     "]
[285,"285 - STOUGHTON                    ",285,"285 - 285 - STOUGHTON                    "]
[286,"286 - STOW                         ",286,"286 - 286 - STOW                         "]
[287,"287 - STURBRIDGE                   ",287,"287 - 287 - STURBRIDGE                   "]
[288,"288 - SUDBURY                      ",288,"288 - 288 - SUDBURY                      "]
[289,"289 - SUNDERLAND                   ",289,"289 - 289 - SUNDERLAND                   "]
[290,"290 - SUTTON                       ",290,"290 - 290 - SUTTON                       "]
[291,"291 - SWAMPSCOTT                   ",291,"291 - 291 - SWAMPSCOTT                   "]
[292,"292 - SWANSEA                      ",292,"292 - 292 - SWANSEA                      "]
[293,"293 - TAUNTON                      ",293,"293 - 293 - TAUNTON                      "]
[294,"294 - TEMPLETON                    ",294,"294 - 294 - TEMPLETON                    "]
[295,"295 - TEWKSBURY                    ",295,"295 - 295 - TEWKSBURY                    "]
[296,"296 - TISBURY                      ",296,"296 - 296 - TISBURY                      "]
[297,"297 - TOLLAND                      ",297,"297 - 297 - TOLLAND                      "]
[298,"298 - TOPSFIELD                    ",298,"298 - 298 - TOPSFIELD                    "]
[299,"299 - TOWNSEND                     ",299,"299 - 299 - TOWNSEND                     "]
[300,"300 - TRURO                        ",300,"300 - 300 - TRURO                        "]
[301,"301 - TYNGSBOROUGH                 ",301,"301 - 301 - TYNGSBOROUGH                 "]
[302,"302 - TYRINGHAM                    ",302,"302 - 302 - TYRINGHAM                    "]
[303,"303 - UPTON                        ",303,"303 - 303 - UPTON                        "]
[304,"304 - UXBRIDGE                     ",304,"304 - 304 - UXBRIDGE                     "]
[305,"305 - WAKEFIELD                    ",305,"305 - 305 - WAKEFIELD                    "]
[306,"306 - WALES                        ",306,"306 - 306 - WALES                        "]
[307,"307 - WALPOLE                      ",307,"307 - 307 - WALPOLE                      "]
[308,"308 - WALTHAM                      ",308,"308 - 308 - WALTHAM                      "]
[309,"309 - WARE                         ",309,"309 - 309 - WARE                         "]
[310,"310 - WAREHAM                      ",310,"310 - 310 - WAREHAM                      "]
[311,"311 - WARREN                       ",311,"311 - 311 - WARREN                       "]
[312,"312 - WARWICK                      ",312,"312 - 312 - WARWICK                      "]
[313,"313 - WASHINGTON                   ",313,"313 - 313 - WASHINGTON                   "]
[314,"314 - WATERTOWN                    ",314,"314 - 314 - WATERTOWN                    "]
[315,"315 - WAYLAND                      ",315,"315 - 315 - WAYLAND                      "]
[316,"316 - WEBSTER                      ",316,"316 - 316 - WEBSTER                      "]
[317,"317 - WELLESLEY                    ",317,"317 - 317 - WELLESLEY                    "]
[318,"318 - WELLFLEET                    ",318,"318 - 318 - WELLFLEET                    "]
[319,"319 - WENDELL                      ",319,"319 - 319 - WENDELL                      "]
[320,"320 - WENHAM                       ",320,"320 - 320 - WENHAM                       "]
[321,"321 - WESTBOROUGH                  ",321,"321 - 321 - WESTBOROUGH                  "]
[{"$f":"A322+1","v":322},"322 - WEST BOYLSTON                ",322,{"$f":"C323&\" - \"&B323","v":"322 - 322 - WEST BOYLSTON                "}]
[323,"323 - WEST BRIDGEWATER             ",323,"323 - 323 - WEST BRIDGEWATER             "]
[324,"324 - WEST BROOKFIELD              ",324,"324 - 324 - WEST BROOKFIELD              "]
[325,"325 - WESTFIELD                    ",325,"325 - 325 - WESTFIELD                    "]
[326,"326 - WESTFORD                     ",326,"326 - 326 - WESTFORD                     "]
[327,"327 - WESTHAMPTON                  ",327,"327 - 327 - WESTHAMPTON                  "]
[328,"328 - WESTMINSTER                  ",328,"328 - 328 - WESTMINSTER                  "]
[329,"329 - WEST NEWBURY                 ",329,"329 - 329 - WEST NEWBURY                 "]
[330,"330 - WESTON                       ",330,"330 - 330 - WESTON                       "]
[331,"331 - WESTPORT                     ",331,"331 - 331 - WESTPORT                     "]
[332,"332 - WEST SPRINGFIELD             ",332,"332 - 332 - WEST SPRINGFIELD             "]
[333,"333 - WEST STOCKBRIDGE             ",333,"333 - 333 - WEST STOCKBRIDGE             "]
[334,"334 - WEST TISBURY                 ",334,"334 - 334 - WEST TISBURY                 "]
[335,"335 - WESTWOOD                     ",335,"335 - 335 - WESTWOOD                     "]
[336,"336 - WEYMOUTH                     ",336,"336 - 336 - WEYMOUTH                     "]
[337,"337 - WHATELY                      ",337,"337 - 337 - WHATELY                      "]
[338,"338 - WHITMAN                      ",338,"338 - 338 - WHITMAN                      "]
[339,"339 - WILBRAHAM                    ",339,"339 - 339 - WILBRAHAM                    "]
[340,"340 - WILLIAMSBURG                 ",340,"340 - 340 - WILLIAMSBURG                 "]
[341,"341 - WILLIAMSTOWN                 ",341,"341 - 341 - WILLIAMSTOWN                 "]
[342,"342 - WILMINGTON                   ",342,"342 - 342 - WILMINGTON                   "]
[343,"343 - WINCHENDON                   ",343,"343 - 343 - WINCHENDON                   "]
[344,"344 - WINCHESTER                   ",344,"344 - 344 - WINCHESTER                   "]
[345,"345 - WINDSOR                      ",345,"345 - 345 - WINDSOR                      "]
[346,"346 - WINTHROP                     ",346,"346 - 346 - WINTHROP                     "]
[347,"347 - WOBURN",347,"347 - 347 - WOBURN"]
[348,"348 - WORCESTER                    ",348,"348 - 348 - WORCESTER                    "]
[349,"349 - WORTHINGTON                  ",349,"349 - 349 - WORTHINGTON                  "]
[350,"350 - WRENTHAM                     ",350,"350 - 350 - WRENTHAM                     "]
[351,"351 - YARMOUTH                     ",351,"351 - 351 - YARMOUTH                     "]
[352,"352 - DEVENS",352,"352 - 352 - DEVENS"]
[353,"406 - NORTHAMPTON SMITH            ",406,"406 - 406 - NORTHAMPTON SMITH            "]
[354,"600 - ACTON BOXBOROUGH             ",600,"600 - 600 - ACTON BOXBOROUGH             "]
[355,"603 - ADAMS CHESHIRE               ",603,"603 - 603 - ADAMS CHESHIRE               "]
[356,"605 - AMHERST PELHAM               ",605,"605 - 605 - AMHERST PELHAM               "]
[357,"610 - ASHBURNHAM WESTMINSTER       ",610,"610 - 610 - ASHBURNHAM WESTMINSTER       "]
[358,"615 - ATHOL ROYALSTON              ",615,"615 - 615 - ATHOL ROYALSTON              "]
[359,"616 - AYER SHIRLEY",616,"616 - 616 - AYER SHIRLEY"]
[360,"618 - BERKSHIRE HILLS              ",618,"618 - 618 - BERKSHIRE HILLS              "]
[361,"620 - BERLIN BOYLSTON              ",620,"620 - 620 - BERLIN BOYLSTON              "]
[362,"622 - BLACKSTONE MILLVILLE         ",622,"622 - 622 - BLACKSTONE MILLVILLE         "]
[363,"625 - BRIDGEWATER RAYNHAM          ",625,"625 - 625 - BRIDGEWATER RAYNHAM          "]
[364,"632 - CHESTERFIELD GOSHEN",632,"632 - 632 - CHESTERFIELD GOSHEN"]
[365,"635 - CENTRAL BERKSHIRE            ",635,"635 - 635 - CENTRAL BERKSHIRE            "]
[366,"640 - CONCORD CARLISLE             ",640,"640 - 640 - CONCORD CARLISLE             "]
[367,"645 - DENNIS YARMOUTH              ",645,"645 - 645 - DENNIS YARMOUTH              "]
[368,"650 - DIGHTON REHOBOTH             ",650,"650 - 650 - DIGHTON REHOBOTH             "]
[369,"655 - DOVER SHERBORN               ",655,"655 - 655 - DOVER SHERBORN               "]
[370,"658 - DUDLEY CHARLTON              ",658,"658 - 658 - DUDLEY CHARLTON              "]
[371,"660 - NAUSET                       ",660,"660 - 660 - NAUSET                       "]
[372,"662 - FARMINGTON RIVER",662,"662 - 662 - FARMINGTON RIVER"]
[373,"665 - FREETOWN LAKEVILLE           ",665,"665 - 665 - FREETOWN LAKEVILLE           "]
[374,"670 - FRONTIER                     ",670,"670 - 670 - FRONTIER                     "]
[375,"672 - GATEWAY                      ",672,"672 - 672 - GATEWAY                      "]
[376,"673 - GROTON DUNSTABLE             ",673,"673 - 673 - GROTON DUNSTABLE             "]
[377,"674 - GILL MONTAGUE                ",674,"674 - 674 - GILL MONTAGUE                "]
[378,"675 - HAMILTON WENHAM              ",675,"675 - 675 - HAMILTON WENHAM              "]
[379,"680 - HAMPDEN WILBRAHAM            ",680,"680 - 680 - HAMPDEN WILBRAHAM            "]
[380,"683 - HAMPSHIRE                    ",683,"683 - 683 - HAMPSHIRE                    "]
[381,"685 - HAWLEMONT                    ",685,"685 - 685 - HAWLEMONT                    "]
[382,"690 - KING PHILIP                  ",690,"690 - 690 - KING PHILIP                  "]
[383,"695 - LINCOLN SUDBURY              ",695,"695 - 695 - LINCOLN SUDBURY              "]
[384,"698 - MANCHESTER ESSEX",698,"698 - 698 - MANCHESTER ESSEX"]
[385,"700 - MARTHAS VINEYARD             ",700,"700 - 700 - MARTHAS VINEYARD             "]
[{"$f":"A386+1","v":386},"705 - MASCONOMET                   ",705,{"$f":"C387&\" - \"&B387","v":"705 - 705 - MASCONOMET                   "}]
[387,"710 - MENDON UPTON                 ",710,"710 - 710 - MENDON UPTON                 "]
[388,"712 - MONOMOY",712,"712 - 712 - MONOMOY"]
[389,"715 - MOUNT GREYLOCK               ",715,"715 - 715 - MOUNT GREYLOCK               "]
[390,"717 - MOHAWK TRAIL                 ",717,"717 - 717 - MOHAWK TRAIL                 "]
[391,"720 - NARRAGANSETT                 ",720,"720 - 720 - NARRAGANSETT                 "]
[392,"725 - NASHOBA                      ",725,"725 - 725 - NASHOBA                      "]
[393,"728 - NEW SALEM WENDELL            ",728,"728 - 728 - NEW SALEM WENDELL            "]
[394,"730 - NORTHBORO SOUTHBORO          ",730,"730 - 730 - NORTHBORO SOUTHBORO          "]
[395,"735 - NORTH MIDDLESEX              ",735,"735 - 735 - NORTH MIDDLESEX              "]
[396,"740 - OLD ROCHESTER                ",740,"740 - 740 - OLD ROCHESTER                "]
[397,"745 - PENTUCKET                    ",745,"745 - 745 - PENTUCKET                    "]
[398,"750 - PIONEER                      ",750,"750 - 750 - PIONEER                      "]
[399,"753 - QUABBIN                      ",753,"753 - 753 - QUABBIN                      "]
[400,"755 - RALPH C MAHAR                ",755,"755 - 755 - RALPH C MAHAR                "]
[401,"760 - SILVER LAKE                  ",760,"760 - 760 - SILVER LAKE                  "]
[402,"763 - SOMERSET BERKLEY",763,"763 - 763 - SOMERSET BERKLEY"]
[403,"765 - SOUTHERN BERKSHIRE           ",765,"765 - 765 - SOUTHERN BERKSHIRE           "]
[404,"766 - SOUTHWICK TOLLAND GRANVILLE",766,"766 - 766 - SOUTHWICK TOLLAND GRANVILLE"]
[405,"767 - SPENCER EAST BROOKFIELD      ",767,"767 - 767 - SPENCER EAST BROOKFIELD      "]
[406,"770 - TANTASQUA                    ",770,"770 - 770 - TANTASQUA                    "]
[407,"773 - TRITON                       ",773,"773 - 773 - TRITON                       "]
[408,"774 - UPISLAND",774,"774 - 774 - UPISLAND"]
[409,"775 - WACHUSETT                    ",775,"775 - 775 - WACHUSETT                    "]
[410,"778 - QUABOAG",778,"778 - 778 - QUABOAG"]
[411,"780 - WHITMAN HANSON               ",780,"780 - 780 - WHITMAN HANSON               "]
[412,"801 - ASSABET VALLEY               ",801,"801 - 801 - ASSABET VALLEY               "]
[413,"805 - BLACKSTONE VALLEY            ",805,"805 - 805 - BLACKSTONE VALLEY            "]
[414,"806 - BLUE HILLS                   ",806,"806 - 806 - BLUE HILLS                   "]
[415,"810 - BRISTOL PLYMOUTH             ",810,"810 - 810 - BRISTOL PLYMOUTH             "]
[416,"815 - CAPE COD                     ",815,"815 - 815 - CAPE COD                     "]
[417,"817 - ESSEX NORTH SHORE",817,"817 - 817 - ESSEX NORTH SHORE"]
[418,"818 - FRANKLIN COUNTY",818,"818 - 818 - FRANKLIN COUNTY"]
[419,"821 - GREATER FALL RIVER           ",821,"821 - 821 - GREATER FALL RIVER           "]
[420,"823 - GREATER LAWRENCE             ",823,"823 - 823 - GREATER LAWRENCE             "]
[421,"825 - GREATER NEW BEDFORD          ",825,"825 - 825 - GREATER NEW BEDFORD          "]
[422,"828 - GREATER LOWELL               ",828,"828 - 828 - GREATER LOWELL               "]
[423,"829 - SOUTH MIDDLESEX              ",829,"829 - 829 - SOUTH MIDDLESEX              "]
[424,"830 - MINUTEMAN                    ",830,"830 - 830 - MINUTEMAN                    "]
[425,"832 - MONTACHUSETT                 ",832,"832 - 832 - MONTACHUSETT                 "]
[426,"851 - NORTHERN BERKSHIRE           ",851,"851 - 851 - NORTHERN BERKSHIRE           "]
[427,"852 - NASHOBA VALLEY               ",852,"852 - 852 - NASHOBA VALLEY               "]
[428,"853 - NORTHEAST METROPOLITAN       ",853,"853 - 853 - NORTHEAST METROPOLITAN       "]
[429,"855 - OLD COLONY",855,"855 - 855 - OLD COLONY"]
[430,"860 - PATHFINDER",860,"860 - 860 - PATHFINDER"]
[431,"871 - SHAWSHEEN VALLEY",871,"871 - 871 - SHAWSHEEN VALLEY"]
[432,"872 - SOUTHEASTERN",872,"872 - 872 - SOUTHEASTERN"]
[433,"873 - SOUTH SHORE",873,"873 - 873 - SOUTH SHORE"]
[434,"876 - SOUTHERN WORCESTER",876,"876 - 876 - SOUTHERN WORCESTER"]
[435,"878 - TRI COUNTY",878,"878 - 878 - TRI COUNTY"]
[436,"879 - UPPER CAPE COD",879,"879 - 879 - UPPER CAPE COD"]
[437,"885 - WHITTIER",885,"885 - 885 - WHITTIER"]
[438,"910 - BRISTOL COUNTY",910,"910 - 910 - BRISTOL COUNTY"]
[439,"915 - NORFOLK COUNTY",915,"915 - 915 - NORFOLK COUNTY"]